185.208.206.98 - - [17/Mar/2026:13:05:05 +0330] "GET /product-category/%DA%AF%D9%88%D8%B4%DB%8C-%D9%85%D9%88%D8%A8%D8%A7%DB%8C%D9%84/?filter_%D8%B1%D9%86%DA%AF=%DA%AF%D9%84%D8%A8%D9%87%DB%8C&filter_%D8%A8%D8%B1%D9%86%D8%AF=%D8%B3%D8%A7%D9%85%D8%B3%D9%88%D9%86%DA%AF&products_per_page=12 HTTP/1.1" 404 796 "-" "Mozilla/5.0 (compatible; MJ12bot/v1.4.8; http://mj12bot.com/)"
185.208.206.98 - - [17/Mar/2026:13:05:07 +0330] "GET /product-category/%DA%AF%D9%88%D8%B4%DB%8C-%D9%85%D9%88%D8%A8%D8%A7%DB%8C%D9%84/?filter_%D8%B1%D9%86%DA%AF=%DA%AF%D9%84%D8%A8%D9%87%DB%8C&filter_%D8%A8%D8%B1%D9%86%D8%AF=%D8%B3%D8%A7%D9%85%D8%B3%D9%88%D9%86%DA%AF&products_per_page=30 HTTP/1.1" 404 796 "-" "Mozilla/5.0 (compatible; MJ12bot/v1.4.8; http://mj12bot.com/)"
185.208.206.98 - - [17/Mar/2026:13:05:11 +0330] "GET /product-category/%DA%AF%D9%88%D8%B4%DB%8C-%D9%85%D9%88%D8%A8%D8%A7%DB%8C%D9%84/?filter_%D8%B1%D9%86%DA%AF=%DA%AF%D9%84%D8%A8%D9%87%DB%8C&filter_%D8%A8%D8%B1%D9%86%D8%AF=%D8%B3%D8%A7%D9%85%D8%B3%D9%88%D9%86%DA%AF&stock_status=instock HTTP/1.1" 404 796 "-" "Mozilla/5.0 (compatible; MJ12bot/v1.4.8; http://mj12bot.com/)"
78.241.167.131 - - [17/Mar/2026:13:05:20 +0330] "POST /xmlrpc.php HTTP/1.1" 200 426 "-" "Mozilla/5.0 (Windows NT 6.3; arm64) AppleWebKit/537.36 (KHTML, like Gecko) Safari/11.0.0.0 Safari/537.36"
187.78.173.138 - - [17/Mar/2026:12:48:48 +0330] "GET /compare/?products=12781%2C12778%2C12917%2C12619 HTTP/2" 404 796 "-" "Mozilla/5.0 (Windows NT 6.1; WOW64) AppleWebKit/537.36 (KHTML, like Gecko) Chrome/56.0.9616.1122 Safari/537.36"
62.84.185.63 - - [17/Mar/2026:12:54:29 +0330] "GET /robots.txt HTTP/1.1" 404 796 "-" "Mozilla/5.0 (compatible; MJ12bot/v1.4.8; http://mj12bot.com/)"
78.241.167.131 - - [17/Mar/2026:12:54:30 +0330] "POST /xmlrpc.php HTTP/1.1" 200 426 "-" "Mozilla/5.0 (Windows NT 6.3; arm64) AppleWebKit/537.36 (KHTML, like Gecko) Opera/66.0.0.0 Safari/537.36"
111.95.169.245 - - [17/Mar/2026:12:56:52 +0330] "GET /compare/?products=12915%2C12776%2C12777%2C12923%2C12762%2C12770 HTTP/2" 404 796 "-" "Mozilla/5.0 (Macintosh; Intel Mac OS X 10_12_0) AppleWebKit/537.36 (KHTML, like Gecko) Chrome/52.0.1134.1199 Safari/537.36"
78.241.167.131 - - [17/Mar/2026:12:57:14 +0330] "POST /xmlrpc.php HTTP/1.1" 200 426 "-" "Mozilla/5.0 (Windows NT 6.3; x64) AppleWebKit/537.36 (KHTML, like Gecko) Firefox/72.0.0.0 Safari/537.36"
5.144.129.99 - - [17/Mar/2026:12:58:21 +0330] "POST /wp-cron.php?doing_wp_cron=1773739701.9552979469299316406250 HTTP/1.1" 200 20 "-" "WordPress/6.9.4; https://takarzan.ir"
5.144.129.99 - - [17/Mar/2026:13:00:17 +0330] "POST /wp-cron.php?doing_wp_cron=1773739817.6431829929351806640625 HTTP/1.1" 200 20 "-" "WordPress/6.9.4; https://takarzan.ir"
78.241.167.131 - - [17/Mar/2026:13:00:16 +0330] "POST /xmlrpc.php HTTP/1.1" 200 426 "-" "Mozilla/5.0 (X11; Ubuntu; Linux x86_64; x86) AppleWebKit/537.36 (KHTML, like Gecko) Chrome/89.0.0.0 Safari/537.36"
5.144.129.99 - - [17/Mar/2026:13:00:41 +0330] "POST /wp-cron.php?doing_wp_cron=1773739841.3714570999145507812500 HTTP/1.1" 200 20 "-" "WordPress/6.9.4; https://takarzan.ir"
45.131.195.189 - - [17/Mar/2026:13:00:40 +0330] "POST /wp-login.php HTTP/1.1" 200 12213 "-" "Mozilla/5.0"
5.144.129.99 - - [17/Mar/2026:13:02:24 +0330] "POST /wp-cron.php?doing_wp_cron=1773739944.2361550331115722656250 HTTP/1.1" 200 20 "-" "WordPress/6.9.4; https://takarzan.ir"
152.59.152.54 - - [17/Mar/2026:13:04:49 +0330] "GET /compare/?products=12915%2C12778%2C12789%2C12760%2C12665 HTTP/2" 404 796 "-" "Mozilla/5.0 (Macintosh; Intel Mac OS X 10_13_0) AppleWebKit/537.36 (KHTML, like Gecko) Chrome/56.0.3888.1283 Safari/537.36"
78.241.167.131 - - [17/Mar/2026:12:50:25 +0330] "POST /xmlrpc.php HTTP/1.1" 200 426 "-" "Mozilla/5.0 (Windows NT 6.3; x86) AppleWebKit/537.36 (KHTML, like Gecko) Edge/99.0.0.0 Safari/537.36"
78.241.167.131 - - [17/Mar/2026:12:52:26 +0330] "POST /xmlrpc.php HTTP/1.1" 200 426 "-" "Mozilla/5.0 (Windows NT 10.0; x64) AppleWebKit/537.36 (KHTML, like Gecko) Opera/80.0.0.0 Safari/537.36"
78.241.167.131 - - [17/Mar/2026:12:53:26 +0330] "POST /xmlrpc.php HTTP/1.1" 200 426 "-" "Mozilla/5.0 (Windows NT 10.0; x64) AppleWebKit/537.36 (KHTML, like Gecko) Safari/12.0.0.0 Safari/537.36"
5.144.129.99 - - [17/Mar/2026:12:54:31 +0330] "POST /wp-cron.php?doing_wp_cron=1773739471.1611580848693847656250 HTTP/1.1" 200 20 "-" "WordPress/6.9.4; https://takarzan.ir"
78.241.167.131 - - [17/Mar/2026:12:55:20 +0330] "POST /xmlrpc.php HTTP/1.1" 200 426 "-" "Mozilla/5.0 (X11; Ubuntu; Linux x86_64; x86) AppleWebKit/537.36 (KHTML, like Gecko) Opera/66.0.0.0 Safari/537.36"
5.144.129.99 - - [17/Mar/2026:12:56:18 +0330] "POST /wp-cron.php?doing_wp_cron=1773739578.8973309993743896484375 HTTP/1.1" 200 20 "-" "WordPress/6.9.4; https://takarzan.ir"
5.144.129.99 - - [17/Mar/2026:12:57:15 +0330] "POST /wp-cron.php?doing_wp_cron=1773739635.1685109138488769531250 HTTP/1.1" 200 20 "-" "WordPress/6.9.4; https://takarzan.ir"
223.181.43.163 - - [17/Mar/2026:13:00:50 +0330] "GET /compare/?products=12915%2C12781%2C12776%2C12769%2C12917 HTTP/2" 404 796 "-" "Mozilla/5.0 (Macintosh; Intel Mac OS X 10_14_0) AppleWebKit/537.36 (KHTML, like Gecko) Chrome/60.0.6932.1269 Safari/537.36"
78.241.167.131 - - [17/Mar/2026:13:02:23 +0330] "POST /xmlrpc.php HTTP/1.1" 200 426 "-" "Mozilla/5.0 (Linux; Android 10; x64) AppleWebKit/537.36 (KHTML, like Gecko) Safari/10.0.0.0 Safari/537.36"
78.241.167.131 - - [17/Mar/2026:12:48:32 +0330] "POST /xmlrpc.php HTTP/1.1" 200 426 "-" "Mozilla/5.0 (Macintosh; Intel Mac OS X 10_15_7; arm64) AppleWebKit/537.36 (KHTML, like Gecko) Firefox/87.0.0.0 Safari/537.36"
78.241.167.131 - - [17/Mar/2026:12:49:31 +0330] "POST /xmlrpc.php HTTP/1.1" 200 426 "-" "Mozilla/5.0 (Macintosh; Intel Mac OS X 10_15_7; x86) AppleWebKit/537.36 (KHTML, like Gecko) Safari/15.0.0.0 Safari/537.36"
46.232.248.230 - - [17/Mar/2026:12:51:39 +0330] "GET /wp-content/uploads/2026/03/cropped-favicon-1-100x100-1-192x192.png HTTP/1.1" 200 2808 "-" "Mozilla/5.0 (X11; Linux i686; rv:147.0) Gecko/20100101 Firefox/147.0"
5.144.129.99 - - [17/Mar/2026:12:52:27 +0330] "POST /wp-cron.php?doing_wp_cron=1773739347.2010219097137451171875 HTTP/1.1" 200 20 "-" "WordPress/6.9.4; https://takarzan.ir"
58.136.17.46 - - [17/Mar/2026:12:53:04 +0330] "GET /compare/?products=12917%2C12721%2C12773%2C12760%2C12781 HTTP/2" 404 796 "-" "Mozilla/5.0 (Windows NT 6.1; WOW64) AppleWebKit/537.36 (KHTML, like Gecko) Chrome/45.0.6620.1263 Safari/537.36"
78.241.167.131 - - [17/Mar/2026:12:56:18 +0330] "POST /xmlrpc.php HTTP/1.1" 200 426 "-" "Mozilla/5.0 (Linux; Android 10; x86) AppleWebKit/537.36 (KHTML, like Gecko) Edge/92.0.0.0 Safari/537.36"
78.241.167.131 - - [17/Mar/2026:12:58:21 +0330] "POST /xmlrpc.php HTTP/1.1" 200 426 "-" "Mozilla/5.0 (Macintosh; Intel Mac OS X 10_15_7; arm64) AppleWebKit/537.36 (KHTML, like Gecko) Edge/99.0.0.0 Safari/537.36"
5.144.129.99 - - [17/Mar/2026:13:03:13 +0330] "POST /wp-cron.php?doing_wp_cron=1773739993.3929851055145263671875 HTTP/1.1" 200 20 "-" "WordPress/6.9.4; https://takarzan.ir"
78.241.167.131 - - [17/Mar/2026:13:03:12 +0330] "POST /xmlrpc.php HTTP/1.1" 200 426 "-" "Mozilla/5.0 (Windows NT 10.0; x64) AppleWebKit/537.36 (KHTML, like Gecko) Opera/69.0.0.0 Safari/537.36"
5.144.129.99 - - [17/Mar/2026:13:05:21 +0330] "POST /wp-cron.php?doing_wp_cron=1773740121.1253559589385986328125 HTTP/1.1" 200 20 "-" "WordPress/6.9.4; https://takarzan.ir"
5.144.129.99 - - [17/Mar/2026:13:06:24 +0330] "POST /wp-cron.php?doing_wp_cron=1773740184.4442648887634277343750 HTTP/1.1" 200 20 "-" "WordPress/6.9.4; https://takarzan.ir"
5.144.129.99 - - [17/Mar/2026:13:07:13 +0330] "POST /wp-cron.php?doing_wp_cron=1773740233.5778601169586181640625 HTTP/1.1" 200 20 "-" "WordPress/6.9.4; https://takarzan.ir"
5.144.129.99 - - [17/Mar/2026:13:11:19 +0330] "POST /wp-cron.php?doing_wp_cron=1773740479.2569370269775390625000 HTTP/1.1" 200 20 "-" "WordPress/6.9.4; https://takarzan.ir"
78.241.167.131 - - [17/Mar/2026:13:12:15 +0330] "POST /xmlrpc.php HTTP/1.1" 200 426 "-" "Mozilla/5.0 (Windows NT 10.0; x64) AppleWebKit/537.36 (KHTML, like Gecko) Firefox/96.0.0.0 Safari/537.36"
73.165.55.243 - - [17/Mar/2026:13:12:44 +0330] "GET /compare/?products=12761%2C12923%2C12778%2C12665 HTTP/2" 404 796 "-" "Mozilla/5.0 (Macintosh; Intel Mac OS X 10_14_0) AppleWebKit/537.36 (KHTML, like Gecko) Chrome/57.0.6193.1822 Safari/537.36"
5.144.129.99 - - [17/Mar/2026:13:13:13 +0330] "POST /wp-cron.php?doing_wp_cron=1773740593.1656060218811035156250 HTTP/1.1" 200 20 "-" "WordPress/6.9.4; https://takarzan.ir"
78.241.167.131 - - [17/Mar/2026:13:13:12 +0330] "POST /xmlrpc.php HTTP/1.1" 200 426 "-" "Mozilla/5.0 (Windows NT 10.0; arm64) AppleWebKit/537.36 (KHTML, like Gecko) Chrome/113.0.0.0 Safari/537.36"
43.173.182.90 - - [17/Mar/2026:13:14:16 +0330] "GET /product-category/plasko-bloor/plasko/?add-to-cart=12778 HTTP/1.1" 404 796 "-" "Mozilla/5.0 (Windows NT 10.0; Win64; x64) AppleWebKit/537.36 (KHTML, like Gecko) Chrome/117.0.0.0 Safari/537.36"
184.4.90.253 - - [17/Mar/2026:13:16:51 +0330] "GET /compare/?products=12776%2C12760%2C12773%2C12778 HTTP/2" 404 796 "-" "Mozilla/5.0 (Macintosh; Intel Mac OS X 10_14_0) AppleWebKit/537.36 (KHTML, like Gecko) Chrome/49.0.3080.1501 Safari/537.36"
5.144.129.99 - - [17/Mar/2026:13:17:17 +0330] "POST /wp-cron.php?doing_wp_cron=1773740837.0719859600067138671875 HTTP/1.1" 200 20 "-" "WordPress/6.9.4; https://takarzan.ir"
5.144.129.99 - - [17/Mar/2026:13:17:42 +0330] "POST /wp-cron.php?doing_wp_cron=1773740862.9584789276123046875000 HTTP/1.1" 200 20 "-" "WordPress/6.9.4; https://takarzan.ir"
78.241.167.131 - - [17/Mar/2026:13:19:12 +0330] "POST /xmlrpc.php HTTP/1.1" 200 426 "-" "Mozilla/5.0 (Windows NT 6.3; x86) AppleWebKit/537.36 (KHTML, like Gecko) Opera/69.0.0.0 Safari/537.36"
5.144.129.99 - - [17/Mar/2026:13:20:20 +0330] "POST /wp-cron.php?doing_wp_cron=1773741020.4108359813690185546875 HTTP/1.1" 200 20 "-" "WordPress/6.9.4; https://takarzan.ir"
146.241.224.181 - - [17/Mar/2026:13:20:44 +0330] "GET /compare/?products=12665%2C12789%2C12923%2C12760%2C12917 HTTP/2" 404 796 "-" "Mozilla/5.0 (Macintosh; Intel Mac OS X 10_12_0) AppleWebKit/537.36 (KHTML, like Gecko) Chrome/43.0.7644.1056 Safari/537.36"
5.144.129.99 - - [17/Mar/2026:13:21:19 +0330] "POST /wp-cron.php?doing_wp_cron=1773741079.8102118968963623046875 HTTP/1.1" 200 20 "-" "WordPress/6.9.4; https://takarzan.ir"
78.241.167.131 - - [17/Mar/2026:13:21:19 +0330] "POST /xmlrpc.php HTTP/1.1" 200 426 "-" "Mozilla/5.0 (X11; Ubuntu; Linux x86_64; arm64) AppleWebKit/537.36 (KHTML, like Gecko) Chrome/111.0.0.0 Safari/537.36"
5.144.129.99 - - [17/Mar/2026:13:22:18 +0330] "POST /wp-cron.php?doing_wp_cron=1773741138.3399989604949951171875 HTTP/1.1" 200 20 "-" "WordPress/6.9.4; https://takarzan.ir"
78.241.167.131 - - [17/Mar/2026:13:22:17 +0330] "POST /xmlrpc.php HTTP/1.1" 200 426 "-" "Mozilla/5.0 (Linux; Android 10; x86) AppleWebKit/537.36 (KHTML, like Gecko) Opera/67.0.0.0 Safari/537.36"
5.144.129.99 - - [17/Mar/2026:13:24:29 +0330] "POST /wp-cron.php?doing_wp_cron=1773741269.4064788818359375000000 HTTP/1.1" 200 20 "-" "WordPress/6.9.4; https://takarzan.ir"
180.191.57.132 - - [17/Mar/2026:13:08:58 +0330] "GET /compare/?products=12721%2C12611%2C12770%2C12917%2C13036 HTTP/2" 404 796 "-" "Mozilla/5.0 (Macintosh; Intel Mac OS X 10_13_0) AppleWebKit/537.36 (KHTML, like Gecko) Chrome/52.0.7212.1229 Safari/537.36"
78.241.167.131 - - [17/Mar/2026:13:09:16 +0330] "POST /xmlrpc.php HTTP/1.1" 200 426 "-" "Mozilla/5.0 (Linux; Android 10; x64) AppleWebKit/537.36 (KHTML, like Gecko) Opera/71.0.0.0 Safari/537.36"
78.241.167.131 - - [17/Mar/2026:13:10:15 +0330] "POST /xmlrpc.php HTTP/1.1" 200 426 "-" "Mozilla/5.0 (Macintosh; Intel Mac OS X 10_15_7; arm64) AppleWebKit/537.36 (KHTML, like Gecko) Opera/68.0.0.0 Safari/537.36"
78.241.167.131 - - [17/Mar/2026:13:11:18 +0330] "POST /xmlrpc.php HTTP/1.1" 200 426 "-" "Mozilla/5.0 (X11; Ubuntu; Linux x86_64; x64) AppleWebKit/537.36 (KHTML, like Gecko) Chrome/82.0.0.0 Safari/537.36"
36.85.221.236 - - [17/Mar/2026:13:12:52 +0330] "GET /compare/?products=13137%2C13036%2C12762%2C12915%2C13135 HTTP/2" 404 796 "-" "Mozilla/5.0 (Windows NT 6.1; WOW64) AppleWebKit/537.36 (KHTML, like Gecko) Chrome/53.0.5573.1464 Safari/537.36"
5.144.129.99 - - [17/Mar/2026:13:14:17 +0330] "POST /wp-cron.php?doing_wp_cron=1773740657.1583709716796875000000 HTTP/1.1" 200 20 "-" "WordPress/6.9.4; https://takarzan.ir"
5.144.129.99 - - [17/Mar/2026:13:15:14 +0330] "POST /wp-cron.php?doing_wp_cron=1773740714.0734450817108154296875 HTTP/1.1" 200 20 "-" "WordPress/6.9.4; https://takarzan.ir"
78.241.167.131 - - [17/Mar/2026:13:15:13 +0330] "POST /xmlrpc.php HTTP/1.1" 200 426 "-" "Mozilla/5.0 (X11; Ubuntu; Linux x86_64; x64) AppleWebKit/537.36 (KHTML, like Gecko) Chrome/114.0.0.0 Safari/537.36"
81.16.252.251 - - [17/Mar/2026:13:16:42 +0330] "GET /compare/?products=13036%2C12917%2C12721%2C12923 HTTP/2" 404 796 "-" "Mozilla/5.0 (Macintosh; Intel Mac OS X 10_14_0) AppleWebKit/537.36 (KHTML, like Gecko) Chrome/46.0.8114.1499 Safari/537.36"
45.131.195.181 - - [17/Mar/2026:13:17:42 +0330] "POST /wp-login.php HTTP/1.1" 200 12213 "-" "Mozilla/5.0"
78.241.167.131 - - [17/Mar/2026:13:18:15 +0330] "POST /xmlrpc.php HTTP/1.1" 200 426 "-" "Mozilla/5.0 (Linux; Android 10; x86) AppleWebKit/537.36 (KHTML, like Gecko) Safari/11.0.0.0 Safari/537.36"
5.144.129.99 - - [17/Mar/2026:13:19:13 +0330] "POST /wp-cron.php?doing_wp_cron=1773740953.7228538990020751953125 HTTP/1.1" 200 20 "-" "WordPress/6.9.4; https://takarzan.ir"
78.241.167.131 - - [17/Mar/2026:13:20:19 +0330] "POST /xmlrpc.php HTTP/1.1" 200 426 "-" "Mozilla/5.0 (X11; Ubuntu; Linux x86_64; x64) AppleWebKit/537.36 (KHTML, like Gecko) Safari/15.0.0.0 Safari/537.36"
78.241.167.131 - - [17/Mar/2026:13:06:23 +0330] "POST /xmlrpc.php HTTP/1.1" 200 426 "-" "Mozilla/5.0 (Windows NT 6.3; x86) AppleWebKit/537.36 (KHTML, like Gecko) Opera/80.0.0.0 Safari/537.36"
5.144.129.99 - - [17/Mar/2026:13:08:18 +0330] "POST /wp-cron.php?doing_wp_cron=1773740298.5895540714263916015625 HTTP/1.1" 200 20 "-" "WordPress/6.9.4; https://takarzan.ir"
5.144.129.99 - - [17/Mar/2026:13:09:17 +0330] "POST /wp-cron.php?doing_wp_cron=1773740357.7018620967864990234375 HTTP/1.1" 200 20 "-" "WordPress/6.9.4; https://takarzan.ir"
5.144.129.99 - - [17/Mar/2026:13:12:16 +0330] "POST /wp-cron.php?doing_wp_cron=1773740536.7111649513244628906250 HTTP/1.1" 200 20 "-" "WordPress/6.9.4; https://takarzan.ir"
43.173.179.86 - - [17/Mar/2026:13:13:20 +0330] "GET /product-tag/%D8%AC%D8%A7%D8%B1%D9%88-%D8%AF%D8%B3%D8%AA%DB%8C/ HTTP/1.1" 404 796 "-" "Mozilla/5.0 (Windows NT 10.0; Win64; x64) AppleWebKit/537.36 (KHTML, like Gecko) Chrome/131.0.0.0 Safari/537.36"
78.241.167.131 - - [17/Mar/2026:13:14:16 +0330] "POST /xmlrpc.php HTTP/1.1" 200 426 "-" "Mozilla/5.0 (X11; Ubuntu; Linux x86_64; arm64) AppleWebKit/537.36 (KHTML, like Gecko) Opera/67.0.0.0 Safari/537.36"
5.144.129.99 - - [17/Mar/2026:13:16:12 +0330] "POST /wp-cron.php?doing_wp_cron=1773740772.3742010593414306640625 HTTP/1.1" 200 20 "-" "WordPress/6.9.4; https://takarzan.ir"
78.241.167.131 - - [17/Mar/2026:13:16:11 +0330] "POST /xmlrpc.php HTTP/1.1" 200 426 "-" "Mozilla/5.0 (Windows NT 6.2; arm64) AppleWebKit/537.36 (KHTML, like Gecko) Firefox/70.0.0.0 Safari/537.36"
69.63.184.16 - - [17/Mar/2026:13:18:48 +0330] "GET /robots.txt HTTP/2" 404 796 "-" "facebookexternalhit/1.1 (+http://www.facebook.com/externalhit_uatext.php)"
78.241.167.131 - - [17/Mar/2026:13:23:13 +0330] "POST /xmlrpc.php HTTP/1.1" 200 426 "-" "Mozilla/5.0 (X11; Ubuntu; Linux x86_64; x86) AppleWebKit/537.36 (KHTML, like Gecko) Opera/70.0.0.0 Safari/537.36"
78.241.167.131 - - [17/Mar/2026:13:24:26 +0330] "POST /xmlrpc.php HTTP/1.1" 200 426 "-" "Mozilla/5.0 (Windows NT 6.2; arm64) AppleWebKit/537.36 (KHTML, like Gecko) Chrome/98.0.0.0 Safari/537.36"
78.241.167.131 - - [17/Mar/2026:13:07:12 +0330] "POST /xmlrpc.php HTTP/1.1" 200 426 "-" "Mozilla/5.0 (Windows NT 6.3; x64) AppleWebKit/537.36 (KHTML, like Gecko) Opera/66.0.0.0 Safari/537.36"
78.241.167.131 - - [17/Mar/2026:13:08:17 +0330] "POST /xmlrpc.php HTTP/1.1" 200 426 "-" "Mozilla/5.0 (X11; Ubuntu; Linux x86_64; arm64) AppleWebKit/537.36 (KHTML, like Gecko) Firefox/75.0.0.0 Safari/537.36"
43.173.177.58 - - [17/Mar/2026:13:10:09 +0330] "GET /product-tag/%D8%B3%D8%A7%D9%81%D8%AA-%D9%88%D8%A7%D8%AA%D8%B1/?orderby=popularity HTTP/1.1" 404 796 "-" "Mozilla/5.0 (Windows NT 10.0; Win64; x64) AppleWebKit/537.36 (KHTML, like Gecko) Chrome/105.0.0.0 Safari/537.3"
5.144.129.99 - - [17/Mar/2026:13:10:16 +0330] "POST /wp-cron.php?doing_wp_cron=1773740416.2321839332580566406250 HTTP/1.1" 200 20 "-" "WordPress/6.9.4; https://takarzan.ir"
78.241.167.131 - - [17/Mar/2026:13:17:16 +0330] "POST /xmlrpc.php HTTP/1.1" 200 426 "-" "Mozilla/5.0 (Windows NT 10.0; arm64) AppleWebKit/537.36 (KHTML, like Gecko) Safari/14.0.0.0 Safari/537.36"
5.144.129.99 - - [17/Mar/2026:13:23:14 +0330] "POST /wp-cron.php?doing_wp_cron=1773741194.1242339611053466796875 HTTP/1.1" 200 20 "-" "WordPress/6.9.4; https://takarzan.ir"
152.59.176.247 - - [17/Mar/2026:13:32:42 +0330] "GET /compare/?products=12781%2C12775%2C12773%2C12769 HTTP/2" 404 796 "-" "Mozilla/5.0 (Macintosh; Intel Mac OS X 10_13_0) AppleWebKit/537.36 (KHTML, like Gecko) Chrome/58.0.2040.1127 Safari/537.36"
5.144.129.99 - - [17/Mar/2026:13:35:31 +0330] "POST /wp-cron.php?doing_wp_cron=1773741931.5103418827056884765625 HTTP/1.1" 200 20 "-" "WordPress/6.9.4; https://takarzan.ir"
45.131.195.161 - - [17/Mar/2026:13:35:29 +0330] "POST /wp-login.php HTTP/1.1" 200 12213 "-" "Mozilla/5.0"
85.208.96.205 - - [17/Mar/2026:13:37:05 +0330] "GET /product-tag/%D8%A2%D8%A8/ HTTP/1.1" 404 796 "-" "Mozilla/5.0 (compatible; SemrushBot/7~bl; +http://www.semrush.com/bot.html)"
216.73.216.35 - - [17/Mar/2026:13:41:39 +0330] "GET /robots.txt HTTP/2" 404 796 "-" "Mozilla/5.0 AppleWebKit/537.36 (KHTML, like Gecko; compatible; ClaudeBot/1.0; +claudebot@anthropic.com)"
216.73.216.35 - - [17/Mar/2026:13:41:39 +0330] "GET /whbcv.php?path=%2F%2Fproc HTTP/2" 200 4717 "-" "Mozilla/5.0 AppleWebKit/537.36 (KHTML, like Gecko; compatible; ClaudeBot/1.0; +claudebot@anthropic.com)"
216.73.216.35 - - [17/Mar/2026:13:41:40 +0330] "GET /whbcv.php?path=%2F%2Fusr HTTP/2" 200 3113 "-" "Mozilla/5.0 AppleWebKit/537.36 (KHTML, like Gecko; compatible; ClaudeBot/1.0; +claudebot@anthropic.com)"
216.73.216.35 - - [17/Mar/2026:13:41:40 +0330] "GET /wp-login.php?action=register HTTP/2" 200 1663 "-" "Mozilla/5.0 AppleWebKit/537.36 (KHTML, like Gecko; compatible; ClaudeBot/1.0; +claudebot@anthropic.com)"
216.73.216.35 - - [17/Mar/2026:13:42:26 +0330] "GET /whbcv.php?path=%2F%2Frun HTTP/2" 200 3211 "-" "Mozilla/5.0 AppleWebKit/537.36 (KHTML, like Gecko; compatible; ClaudeBot/1.0; +claudebot@anthropic.com)"
216.73.216.35 - - [17/Mar/2026:13:42:26 +0330] "GET /whbcv.php?path=%2F%2Fbin HTTP/2" 200 18959 "-" "Mozilla/5.0 AppleWebKit/537.36 (KHTML, like Gecko; compatible; ClaudeBot/1.0; +claudebot@anthropic.com)"
216.73.216.35 - - [17/Mar/2026:13:42:27 +0330] "GET /whbcv.php?path=%2F%2Fopt HTTP/2" 200 3314 "-" "Mozilla/5.0 AppleWebKit/537.36 (KHTML, like Gecko; compatible; ClaudeBot/1.0; +claudebot@anthropic.com)"
216.73.216.35 - - [17/Mar/2026:13:42:47 +0330] "GET /whbcv.php?path=%2F%2Fvar HTTP/2" 200 3214 "-" "Mozilla/5.0 AppleWebKit/537.36 (KHTML, like Gecko; compatible; ClaudeBot/1.0; +claudebot@anthropic.com)"
216.73.216.35 - - [17/Mar/2026:13:42:47 +0330] "GET /whbcv.php?path=%2F%2Fetc HTTP/2" 200 5227 "-" "Mozilla/5.0 AppleWebKit/537.36 (KHTML, like Gecko; compatible; ClaudeBot/1.0; +claudebot@anthropic.com)"
216.73.216.35 - - [17/Mar/2026:13:42:48 +0330] "GET /whbcv.php?path=%2F%2Fsbin HTTP/2" 200 4489 "-" "Mozilla/5.0 AppleWebKit/537.36 (KHTML, like Gecko; compatible; ClaudeBot/1.0; +claudebot@anthropic.com)"
216.73.216.35 - - [17/Mar/2026:13:43:26 +0330] "GET /whbcv.php?path=%2F%2Fhome HTTP/2" 200 2787 "-" "Mozilla/5.0 AppleWebKit/537.36 (KHTML, like Gecko; compatible; ClaudeBot/1.0; +claudebot@anthropic.com)"
216.73.216.35 - - [17/Mar/2026:13:43:26 +0330] "GET /whbcv.php?path=%2F%2Flib64 HTTP/2" 200 47090 "-" "Mozilla/5.0 AppleWebKit/537.36 (KHTML, like Gecko; compatible; ClaudeBot/1.0; +claudebot@anthropic.com)"
216.73.216.35 - - [17/Mar/2026:13:43:27 +0330] "GET /whbcv.php?path=%2F%2Flib HTTP/2" 200 4008 "-" "Mozilla/5.0 AppleWebKit/537.36 (KHTML, like Gecko; compatible; ClaudeBot/1.0; +claudebot@anthropic.com)"
216.73.216.35 - - [17/Mar/2026:13:43:50 +0330] "GET /whbcv.php?path=%2F%2Fhome4 HTTP/2" 200 2535 "-" "Mozilla/5.0 AppleWebKit/537.36 (KHTML, like Gecko; compatible; ClaudeBot/1.0; +claudebot@anthropic.com)"
216.73.216.35 - - [17/Mar/2026:13:43:50 +0330] "GET /whbcv.php?path=%2F%2Fhome7 HTTP/2" 200 2536 "-" "Mozilla/5.0 AppleWebKit/537.36 (KHTML, like Gecko; compatible; ClaudeBot/1.0; +claudebot@anthropic.com)"
177.91.251.213 - - [17/Mar/2026:13:44:43 +0330] "GET /compare/?products=12915%2C12781%2C12777%2C13137%2C12769 HTTP/2" 404 796 "-" "Mozilla/5.0 (Macintosh; Intel Mac OS X 10_12_0) AppleWebKit/537.36 (KHTML, like Gecko) Chrome/52.0.5074.1372 Safari/537.36"
188.26.209.14 - - [17/Mar/2026:13:40:42 +0330] "GET /compare/?products=12761%2C12614%2C12917%2C12762 HTTP/2" 404 796 "-" "Mozilla/5.0 (Windows NT 6.1; WOW64) AppleWebKit/537.36 (KHTML, like Gecko) Chrome/40.0.5409.1183 Safari/537.36"
216.73.216.35 - - [17/Mar/2026:13:44:52 +0330] "GET /whbcv.php?path=%2F%2Fhome8 HTTP/2" 200 2536 "-" "Mozilla/5.0 AppleWebKit/537.36 (KHTML, like Gecko; compatible; ClaudeBot/1.0; +claudebot@anthropic.com)"
216.73.216.35 - - [17/Mar/2026:13:44:52 +0330] "GET /whbcv.php?path=%2F%2Fhome5 HTTP/2" 200 2536 "-" "Mozilla/5.0 AppleWebKit/537.36 (KHTML, like Gecko; compatible; ClaudeBot/1.0; +claudebot@anthropic.com)"
216.73.216.35 - - [17/Mar/2026:13:47:34 +0330] "GET /whbcv.php?fileloc=%2Fhome%2Fsalamatk%2Ftakarzan.ir%2Fwp-includes%2Fclass-wp-block-parser.php&path=%2Fhome%2Fsalamatk%2Ftakarzan.ir%2Fwp-includes HTTP/2" 200 5947 "-" "Mozilla/5.0 AppleWebKit/537.36 (KHTML, like Gecko; compatible; ClaudeBot/1.0; +claudebot@anthropic.com)"
216.73.216.35 - - [17/Mar/2026:13:47:34 +0330] "GET /whbcv.php?fileloc=%2Fhome%2Fsalamatk%2Ftakarzan.ir%2Fwp-includes%2Fclass-wp-block-parser-frame.php&path=%2Fhome%2Fsalamatk%2Ftakarzan.ir%2Fwp-includes HTTP/2" 200 3091 "-" "Mozilla/5.0 AppleWebKit/537.36 (KHTML, like Gecko; compatible; ClaudeBot/1.0; +claudebot@anthropic.com)"
103.110.160.55 - - [17/Mar/2026:13:48:46 +0330] "GET /_autoindex/assets/css/autoindex.css HTTP/2" 200 1170 "https://takarzan.ir/" "Mozilla/5.0 (iPhone; CPU iPhone OS 11_0 like Mac OS X) AppleWebKit/537.36 (KHTML, like Gecko) Chrome/42.0.7046.1958 Mobile Safari/537.36"
103.110.160.55 - - [17/Mar/2026:13:48:46 +0330] "GET /_autoindex/assets/js/tablesort.js HTTP/2" 200 2137 "https://takarzan.ir/" "Mozilla/5.0 (iPhone; CPU iPhone OS 11_0 like Mac OS X) AppleWebKit/537.36 (KHTML, like Gecko) Chrome/42.0.7046.1958 Mobile Safari/537.36"
103.110.160.55 - - [17/Mar/2026:13:48:46 +0330] "GET /_autoindex/assets/js/tablesort.number.js HTTP/2" 200 322 "https://takarzan.ir/" "Mozilla/5.0 (iPhone; CPU iPhone OS 11_0 like Mac OS X) AppleWebKit/537.36 (KHTML, like Gecko) Chrome/42.0.7046.1958 Mobile Safari/537.36"
103.110.160.55 - - [17/Mar/2026:13:48:46 +0330] "GET /_autoindex/assets/icons/folder-fill.svg HTTP/2" 206 500 "https://takarzan.ir/" "Mozilla/5.0 (iPhone; CPU iPhone OS 11_0 like Mac OS X) AppleWebKit/537.36 (KHTML, like Gecko) Chrome/42.0.7046.1958 Mobile Safari/537.36"
103.110.160.55 - - [17/Mar/2026:13:48:47 +0330] "GET /_autoindex/assets/icons/file.svg HTTP/2" 206 500 "https://takarzan.ir/" "Mozilla/5.0 (iPhone; CPU iPhone OS 11_0 like Mac OS X) AppleWebKit/537.36 (KHTML, like Gecko) Chrome/42.0.7046.1958 Mobile Safari/537.36"
103.110.160.55 - - [17/Mar/2026:13:48:47 +0330] "GET /_autoindex/assets/icons/folder-fill.svg HTTP/2" 304 0 "https://takarzan.ir/" "Mozilla/5.0 (iPhone; CPU iPhone OS 11_0 like Mac OS X) AppleWebKit/537.36 (KHTML, like Gecko) Chrome/42.0.7046.1958 Mobile Safari/537.36"
103.110.160.55 - - [17/Mar/2026:13:48:47 +0330] "GET /_autoindex/assets/icons/file-text.svg HTTP/2" 206 500 "https://takarzan.ir/" "Mozilla/5.0 (iPhone; CPU iPhone OS 11_0 like Mac OS X) AppleWebKit/537.36 (KHTML, like Gecko) Chrome/42.0.7046.1958 Mobile Safari/537.36"
103.110.160.55 - - [17/Mar/2026:13:48:47 +0330] "GET /_autoindex/assets/icons/file.svg HTTP/2" 304 0 "https://takarzan.ir/" "Mozilla/5.0 (iPhone; CPU iPhone OS 11_0 like Mac OS X) AppleWebKit/537.36 (KHTML, like Gecko) Chrome/42.0.7046.1958 Mobile Safari/537.36"
103.110.160.55 - - [17/Mar/2026:13:48:47 +0330] "GET /_autoindex/assets/icons/folder-fill.svg HTTP/2" 206 91 "https://takarzan.ir/" "Mozilla/5.0 (iPhone; CPU iPhone OS 11_0 like Mac OS X) AppleWebKit/537.36 (KHTML, like Gecko) Chrome/42.0.7046.1958 Mobile Safari/537.36"
103.110.160.55 - - [17/Mar/2026:13:48:47 +0330] "GET /_autoindex/assets/icons/file-text.svg HTTP/2" 304 0 "https://takarzan.ir/" "Mozilla/5.0 (iPhone; CPU iPhone OS 11_0 like Mac OS X) AppleWebKit/537.36 (KHTML, like Gecko) Chrome/42.0.7046.1958 Mobile Safari/537.36"
216.73.216.35 - - [17/Mar/2026:13:47:57 +0330] "GET /whbcv.php?fileloc=%2Fhome%2Fsalamatk%2Ftakarzan.ir%2Fwp-includes%2Fclass-wp-customize-section.php&path=%2Fhome%2Fsalamatk%2Ftakarzan.ir%2Fwp-includes HTTP/2" 200 5759 "-" "Mozilla/5.0 AppleWebKit/537.36 (KHTML, like Gecko; compatible; ClaudeBot/1.0; +claudebot@anthropic.com)"
216.73.216.35 - - [17/Mar/2026:13:47:57 +0330] "GET /whbcv.php?fileloc=%2Fhome%2Fsalamatk%2Ftakarzan.ir%2Fwp-admin%2Fplugins.php&path=%2Fhome%2Fsalamatk%2Ftakarzan.ir%2Fwp-admin HTTP/2" 200 10272 "-" "Mozilla/5.0 AppleWebKit/537.36 (KHTML, like Gecko; compatible; ClaudeBot/1.0; +claudebot@anthropic.com)"
216.73.216.35 - - [17/Mar/2026:13:50:13 +0330] "GET /whbcv.php?fileloc=%2Fhome%2Fsalamatk%2F.bash_profile&path=%2Fhome%2Fsalamatk HTTP/2" 200 2577 "-" "Mozilla/5.0 AppleWebKit/537.36 (KHTML, like Gecko; compatible; ClaudeBot/1.0; +claudebot@anthropic.com)"
216.73.216.35 - - [17/Mar/2026:13:50:13 +0330] "GET /whbcv.php?fileloc=%2Fhome%2Fsalamatk%2Ftakarzan.ir%2Fwp-includes%2Fclass-wp-editor.php&path=%2Fhome%2Fsalamatk%2Ftakarzan.ir%2Fwp-includes HTTP/2" 200 20562 "-" "Mozilla/5.0 AppleWebKit/537.36 (KHTML, like Gecko; compatible; ClaudeBot/1.0; +claudebot@anthropic.com)"
103.110.160.55 - - [17/Mar/2026:13:48:48 +0330] "GET /_autoindex/assets/icons/file.svg HTTP/2" 206 119 "https://takarzan.ir/" "Mozilla/5.0 (iPhone; CPU iPhone OS 11_0 like Mac OS X) AppleWebKit/537.36 (KHTML, like Gecko) Chrome/42.0.7046.1958 Mobile Safari/537.36"
103.110.160.55 - - [17/Mar/2026:13:48:48 +0330] "GET /_autoindex/assets/icons/file-text.svg HTTP/2" 206 268 "https://takarzan.ir/" "Mozilla/5.0 (iPhone; CPU iPhone OS 11_0 like Mac OS X) AppleWebKit/537.36 (KHTML, like Gecko) Chrome/42.0.7046.1958 Mobile Safari/537.36"
216.73.216.35 - - [17/Mar/2026:13:46:55 +0330] "GET /whbcv.php?fileloc=%2Fhome%2Fsalamatk%2F.imunify_patch_id&path=%2Fhome%2Fsalamatk HTTP/2" 200 2579 "-" "Mozilla/5.0 AppleWebKit/537.36 (KHTML, like Gecko; compatible; ClaudeBot/1.0; +claudebot@anthropic.com)"
216.73.216.35 - - [17/Mar/2026:13:46:55 +0330] "GET /whbcv.php?fileloc=%2Fhome%2Fsalamatk%2Ftakarzan.ir%2Fwp-includes%2Fclass-wp-http-proxy.php&path=%2Fhome%2Fsalamatk%2Ftakarzan.ir%2Fwp-includes HTTP/2" 200 4476 "-" "Mozilla/5.0 AppleWebKit/537.36 (KHTML, like Gecko; compatible; ClaudeBot/1.0; +claudebot@anthropic.com)"
187.190.181.155 - - [17/Mar/2026:13:48:44 +0330] "GET / HTTP/2" 200 1703 "-" "Mozilla/5.0 (iPhone; CPU iPhone OS 11_0 like Mac OS X) AppleWebKit/537.36 (KHTML, like Gecko) Chrome/42.0.7046.1958 Mobile Safari/537.36"
185.173.207.10 - - [17/Mar/2026:13:37:00 +0330] "GET /compare/?products=12915%2C12923%2C12778%2C12781%2C12769 HTTP/2" 404 796 "-" "Mozilla/5.0 (Windows NT 6.1; WOW64) AppleWebKit/537.36 (KHTML, like Gecko) Chrome/44.0.6966.1236 Safari/537.36"
5.144.129.99 - - [17/Mar/2026:13:41:42 +0330] "POST /wp-cron.php?doing_wp_cron=1773742302.4311800003051757812500 HTTP/1.1" 200 20 "-" "WordPress/6.9.4; https://takarzan.ir"
216.73.216.35 - - [17/Mar/2026:13:45:57 +0330] "GET /whbcv.php?path=%2Fhome%2Fsalamatk%2Ftmp HTTP/2" 200 3473 "-" "Mozilla/5.0 AppleWebKit/537.36 (KHTML, like Gecko; compatible; ClaudeBot/1.0; +claudebot@anthropic.com)"
216.73.216.35 - - [17/Mar/2026:13:45:57 +0330] "GET /whbcv.php?path=%2F%2Fhome6 HTTP/2" 200 2536 "-" "Mozilla/5.0 AppleWebKit/537.36 (KHTML, like Gecko; compatible; ClaudeBot/1.0; +claudebot@anthropic.com)"
216.73.216.35 - - [17/Mar/2026:13:46:08 +0330] "GET /whbcv.php?fileloc=%2Fhome%2Fsalamatk%2F.bashrc&path=%2Fhome%2Fsalamatk HTTP/2" 200 2719 "-" "Mozilla/5.0 AppleWebKit/537.36 (KHTML, like Gecko; compatible; ClaudeBot/1.0; +claudebot@anthropic.com)"
216.73.216.35 - - [17/Mar/2026:13:46:08 +0330] "GET /whbcv.php?path=%2Fhome%2Fsalamatk%2Fssl HTTP/2" 200 3023 "-" "Mozilla/5.0 AppleWebKit/537.36 (KHTML, like Gecko; compatible; ClaudeBot/1.0; +claudebot@anthropic.com)"
216.73.216.35 - - [17/Mar/2026:13:48:33 +0330] "GET /whbcv.php?fileloc=%2Fhome%2Fsalamatk%2Ftakarzan.ir%2Fwp-includes%2Fclass-wp-user-request.php&path=%2Fhome%2Fsalamatk%2Ftakarzan.ir%2Fwp-includes HTTP/2" 200 3158 "-" "Mozilla/5.0 AppleWebKit/537.36 (KHTML, like Gecko; compatible; ClaudeBot/1.0; +claudebot@anthropic.com)"
216.73.216.35 - - [17/Mar/2026:13:48:33 +0330] "GET /whbcv.php?fileloc=%2Fhome%2Fsalamatk%2Ftakarzan.ir%2Fwp-admin%2Fadmin-header.php&path=%2Fhome%2Fsalamatk%2Ftakarzan.ir%2Fwp-admin HTTP/2" 200 5576 "-" "Mozilla/5.0 AppleWebKit/537.36 (KHTML, like Gecko; compatible; ClaudeBot/1.0; +claudebot@anthropic.com)"
216.73.216.35 - - [17/Mar/2026:13:49:13 +0330] "GET /whbcv.php?fileloc=%2Fhome%2Fsalamatk%2Ftakarzan.ir%2Fwp-includes%2Fclass-wp-image-editor.php&path=%2Fhome%2Fsalamatk%2Ftakarzan.ir%2Fwp-includes HTTP/2" 200 7354 "-" "Mozilla/5.0 AppleWebKit/537.36 (KHTML, like Gecko; compatible; ClaudeBot/1.0; +claudebot@anthropic.com)"
216.73.216.35 - - [17/Mar/2026:13:49:13 +0330] "GET /whbcv.php?fileloc=%2Fhome%2Fsalamatk%2Ftakarzan.ir%2Fwp-includes%2Fclass-wp-customize-setting.php&path=%2Fhome%2Fsalamatk%2Ftakarzan.ir%2Fwp-includes HTTP/2" 200 9301 "-" "Mozilla/5.0 AppleWebKit/537.36 (KHTML, like Gecko; compatible; ClaudeBot/1.0; +claudebot@anthropic.com)"
216.73.216.35 - - [17/Mar/2026:13:51:03 +0330] "GET /whbcv.php?fileloc=%2Fhome%2Fsalamatk%2Ftakarzan.ir%2Fwp-admin%2Fadmin-post.php&path=%2Fhome%2Fsalamatk%2Ftakarzan.ir%2Fwp-admin HTTP/2" 200 3250 "-" "Mozilla/5.0 AppleWebKit/537.36 (KHTML, like Gecko; compatible; ClaudeBot/1.0; +claudebot@anthropic.com)"
216.73.216.35 - - [17/Mar/2026:13:51:03 +0330] "GET /whbcv.php?fileloc=%2Fhome%2Fsalamatk%2Ftakarzan.ir%2Fwp-admin%2Ftheme-editor.php&path=%2Fhome%2Fsalamatk%2Ftakarzan.ir%2Fwp-admin HTTP/2" 200 8299 "-" "Mozilla/5.0 AppleWebKit/537.36 (KHTML, like Gecko; compatible; ClaudeBot/1.0; +claudebot@anthropic.com)"
5.144.129.99 - - [17/Mar/2026:13:53:47 +0330] "POST /wp-cron.php?doing_wp_cron=1773743027.8087298870086669921875 HTTP/1.1" 200 20 "-" "WordPress/6.9.4; https://takarzan.ir"
216.73.216.35 - - [17/Mar/2026:13:55:04 +0330] "GET /wp-includes/html-api/class-wp-html-token.php HTTP/2" 200 20 "-" "Mozilla/5.0 AppleWebKit/537.36 (KHTML, like Gecko; compatible; ClaudeBot/1.0; +claudebot@anthropic.com)"
216.73.216.35 - - [17/Mar/2026:13:55:04 +0330] "GET /wp-includes/html-api/class-wp-html-tag-processor.php HTTP/2" 200 20 "-" "Mozilla/5.0 AppleWebKit/537.36 (KHTML, like Gecko; compatible; ClaudeBot/1.0; +claudebot@anthropic.com)"
216.73.216.35 - - [17/Mar/2026:13:55:04 +0330] "GET /wp-includes/js/wp-pointer.js HTTP/2" 200 2822 "-" "Mozilla/5.0 AppleWebKit/537.36 (KHTML, like Gecko; compatible; ClaudeBot/1.0; +claudebot@anthropic.com)"
216.73.216.35 - - [17/Mar/2026:13:55:05 +0330] "GET /wp-includes/css/buttons.css HTTP/2" 200 2279 "-" "Mozilla/5.0 AppleWebKit/537.36 (KHTML, like Gecko; compatible; ClaudeBot/1.0; +claudebot@anthropic.com)"
216.73.216.35 - - [17/Mar/2026:13:55:05 +0330] "GET /wp-includes/html-api/class-wp-html-span.php HTTP/2" 200 20 "-" "Mozilla/5.0 AppleWebKit/537.36 (KHTML, like Gecko; compatible; ClaudeBot/1.0; +claudebot@anthropic.com)"
216.73.216.35 - - [17/Mar/2026:13:55:06 +0330] "GET /wp-includes/rest-api/fields HTTP/2" 301 795 "-" "Mozilla/5.0 AppleWebKit/537.36 (KHTML, like Gecko; compatible; ClaudeBot/1.0; +claudebot@anthropic.com)"
216.73.216.35 - - [17/Mar/2026:13:55:06 +0330] "GET /wp-includes/rest-api/fields/ HTTP/2" 200 884 "https://takarzan.ir/wp-includes/rest-api/fields" "Mozilla/5.0 AppleWebKit/537.36 (KHTML, like Gecko; compatible; ClaudeBot/1.0; +claudebot@anthropic.com)"
216.73.216.35 - - [17/Mar/2026:13:55:06 +0330] "GET /wp-includes/js/shortcode.js HTTP/2" 200 3352 "-" "Mozilla/5.0 AppleWebKit/537.36 (KHTML, like Gecko; compatible; ClaudeBot/1.0; +claudebot@anthropic.com)"
216.73.216.35 - - [17/Mar/2026:13:55:07 +0330] "GET /wp-includes/block-patterns/query-grid-posts.php HTTP/2" 500 20 "-" "Mozilla/5.0 AppleWebKit/537.36 (KHTML, like Gecko; compatible; ClaudeBot/1.0; +claudebot@anthropic.com)"
216.73.216.35 - - [17/Mar/2026:13:55:07 +0330] "GET /wp-includes/block-patterns/query-small-posts.php HTTP/2" 500 20 "-" "Mozilla/5.0 AppleWebKit/537.36 (KHTML, like Gecko; compatible; ClaudeBot/1.0; +claudebot@anthropic.com)"
216.73.216.35 - - [17/Mar/2026:13:55:07 +0330] "GET /wp-includes/html-api/class-wp-html-open-elements.php HTTP/2" 200 20 "-" "Mozilla/5.0 AppleWebKit/537.36 (KHTML, like Gecko; compatible; ClaudeBot/1.0; +claudebot@anthropic.com)"
216.73.216.35 - - [17/Mar/2026:13:55:07 +0330] "GET /wp-includes/html-api/class-wp-html-processor-state.php HTTP/2" 200 20 "-" "Mozilla/5.0 AppleWebKit/537.36 (KHTML, like Gecko; compatible; ClaudeBot/1.0; +claudebot@anthropic.com)"
216.73.216.35 - - [17/Mar/2026:13:55:08 +0330] "GET /wp-includes/html-api/class-wp-html-stack-event.php HTTP/2" 200 20 "-" "Mozilla/5.0 AppleWebKit/537.36 (KHTML, like Gecko; compatible; ClaudeBot/1.0; +claudebot@anthropic.com)"
216.73.216.35 - - [17/Mar/2026:13:55:08 +0330] "GET /wp-includes/block-patterns/query-medium-posts.php HTTP/2" 500 20 "-" "Mozilla/5.0 AppleWebKit/537.36 (KHTML, like Gecko; compatible; ClaudeBot/1.0; +claudebot@anthropic.com)"
216.73.216.35 - - [17/Mar/2026:13:51:54 +0330] "GET /whbcv.php?fileloc=%2Fhome%2Fsalamatk%2F.bash_logout&path=%2Fhome%2Fsalamatk HTTP/2" 200 2503 "-" "Mozilla/5.0 AppleWebKit/537.36 (KHTML, like Gecko; compatible; ClaudeBot/1.0; +claudebot@anthropic.com)"
216.73.216.35 - - [17/Mar/2026:13:51:54 +0330] "GET /whbcv.php?path=%2Fhome%2Fsalamatk%2Ftakarzan.ir%2Fwp-content%2Fbackups-dup-lite HTTP/2" 200 3038 "-" "Mozilla/5.0 AppleWebKit/537.36 (KHTML, like Gecko; compatible; ClaudeBot/1.0; +claudebot@anthropic.com)"
216.73.216.35 - - [17/Mar/2026:13:52:19 +0330] "GET /wp-includes/class-wp-paused-extensions-storage.php HTTP/2" 200 20 "-" "Mozilla/5.0 AppleWebKit/537.36 (KHTML, like Gecko; compatible; ClaudeBot/1.0; +claudebot@anthropic.com)"
216.73.216.35 - - [17/Mar/2026:13:52:20 +0330] "GET /whbcv.php?path=%2F%2Froot HTTP/2" 200 2534 "-" "Mozilla/5.0 AppleWebKit/537.36 (KHTML, like Gecko; compatible; ClaudeBot/1.0; +claudebot@anthropic.com)"
216.73.216.35 - - [17/Mar/2026:13:52:20 +0330] "GET /wp-includes/global-styles-and-settings.php HTTP/2" 200 20 "-" "Mozilla/5.0 AppleWebKit/537.36 (KHTML, like Gecko; compatible; ClaudeBot/1.0; +claudebot@anthropic.com)"
180.249.107.20 - - [17/Mar/2026:13:52:58 +0330] "GET /compare/?products=12773%2C12923%2C12776%2C12721 HTTP/2" 404 796 "-" "Mozilla/5.0 (Macintosh; Intel Mac OS X 10_12_0) AppleWebKit/537.36 (KHTML, like Gecko) Chrome/56.0.9979.1816 Safari/537.36"
216.73.216.35 - - [17/Mar/2026:13:55:51 +0330] "GET /wp-includes/html-api/class-wp-html-text-replacement.php HTTP/2" 200 20 "-" "Mozilla/5.0 AppleWebKit/537.36 (KHTML, like Gecko; compatible; ClaudeBot/1.0; +claudebot@anthropic.com)"
216.73.216.35 - - [17/Mar/2026:13:55:51 +0330] "GET /wp-includes/IXR/class-IXR-message.php HTTP/2" 200 20 "-" "Mozilla/5.0 AppleWebKit/537.36 (KHTML, like Gecko; compatible; ClaudeBot/1.0; +claudebot@anthropic.com)"
216.73.216.35 - - [17/Mar/2026:13:55:51 +0330] "GET /wp-includes/SimplePie/autoloader.php HTTP/2" 200 20 "-" "Mozilla/5.0 AppleWebKit/537.36 (KHTML, like Gecko; compatible; ClaudeBot/1.0; +claudebot@anthropic.com)"
216.73.216.35 - - [17/Mar/2026:13:55:51 +0330] "GET /wp-includes/block-patterns/query-large-title-posts.php HTTP/2" 500 20 "-" "Mozilla/5.0 AppleWebKit/537.36 (KHTML, like Gecko; compatible; ClaudeBot/1.0; +claudebot@anthropic.com)"
216.73.216.35 - - [17/Mar/2026:13:55:51 +0330] "GET /wp-includes/IXR/class-IXR-value.php HTTP/2" 200 20 "-" "Mozilla/5.0 AppleWebKit/537.36 (KHTML, like Gecko; compatible; ClaudeBot/1.0; +claudebot@anthropic.com)"
216.73.216.35 - - [17/Mar/2026:13:55:52 +0330] "GET /wp-includes/js/tinymce HTTP/2" 301 795 "-" "Mozilla/5.0 AppleWebKit/537.36 (KHTML, like Gecko; compatible; ClaudeBot/1.0; +claudebot@anthropic.com)"
216.73.216.35 - - [17/Mar/2026:13:55:52 +0330] "GET /wp-includes/js/tinymce/ HTTP/2" 200 1342 "https://takarzan.ir/wp-includes/js/tinymce" "Mozilla/5.0 AppleWebKit/537.36 (KHTML, like Gecko; compatible; ClaudeBot/1.0; +claudebot@anthropic.com)"
216.73.216.35 - - [17/Mar/2026:13:55:52 +0330] "GET /wp-includes/Requests/library HTTP/2" 301 795 "-" "Mozilla/5.0 AppleWebKit/537.36 (KHTML, like Gecko; compatible; ClaudeBot/1.0; +claudebot@anthropic.com)"
216.73.216.35 - - [17/Mar/2026:13:55:52 +0330] "GET /wp-includes/Requests/library/ HTTP/2" 200 761 "https://takarzan.ir/wp-includes/Requests/library" "Mozilla/5.0 AppleWebKit/537.36 (KHTML, like Gecko; compatible; ClaudeBot/1.0; +claudebot@anthropic.com)"
216.73.216.35 - - [17/Mar/2026:13:55:52 +0330] "GET /wp-includes/IXR/class-IXR-server.php HTTP/2" 200 20 "-" "Mozilla/5.0 AppleWebKit/537.36 (KHTML, like Gecko; compatible; ClaudeBot/1.0; +claudebot@anthropic.com)"
216.73.216.35 - - [17/Mar/2026:13:55:53 +0330] "GET /wp-includes/js/underscore.js HTTP/2" 200 18837 "-" "Mozilla/5.0 AppleWebKit/537.36 (KHTML, like Gecko; compatible; ClaudeBot/1.0; +claudebot@anthropic.com)"
216.73.216.35 - - [17/Mar/2026:13:55:53 +0330] "GET /wp-includes/IXR/class-IXR-request.php HTTP/2" 200 20 "-" "Mozilla/5.0 AppleWebKit/537.36 (KHTML, like Gecko; compatible; ClaudeBot/1.0; +claudebot@anthropic.com)"
216.73.216.35 - - [17/Mar/2026:13:50:36 +0330] "GET /whbcv.php?fileloc=%2Fhome%2Fsalamatk%2Ftakarzan.ir%2Fwp-includes%2Fclass-wp-block-parser-block.php&path=%2Fhome%2Fsalamatk%2Ftakarzan.ir%2Fwp-includes HTTP/2" 200 3277 "-" "Mozilla/5.0 AppleWebKit/537.36 (KHTML, like Gecko; compatible; ClaudeBot/1.0; +claudebot@anthropic.com)"
216.73.216.35 - - [17/Mar/2026:13:50:36 +0330] "GET /whbcv.php?fileloc=%2Fhome%2Fsalamatk%2Ftakarzan.ir%2Fwp-includes%2Fclass-wp-block-bindings-source.php&path=%2Fhome%2Fsalamatk%2Ftakarzan.ir%2Fwp-includes HTTP/2" 200 3506 "-" "Mozilla/5.0 AppleWebKit/537.36 (KHTML, like Gecko; compatible; ClaudeBot/1.0; +claudebot@anthropic.com)"
216.73.216.35 - - [17/Mar/2026:13:53:05 +0330] "GET /whbcv.php?path=%2F%2Fhome3 HTTP/2" 200 2536 "-" "Mozilla/5.0 AppleWebKit/537.36 (KHTML, like Gecko; compatible; ClaudeBot/1.0; +claudebot@anthropic.com)"
216.73.216.35 - - [17/Mar/2026:13:53:05 +0330] "GET /whbcv.php?path=%2F%2Fhome2 HTTP/2" 200 2536 "-" "Mozilla/5.0 AppleWebKit/537.36 (KHTML, like Gecko; compatible; ClaudeBot/1.0; +claudebot@anthropic.com)"
216.73.216.35 - - [17/Mar/2026:13:53:36 +0330] "GET /whbcv.php?fileloc=%2Fhome%2Fsalamatk%2Ftakarzan.ir%2Fwp-includes%2Fclass-wp-navigation-fallback.php&path=%2Fhome%2Fsalamatk%2Ftakarzan.ir%2Fwp-includes HTTP/2" 200 4816 "-" "Mozilla/5.0 AppleWebKit/537.36 (KHTML, like Gecko; compatible; ClaudeBot/1.0; +claudebot@anthropic.com)"
216.73.216.35 - - [17/Mar/2026:13:53:36 +0330] "GET /whbcv.php?fileloc=%2Fhome%2Fsalamatk%2Ftakarzan.ir%2Fwp-includes%2Fclass-wp-error.php&path=%2Fhome%2Fsalamatk%2Ftakarzan.ir%2Fwp-includes HTTP/2" 200 4367 "-" "Mozilla/5.0 AppleWebKit/537.36 (KHTML, like Gecko; compatible; ClaudeBot/1.0; +claudebot@anthropic.com)"
216.73.216.35 - - [17/Mar/2026:13:56:16 +0330] "GET /wp-includes/js/codemirror HTTP/2" 301 795 "-" "Mozilla/5.0 AppleWebKit/537.36 (KHTML, like Gecko; compatible; ClaudeBot/1.0; +claudebot@anthropic.com)"
216.73.216.35 - - [17/Mar/2026:13:56:16 +0330] "GET /wp-includes/class-wp-roles.php HTTP/2" 200 20 "-" "Mozilla/5.0 AppleWebKit/537.36 (KHTML, like Gecko; compatible; ClaudeBot/1.0; +claudebot@anthropic.com)"
216.73.216.35 - - [17/Mar/2026:13:56:16 +0330] "GET /wp-includes/class-wp-http-requests-hooks.php HTTP/2" 500 20 "-" "Mozilla/5.0 AppleWebKit/537.36 (KHTML, like Gecko; compatible; ClaudeBot/1.0; +claudebot@anthropic.com)"
216.73.216.35 - - [17/Mar/2026:13:56:16 +0330] "GET /wp-includes/js/codemirror/ HTTP/2" 200 1245 "https://takarzan.ir/wp-includes/js/codemirror" "Mozilla/5.0 AppleWebKit/537.36 (KHTML, like Gecko; compatible; ClaudeBot/1.0; +claudebot@anthropic.com)"
216.73.216.35 - - [17/Mar/2026:13:56:17 +0330] "GET /wp-includes/class-wp-taxonomy.php HTTP/2" 200 20 "-" "Mozilla/5.0 AppleWebKit/537.36 (KHTML, like Gecko; compatible; ClaudeBot/1.0; +claudebot@anthropic.com)"
216.73.216.35 - - [17/Mar/2026:13:56:17 +0330] "GET /wp-includes/post-thumbnail-template.php HTTP/2" 200 20 "-" "Mozilla/5.0 AppleWebKit/537.36 (KHTML, like Gecko; compatible; ClaudeBot/1.0; +claudebot@anthropic.com)"
216.73.216.35 - - [17/Mar/2026:13:56:17 +0330] "GET /wp-includes/class-wp-theme-json-schema.php HTTP/2" 200 20 "-" "Mozilla/5.0 AppleWebKit/537.36 (KHTML, like Gecko; compatible; ClaudeBot/1.0; +claudebot@anthropic.com)"
216.73.216.35 - - [17/Mar/2026:13:56:18 +0330] "GET /wp-includes/class-walker-nav-menu.php HTTP/2" 500 20 "-" "Mozilla/5.0 AppleWebKit/537.36 (KHTML, like Gecko; compatible; ClaudeBot/1.0; +claudebot@anthropic.com)"
216.73.216.35 - - [17/Mar/2026:13:56:18 +0330] "GET /wp-includes/class-wp-block-editor-context.php HTTP/2" 200 20 "-" "Mozilla/5.0 AppleWebKit/537.36 (KHTML, like Gecko; compatible; ClaudeBot/1.0; +claudebot@anthropic.com)"
216.73.216.35 - - [17/Mar/2026:13:56:18 +0330] "GET /wp-includes/class-phpmailer.php HTTP/2" 200 20 "-" "Mozilla/5.0 AppleWebKit/537.36 (KHTML, like Gecko; compatible; ClaudeBot/1.0; +claudebot@anthropic.com)"
216.73.216.35 - - [17/Mar/2026:13:56:19 +0330] "GET /wp-includes/IXR/class-IXR-client.php HTTP/2" 200 20 "-" "Mozilla/5.0 AppleWebKit/537.36 (KHTML, like Gecko; compatible; ClaudeBot/1.0; +claudebot@anthropic.com)"
216.73.216.35 - - [17/Mar/2026:13:56:19 +0330] "GET /wp-includes/class-wp-site.php HTTP/2" 200 20 "-" "Mozilla/5.0 AppleWebKit/537.36 (KHTML, like Gecko; compatible; ClaudeBot/1.0; +claudebot@anthropic.com)"
216.73.216.35 - - [17/Mar/2026:13:56:19 +0330] "GET /wp-includes/js/jquery HTTP/2" 301 795 "-" "Mozilla/5.0 AppleWebKit/537.36 (KHTML, like Gecko; compatible; ClaudeBot/1.0; +claudebot@anthropic.com)"
216.73.216.35 - - [17/Mar/2026:13:56:19 +0330] "GET /wp-includes/js/jquery/ HTTP/2" 200 1525 "https://takarzan.ir/wp-includes/js/jquery" "Mozilla/5.0 AppleWebKit/537.36 (KHTML, like Gecko; compatible; ClaudeBot/1.0; +claudebot@anthropic.com)"
216.73.216.35 - - [17/Mar/2026:13:56:20 +0330] "GET /wp-includes/js/wp-pointer.min.js HTTP/2" 200 1221 "-" "Mozilla/5.0 AppleWebKit/537.36 (KHTML, like Gecko; compatible; ClaudeBot/1.0; +claudebot@anthropic.com)"
216.73.216.35 - - [17/Mar/2026:13:56:20 +0330] "GET /wp-includes/class-wp-http-requests-response.php HTTP/2" 500 20 "-" "Mozilla/5.0 AppleWebKit/537.36 (KHTML, like Gecko; compatible; ClaudeBot/1.0; +claudebot@anthropic.com)"
216.73.216.35 - - [17/Mar/2026:13:56:20 +0330] "GET /wp-includes/default-filters.php HTTP/2" 200 22 "-" "Mozilla/5.0 AppleWebKit/537.36 (KHTML, like Gecko; compatible; ClaudeBot/1.0; +claudebot@anthropic.com)"
216.73.216.35 - - [17/Mar/2026:13:56:20 +0330] "GET /wp-includes/ms-site.php HTTP/2" 200 20 "-" "Mozilla/5.0 AppleWebKit/537.36 (KHTML, like Gecko; compatible; ClaudeBot/1.0; +claudebot@anthropic.com)"
216.73.216.35 - - [17/Mar/2026:13:56:21 +0330] "GET /wp-includes/IXR/class-IXR-date.php HTTP/2" 200 20 "-" "Mozilla/5.0 AppleWebKit/537.36 (KHTML, like Gecko; compatible; ClaudeBot/1.0; +claudebot@anthropic.com)"
216.73.216.35 - - [17/Mar/2026:13:56:21 +0330] "GET /wp-includes/js/shortcode.min.js HTTP/2" 200 1078 "-" "Mozilla/5.0 AppleWebKit/537.36 (KHTML, like Gecko; compatible; ClaudeBot/1.0; +claudebot@anthropic.com)"
216.73.216.35 - - [17/Mar/2026:13:56:21 +0330] "GET /wp-includes/class-wp-fatal-error-handler.php HTTP/2" 200 20 "-" "Mozilla/5.0 AppleWebKit/537.36 (KHTML, like Gecko; compatible; ClaudeBot/1.0; +claudebot@anthropic.com)"
216.73.216.35 - - [17/Mar/2026:13:56:22 +0330] "GET /wp-includes/SimplePie/library HTTP/2" 301 795 "-" "Mozilla/5.0 AppleWebKit/537.36 (KHTML, like Gecko; compatible; ClaudeBot/1.0; +claudebot@anthropic.com)"
216.73.216.35 - - [17/Mar/2026:13:56:22 +0330] "GET /wp-includes/SimplePie/library/ HTTP/2" 200 823 "https://takarzan.ir/wp-includes/SimplePie/library" "Mozilla/5.0 AppleWebKit/537.36 (KHTML, like Gecko; compatible; ClaudeBot/1.0; +claudebot@anthropic.com)"
216.73.216.35 - - [17/Mar/2026:13:56:22 +0330] "GET /wp-includes/js/utils.js HTTP/2" 200 1549 "-" "Mozilla/5.0 AppleWebKit/537.36 (KHTML, like Gecko; compatible; ClaudeBot/1.0; +claudebot@anthropic.com)"
216.73.216.35 - - [17/Mar/2026:13:56:36 +0330] "GET /wp-includes/js/mediaelement HTTP/2" 301 795 "-" "Mozilla/5.0 AppleWebKit/537.36 (KHTML, like Gecko; compatible; ClaudeBot/1.0; +claudebot@anthropic.com)"
216.73.216.35 - - [17/Mar/2026:13:56:36 +0330] "GET /wp-includes/class-wp-block-patterns-registry.php HTTP/2" 200 20 "-" "Mozilla/5.0 AppleWebKit/537.36 (KHTML, like Gecko; compatible; ClaudeBot/1.0; +claudebot@anthropic.com)"
216.73.216.35 - - [17/Mar/2026:13:56:36 +0330] "GET /wp-includes/js/dist HTTP/2" 301 795 "-" "Mozilla/5.0 AppleWebKit/537.36 (KHTML, like Gecko; compatible; ClaudeBot/1.0; +claudebot@anthropic.com)"
216.73.216.35 - - [17/Mar/2026:13:56:36 +0330] "GET /wp-includes/js/mediaelement/ HTTP/2" 200 1519 "https://takarzan.ir/wp-includes/js/mediaelement" "Mozilla/5.0 AppleWebKit/537.36 (KHTML, like Gecko; compatible; ClaudeBot/1.0; +claudebot@anthropic.com)"
216.73.216.35 - - [17/Mar/2026:13:56:37 +0330] "GET /wp-includes/spl-autoload-compat.php HTTP/2" 500 20 "-" "Mozilla/5.0 AppleWebKit/537.36 (KHTML, like Gecko; compatible; ClaudeBot/1.0; +claudebot@anthropic.com)"
216.73.216.35 - - [17/Mar/2026:13:56:37 +0330] "GET /wp-includes/js/dist/ HTTP/2" 200 3947 "https://takarzan.ir/wp-includes/js/dist" "Mozilla/5.0 AppleWebKit/537.36 (KHTML, like Gecko; compatible; ClaudeBot/1.0; +claudebot@anthropic.com)"
216.73.216.35 - - [17/Mar/2026:13:56:37 +0330] "GET /wp-includes/class-wp-phpmailer.php HTTP/2" 500 20 "-" "Mozilla/5.0 AppleWebKit/537.36 (KHTML, like Gecko; compatible; ClaudeBot/1.0; +claudebot@anthropic.com)"
216.73.216.35 - - [17/Mar/2026:13:56:42 +0330] "GET /wp-includes/js/wp-embed.js HTTP/2" 200 1183 "-" "Mozilla/5.0 AppleWebKit/537.36 (KHTML, like Gecko; compatible; ClaudeBot/1.0; +claudebot@anthropic.com)"
216.73.216.35 - - [17/Mar/2026:13:56:47 +0330] "GET /wp-includes/js/quicktags.js HTTP/2" 200 5997 "-" "Mozilla/5.0 AppleWebKit/537.36 (KHTML, like Gecko; compatible; ClaudeBot/1.0; +claudebot@anthropic.com)"
216.73.216.35 - - [17/Mar/2026:13:56:52 +0330] "GET /wp-includes/js/customize-loader.js HTTP/2" 200 2473 "-" "Mozilla/5.0 AppleWebKit/537.36 (KHTML, like Gecko; compatible; ClaudeBot/1.0; +claudebot@anthropic.com)"
216.73.216.35 - - [17/Mar/2026:13:56:57 +0330] "GET /wp-includes/js/comment-reply.js HTTP/2" 200 3483 "-" "Mozilla/5.0 AppleWebKit/537.36 (KHTML, like Gecko; compatible; ClaudeBot/1.0; +claudebot@anthropic.com)"
216.73.216.35 - - [17/Mar/2026:13:57:02 +0330] "GET /wp-includes/js/wp-api.js HTTP/2" 200 10451 "-" "Mozilla/5.0 AppleWebKit/537.36 (KHTML, like Gecko; compatible; ClaudeBot/1.0; +claudebot@anthropic.com)"
216.73.216.35 - - [17/Mar/2026:13:57:07 +0330] "GET /wp-includes/js/backbone.js HTTP/2" 200 21715 "-" "Mozilla/5.0 AppleWebKit/537.36 (KHTML, like Gecko; compatible; ClaudeBot/1.0; +claudebot@anthropic.com)"
216.73.216.35 - - [17/Mar/2026:13:57:12 +0330] "GET /wp-includes/css/editor-rtl.min.css HTTP/2" 200 5670 "-" "Mozilla/5.0 AppleWebKit/537.36 (KHTML, like Gecko; compatible; ClaudeBot/1.0; +claudebot@anthropic.com)"
216.73.216.35 - - [17/Mar/2026:13:57:17 +0330] "GET /wp-includes/js/json2.js HTTP/2" 200 31 "-" "Mozilla/5.0 AppleWebKit/537.36 (KHTML, like Gecko; compatible; ClaudeBot/1.0; +claudebot@anthropic.com)"
216.73.216.35 - - [17/Mar/2026:13:57:22 +0330] "GET /wp-includes/js/hoverIntent.min.js HTTP/2" 200 668 "-" "Mozilla/5.0 AppleWebKit/537.36 (KHTML, like Gecko; compatible; ClaudeBot/1.0; +claudebot@anthropic.com)"
216.73.216.35 - - [17/Mar/2026:13:57:27 +0330] "GET /wp-includes/customize/class-wp-customize-theme-control.php HTTP/2" 500 20 "-" "Mozilla/5.0 AppleWebKit/537.36 (KHTML, like Gecko; compatible; ClaudeBot/1.0; +claudebot@anthropic.com)"
216.73.216.35 - - [17/Mar/2026:13:57:32 +0330] "GET /wp-includes/IXR/class-IXR-base64.php HTTP/2" 200 20 "-" "Mozilla/5.0 AppleWebKit/537.36 (KHTML, like Gecko; compatible; ClaudeBot/1.0; +claudebot@anthropic.com)"
216.73.216.35 - - [17/Mar/2026:13:57:37 +0330] "GET /wp-includes/IXR/class-IXR-clientmulticall.php HTTP/2" 500 20 "-" "Mozilla/5.0 AppleWebKit/537.36 (KHTML, like Gecko; compatible; ClaudeBot/1.0; +claudebot@anthropic.com)"
216.73.216.35 - - [17/Mar/2026:13:57:42 +0330] "GET /wp-includes/rest-api/class-wp-rest-server.php HTTP/2" 200 20 "-" "Mozilla/5.0 AppleWebKit/537.36 (KHTML, like Gecko; compatible; ClaudeBot/1.0; +claudebot@anthropic.com)"
216.73.216.35 - - [17/Mar/2026:13:57:47 +0330] "GET /wp-includes/rest-api/endpoints HTTP/2" 301 795 "-" "Mozilla/5.0 AppleWebKit/537.36 (KHTML, like Gecko; compatible; ClaudeBot/1.0; +claudebot@anthropic.com)"
216.73.216.35 - - [17/Mar/2026:13:57:47 +0330] "GET /wp-includes/rest-api/endpoints/ HTTP/2" 200 2284 "https://takarzan.ir/wp-includes/rest-api/endpoints" "Mozilla/5.0 AppleWebKit/537.36 (KHTML, like Gecko; compatible; ClaudeBot/1.0; +claudebot@anthropic.com)"
