20.6.131.235 - - [20/Mar/2026:22:24:25 +0330] "GET /wp-admin/images/ HTTP/1.1" 200 2615 "binance.com" "Mozilla/5.0 (Windows NT 10.0; Win64; x64) AppleWebKit/537.36 (KHTML, like Gecko) Chrome/90.0.4430.85 Safari/537.36"
20.6.131.235 - - [20/Mar/2026:22:24:31 +0330] "GET /wp-admin/js/ HTTP/1.1" 200 3263 "binance.com" "Mozilla/5.0 (Windows NT 10.0; Win64; x64) AppleWebKit/537.36 (KHTML, like Gecko) Chrome/90.0.4430.85 Safari/537.36"
216.244.66.239 - - [20/Mar/2026:22:24:39 +0330] "GET /shop/?filter_brand=toyota-prius&filter_color=red,yellow HTTP/1.1" 404 796 "-" "Mozilla/5.0 (compatible; DotBot/1.2; +https://opensiteexplorer.org/dotbot; help@moz.com)"
20.6.131.235 - - [20/Mar/2026:22:25:00 +0330] "GET /wp-includes/abilities-api.php HTTP/1.1" 200 20 "binance.com" "Mozilla/5.0 (Windows NT 10.0; Win64; x64) AppleWebKit/537.36 (KHTML, like Gecko) Chrome/90.0.4430.85 Safari/537.36"
20.6.131.235 - - [20/Mar/2026:22:26:40 +0330] "GET /wp-includes/class-wp-block-editor-context.php HTTP/1.1" 200 20 "binance.com" "Mozilla/5.0 (Windows NT 10.0; Win64; x64) AppleWebKit/537.36 (KHTML, like Gecko) Chrome/90.0.4430.85 Safari/537.36"
20.6.131.235 - - [20/Mar/2026:22:27:01 +0330] "GET /wp-includes/class-wp-block-metadata-registry.php HTTP/1.1" 200 20 "binance.com" "Mozilla/5.0 (Windows NT 10.0; Win64; x64) AppleWebKit/537.36 (KHTML, like Gecko) Chrome/90.0.4430.85 Safari/537.36"
20.6.131.235 - - [20/Mar/2026:22:28:01 +0330] "GET /wp-includes/class-wp-block-templates-registry.php HTTP/1.1" 200 20 "binance.com" "Mozilla/5.0 (Windows NT 10.0; Win64; x64) AppleWebKit/537.36 (KHTML, like Gecko) Chrome/90.0.4430.85 Safari/537.36"
20.6.131.235 - - [20/Mar/2026:22:28:32 +0330] "GET /wp-includes/class-wp-http.php HTTP/1.1" 200 22 "binance.com" "Mozilla/5.0 (Windows NT 10.0; Win64; x64) AppleWebKit/537.36 (KHTML, like Gecko) Chrome/90.0.4430.85 Safari/537.36"
20.6.131.235 - - [20/Mar/2026:22:28:38 +0330] "GET /wp-includes/class-wp-navigation-fallback.php HTTP/1.1" 200 20 "binance.com" "Mozilla/5.0 (Windows NT 10.0; Win64; x64) AppleWebKit/537.36 (KHTML, like Gecko) Chrome/90.0.4430.85 Safari/537.36"
20.6.131.235 - - [20/Mar/2026:22:21:04 +0330] "GET /wp-content/languages/ HTTP/1.1" 200 3814 "binance.com" "Mozilla/5.0 (Windows NT 10.0; Win64; x64) AppleWebKit/537.36 (KHTML, like Gecko) Chrome/90.0.4430.85 Safari/537.36"
20.6.131.235 - - [20/Mar/2026:22:21:21 +0330] "GET /wp-content/languages/ HTTP/1.1" 200 3814 "binance.com" "Mozilla/5.0 (Windows NT 10.0; Win64; x64) AppleWebKit/537.36 (KHTML, like Gecko) Chrome/90.0.4430.85 Safari/537.36"
20.6.131.235 - - [20/Mar/2026:22:22:40 +0330] "GET /wp-admin/network/ HTTP/1.1" 302 20 "binance.com" "Mozilla/5.0 (Windows NT 10.0; Win64; x64) AppleWebKit/537.36 (KHTML, like Gecko) Chrome/90.0.4430.85 Safari/537.36"
20.6.131.235 - - [20/Mar/2026:22:22:42 +0330] "GET /wp-login.php?redirect_to=http%3A%2F%2Ftakarzan.ir%2Fwp-admin%2Fnetwork%2F&reauth=1 HTTP/1.1" 200 3371 "binance.com" "Mozilla/5.0 (Windows NT 10.0; Win64; x64) AppleWebKit/537.36 (KHTML, like Gecko) Chrome/90.0.4430.85 Safari/537.36"
20.6.131.235 - - [20/Mar/2026:22:23:08 +0330] "GET /wp-admin/css/ HTTP/1.1" 200 2967 "binance.com" "Mozilla/5.0 (Windows NT 10.0; Win64; x64) AppleWebKit/537.36 (KHTML, like Gecko) Chrome/90.0.4430.85 Safari/537.36"
216.244.66.239 - - [20/Mar/2026:22:23:32 +0330] "GET /?filter_color=red%2Cyellow&orderby=date&oinstock=true HTTP/1.1" 200 0 "-" "Mozilla/5.0 (compatible; DotBot/1.2; +https://opensiteexplorer.org/dotbot; help@moz.com)"
5.144.129.99 - - [20/Mar/2026:22:23:52 +0330] "POST /wp-cron.php?doing_wp_cron=1774032832.9145610332489013671875 HTTP/1.1" 200 20 "-" "WordPress/6.9.4; http://takarzan.ir"
20.6.131.235 - - [20/Mar/2026:22:25:25 +0330] "GET /wp-includes/block-bindings.php HTTP/1.1" 200 20 "binance.com" "Mozilla/5.0 (Windows NT 10.0; Win64; x64) AppleWebKit/537.36 (KHTML, like Gecko) Chrome/90.0.4430.85 Safari/537.36"
20.6.131.235 - - [20/Mar/2026:22:26:33 +0330] "GET /wp-includes/class-wp-block-bindings-source.php HTTP/1.1" 200 20 "binance.com" "Mozilla/5.0 (Windows NT 10.0; Win64; x64) AppleWebKit/537.36 (KHTML, like Gecko) Chrome/90.0.4430.85 Safari/537.36"
20.6.131.235 - - [20/Mar/2026:22:28:26 +0330] "GET /wp-includes/class-wp-exception.php HTTP/1.1" 200 20 "binance.com" "Mozilla/5.0 (Windows NT 10.0; Win64; x64) AppleWebKit/537.36 (KHTML, like Gecko) Chrome/90.0.4430.85 Safari/537.36"
20.6.131.235 - - [20/Mar/2026:22:29:01 +0330] "GET /wp-includes/class-wp-scripts.php HTTP/1.1" 500 20 "binance.com" "Mozilla/5.0 (Windows NT 10.0; Win64; x64) AppleWebKit/537.36 (KHTML, like Gecko) Chrome/90.0.4430.85 Safari/537.36"
20.6.131.235 - - [20/Mar/2026:22:25:49 +0330] "GET /wp-includes/block-template.php HTTP/1.1" 200 20 "binance.com" "Mozilla/5.0 (Windows NT 10.0; Win64; x64) AppleWebKit/537.36 (KHTML, like Gecko) Chrome/90.0.4430.85 Safari/537.36"
20.6.131.235 - - [20/Mar/2026:22:27:36 +0330] "GET /wp-includes/class-wp-block-processor.php HTTP/1.1" 200 20 "binance.com" "Mozilla/5.0 (Windows NT 10.0; Win64; x64) AppleWebKit/537.36 (KHTML, like Gecko) Chrome/90.0.4430.85 Safari/537.36"
20.6.131.235 - - [20/Mar/2026:22:27:44 +0330] "GET /wp-includes/class-wp-block-template.php HTTP/1.1" 200 20 "binance.com" "Mozilla/5.0 (Windows NT 10.0; Win64; x64) AppleWebKit/537.36 (KHTML, like Gecko) Chrome/90.0.4430.85 Safari/537.36"
20.6.131.235 - - [20/Mar/2026:22:28:15 +0330] "GET /wp-includes/class-wp-dependencies.php HTTP/1.1" 200 20 "binance.com" "Mozilla/5.0 (Windows NT 10.0; Win64; x64) AppleWebKit/537.36 (KHTML, like Gecko) Chrome/90.0.4430.85 Safari/537.36"
20.6.131.235 - - [20/Mar/2026:22:28:20 +0330] "GET /wp-includes/class-wp-duotone.php HTTP/1.1" 200 20 "binance.com" "Mozilla/5.0 (Windows NT 10.0; Win64; x64) AppleWebKit/537.36 (KHTML, like Gecko) Chrome/90.0.4430.85 Safari/537.36"
20.6.131.235 - - [20/Mar/2026:22:28:55 +0330] "GET /wp-includes/class-wp-script-modules.php HTTP/1.1" 200 20 "binance.com" "Mozilla/5.0 (Windows NT 10.0; Win64; x64) AppleWebKit/537.36 (KHTML, like Gecko) Chrome/90.0.4430.85 Safari/537.36"
20.6.131.235 - - [20/Mar/2026:22:27:27 +0330] "GET /wp-includes/class-wp-block-parser-frame.php HTTP/1.1" 200 20 "binance.com" "Mozilla/5.0 (Windows NT 10.0; Win64; x64) AppleWebKit/537.36 (KHTML, like Gecko) Chrome/90.0.4430.85 Safari/537.36"
20.6.131.235 - - [20/Mar/2026:22:28:07 +0330] "GET /wp-includes/class-wp-classic-to-block-menu-converter.php HTTP/1.1" 200 20 "binance.com" "Mozilla/5.0 (Windows NT 10.0; Win64; x64) AppleWebKit/537.36 (KHTML, like Gecko) Chrome/90.0.4430.85 Safari/537.36"
20.6.131.235 - - [20/Mar/2026:22:28:50 +0330] "GET /wp-includes/class-wp-plugin-dependencies.php HTTP/1.1" 200 20 "binance.com" "Mozilla/5.0 (Windows NT 10.0; Win64; x64) AppleWebKit/537.36 (KHTML, like Gecko) Chrome/90.0.4430.85 Safari/537.36"
20.6.131.235 - - [20/Mar/2026:22:28:43 +0330] "GET /wp-includes/class-wp-phpmailer.php HTTP/1.1" 500 20 "binance.com" "Mozilla/5.0 (Windows NT 10.0; Win64; x64) AppleWebKit/537.36 (KHTML, like Gecko) Chrome/90.0.4430.85 Safari/537.36"
20.6.131.235 - - [20/Mar/2026:22:29:13 +0330] "GET /wp-includes/class-wp-styles.php HTTP/1.1" 500 20 "binance.com" "Mozilla/5.0 (Windows NT 10.0; Win64; x64) AppleWebKit/537.36 (KHTML, like Gecko) Chrome/90.0.4430.85 Safari/537.36"
20.6.131.235 - - [20/Mar/2026:22:29:25 +0330] "GET /wp-includes/class-wp-theme-json-data.php HTTP/1.1" 200 20 "binance.com" "Mozilla/5.0 (Windows NT 10.0; Win64; x64) AppleWebKit/537.36 (KHTML, like Gecko) Chrome/90.0.4430.85 Safari/537.36"
20.6.131.235 - - [20/Mar/2026:22:30:05 +0330] "GET /wp-includes/class-wp-token-map.php HTTP/1.1" 200 20 "binance.com" "Mozilla/5.0 (Windows NT 10.0; Win64; x64) AppleWebKit/537.36 (KHTML, like Gecko) Chrome/90.0.4430.85 Safari/537.36"
20.6.131.235 - - [20/Mar/2026:22:30:14 +0330] "GET /wp-includes/class-wpdb.php HTTP/1.1" 200 20 "binance.com" "Mozilla/5.0 (Windows NT 10.0; Win64; x64) AppleWebKit/537.36 (KHTML, like Gecko) Chrome/90.0.4430.85 Safari/537.36"
20.6.131.235 - - [20/Mar/2026:22:30:26 +0330] "GET /wp-includes/global-styles-and-settings.php HTTP/1.1" 200 20 "binance.com" "Mozilla/5.0 (Windows NT 10.0; Win64; x64) AppleWebKit/537.36 (KHTML, like Gecko) Chrome/90.0.4430.85 Safari/537.36"
20.6.131.235 - - [20/Mar/2026:22:30:38 +0330] "GET /wp-includes/https-migration.php HTTP/1.1" 200 20 "binance.com" "Mozilla/5.0 (Windows NT 10.0; Win64; x64) AppleWebKit/537.36 (KHTML, like Gecko) Chrome/90.0.4430.85 Safari/537.36"
20.6.131.235 - - [20/Mar/2026:22:30:43 +0330] "GET /wp-includes/robots-template.php HTTP/1.1" 200 20 "binance.com" "Mozilla/5.0 (Windows NT 10.0; Win64; x64) AppleWebKit/537.36 (KHTML, like Gecko) Chrome/90.0.4430.85 Safari/537.36"
20.6.131.235 - - [20/Mar/2026:22:30:53 +0330] "GET /wp-includes/speculative-loading.php HTTP/1.1" 200 20 "binance.com" "Mozilla/5.0 (Windows NT 10.0; Win64; x64) AppleWebKit/537.36 (KHTML, like Gecko) Chrome/90.0.4430.85 Safari/537.36"
20.6.131.235 - - [20/Mar/2026:22:30:59 +0330] "GET /wp-includes/style-engine.php HTTP/1.1" 200 20 "binance.com" "Mozilla/5.0 (Windows NT 10.0; Win64; x64) AppleWebKit/537.36 (KHTML, like Gecko) Chrome/90.0.4430.85 Safari/537.36"
20.6.131.235 - - [20/Mar/2026:22:31:39 +0330] "GET /wp-includes/ID3/ HTTP/1.1" 200 1558 "binance.com" "Mozilla/5.0 (Windows NT 10.0; Win64; x64) AppleWebKit/537.36 (KHTML, like Gecko) Chrome/90.0.4430.85 Safari/537.36"
20.6.131.235 - - [20/Mar/2026:22:31:45 +0330] "GET /wp-includes/IXR/ HTTP/1.1" 200 1361 "binance.com" "Mozilla/5.0 (Windows NT 10.0; Win64; x64) AppleWebKit/537.36 (KHTML, like Gecko) Chrome/90.0.4430.85 Safari/537.36"
20.6.131.235 - - [20/Mar/2026:22:31:49 +0330] "GET /wp-includes/IXR/ HTTP/1.1" 200 1361 "binance.com" "Mozilla/5.0 (Windows NT 10.0; Win64; x64) AppleWebKit/537.36 (KHTML, like Gecko) Chrome/90.0.4430.85 Safari/537.36"
20.6.131.235 - - [20/Mar/2026:22:32:21 +0330] "GET /wp-includes/PHPMailer/DSNConfigurator.php HTTP/1.1" 200 20 "binance.com" "Mozilla/5.0 (Windows NT 10.0; Win64; x64) AppleWebKit/537.36 (KHTML, like Gecko) Chrome/90.0.4430.85 Safari/537.36"
20.6.131.235 - - [20/Mar/2026:22:32:29 +0330] "GET /wp-includes/PHPMailer/OAuth.php HTTP/1.1" 500 20 "binance.com" "Mozilla/5.0 (Windows NT 10.0; Win64; x64) AppleWebKit/537.36 (KHTML, like Gecko) Chrome/90.0.4430.85 Safari/537.36"
20.6.131.235 - - [20/Mar/2026:22:32:37 +0330] "GET /wp-includes/PHPMailer/OAuthTokenProvider.php HTTP/1.1" 200 20 "binance.com" "Mozilla/5.0 (Windows NT 10.0; Win64; x64) AppleWebKit/537.36 (KHTML, like Gecko) Chrome/90.0.4430.85 Safari/537.36"
20.6.131.235 - - [20/Mar/2026:22:33:04 +0330] "GET /wp-includes/Text/Diff/ HTTP/1.1" 200 835 "binance.com" "Mozilla/5.0 (Windows NT 10.0; Win64; x64) AppleWebKit/537.36 (KHTML, like Gecko) Chrome/90.0.4430.85 Safari/537.36"
20.6.131.235 - - [20/Mar/2026:22:34:07 +0330] "GET /wp-includes/blocks/ HTTP/1.1" 200 22 "binance.com" "Mozilla/5.0 (Windows NT 10.0; Win64; x64) AppleWebKit/537.36 (KHTML, like Gecko) Chrome/90.0.4430.85 Safari/537.36"
20.6.131.235 - - [20/Mar/2026:22:29:08 +0330] "GET /wp-includes/class-wp-speculation-rules.php HTTP/1.1" 200 20 "binance.com" "Mozilla/5.0 (Windows NT 10.0; Win64; x64) AppleWebKit/537.36 (KHTML, like Gecko) Chrome/90.0.4430.85 Safari/537.36"
20.6.131.235 - - [20/Mar/2026:22:32:44 +0330] "GET /wp-includes/PHPMailer/POP3.php HTTP/1.1" 200 20 "binance.com" "Mozilla/5.0 (Windows NT 10.0; Win64; x64) AppleWebKit/537.36 (KHTML, like Gecko) Chrome/90.0.4430.85 Safari/537.36"
20.6.131.235 - - [20/Mar/2026:22:33:27 +0330] "GET /wp-includes/Text/Diff/Engine/ HTTP/1.1" 200 841 "binance.com" "Mozilla/5.0 (Windows NT 10.0; Win64; x64) AppleWebKit/537.36 (KHTML, like Gecko) Chrome/90.0.4430.85 Safari/537.36"
20.6.131.235 - - [20/Mar/2026:22:33:37 +0330] "GET /wp-includes/Text/Diff/Engine/ HTTP/1.1" 200 841 "binance.com" "Mozilla/5.0 (Windows NT 10.0; Win64; x64) AppleWebKit/537.36 (KHTML, like Gecko) Chrome/90.0.4430.85 Safari/537.36"
20.6.131.235 - - [20/Mar/2026:22:33:43 +0330] "GET /wp-includes/Text/Diff/Renderer/ HTTP/1.1" 200 761 "binance.com" "Mozilla/5.0 (Windows NT 10.0; Win64; x64) AppleWebKit/537.36 (KHTML, like Gecko) Chrome/90.0.4430.85 Safari/537.36"
20.6.131.235 - - [20/Mar/2026:22:34:14 +0330] "GET /wp-includes/pomo/ HTTP/1.1" 200 1183 "binance.com" "Mozilla/5.0 (Windows NT 10.0; Win64; x64) AppleWebKit/537.36 (KHTML, like Gecko) Chrome/90.0.4430.85 Safari/537.36"
216.244.66.239 - - [20/Mar/2026:22:34:34 +0330] "GET /cgi-sys/suspendedpage.cgi?orderby=date&filter_brand=toyota-prius&filter_color=navyblue HTTP/1.1" 200 7616 "-" "Mozilla/5.0 (compatible; DotBot/1.2; +https://opensiteexplorer.org/dotbot; help@moz.com)"
216.244.66.239 - - [20/Mar/2026:22:34:39 +0330] "GET /cgi-sys/suspendedpage.cgi?orderby=popularity&filter_color=%D9%86%D8%A7%D8%B1%D9%86%D8%AC%DB%8C%2Cblue%2Cred HTTP/1.1" 200 7616 "-" "Mozilla/5.0 (compatible; DotBot/1.2; +https://opensiteexplorer.org/dotbot; help@moz.com)"
20.6.131.235 - - [20/Mar/2026:22:34:54 +0330] "GET /wp-includes/sitemaps/providers/ HTTP/1.1" 200 906 "binance.com" "Mozilla/5.0 (Windows NT 10.0; Win64; x64) AppleWebKit/537.36 (KHTML, like Gecko) Chrome/90.0.4430.85 Safari/537.36"
20.6.131.235 - - [20/Mar/2026:22:35:08 +0330] "GET /wp-includes/widgets/ HTTP/1.1" 200 1592 "binance.com" "Mozilla/5.0 (Windows NT 10.0; Win64; x64) AppleWebKit/537.36 (KHTML, like Gecko) Chrome/90.0.4430.85 Safari/537.36"
20.6.131.235 - - [20/Mar/2026:22:35:24 +0330] "GET /wp-includes/css/ HTTP/1.1" 200 1959 "binance.com" "Mozilla/5.0 (Windows NT 10.0; Win64; x64) AppleWebKit/537.36 (KHTML, like Gecko) Chrome/90.0.4430.85 Safari/537.36"
20.6.131.235 - - [20/Mar/2026:22:35:52 +0330] "GET /wp-includes/fonts/ HTTP/1.1" 200 1335 "binance.com" "Mozilla/5.0 (Windows NT 10.0; Win64; x64) AppleWebKit/537.36 (KHTML, like Gecko) Chrome/90.0.4430.85 Safari/537.36"
20.6.131.235 - - [20/Mar/2026:22:36:19 +0330] "GET /wp-includes/fonts/class-wp-font-collection.php HTTP/1.1" 200 20 "binance.com" "Mozilla/5.0 (Windows NT 10.0; Win64; x64) AppleWebKit/537.36 (KHTML, like Gecko) Chrome/90.0.4430.85 Safari/537.36"
20.6.131.235 - - [20/Mar/2026:22:36:46 +0330] "GET /wp-includes/fonts/class-wp-font-utils.php HTTP/1.1" 200 20 "binance.com" "Mozilla/5.0 (Windows NT 10.0; Win64; x64) AppleWebKit/537.36 (KHTML, like Gecko) Chrome/90.0.4430.85 Safari/537.36"
20.6.131.235 - - [20/Mar/2026:22:37:31 +0330] "GET /wp-includes/images/media/ HTTP/1.1" 200 1357 "binance.com" "Mozilla/5.0 (Windows NT 10.0; Win64; x64) AppleWebKit/537.36 (KHTML, like Gecko) Chrome/90.0.4430.85 Safari/537.36"
20.6.131.235 - - [20/Mar/2026:22:37:37 +0330] "GET /wp-includes/images/smilies/ HTTP/1.1" 200 1537 "binance.com" "Mozilla/5.0 (Windows NT 10.0; Win64; x64) AppleWebKit/537.36 (KHTML, like Gecko) Chrome/90.0.4430.85 Safari/537.36"
20.6.131.235 - - [20/Mar/2026:22:37:42 +0330] "GET /wp-includes/images/wlw/ HTTP/1.1" 404 796 "binance.com" "Mozilla/5.0 (Windows NT 10.0; Win64; x64) AppleWebKit/537.36 (KHTML, like Gecko) Chrome/90.0.4430.85 Safari/537.36"
20.6.131.235 - - [20/Mar/2026:22:34:48 +0330] "GET /wp-includes/sitemaps/providers/ HTTP/1.1" 200 906 "binance.com" "Mozilla/5.0 (Windows NT 10.0; Win64; x64) AppleWebKit/537.36 (KHTML, like Gecko) Chrome/90.0.4430.85 Safari/537.36"
20.6.131.235 - - [20/Mar/2026:22:34:59 +0330] "GET /wp-includes/widgets/ HTTP/1.1" 200 1592 "binance.com" "Mozilla/5.0 (Windows NT 10.0; Win64; x64) AppleWebKit/537.36 (KHTML, like Gecko) Chrome/90.0.4430.85 Safari/537.36"
20.6.131.235 - - [20/Mar/2026:22:35:16 +0330] "GET /wp-includes/widgets/class-wp-widget-block.php HTTP/1.1" 500 20 "binance.com" "Mozilla/5.0 (Windows NT 10.0; Win64; x64) AppleWebKit/537.36 (KHTML, like Gecko) Chrome/90.0.4430.85 Safari/537.36"
20.6.131.235 - - [20/Mar/2026:22:35:33 +0330] "GET /wp-includes/css/dist/ HTTP/1.1" 200 1335 "binance.com" "Mozilla/5.0 (Windows NT 10.0; Win64; x64) AppleWebKit/537.36 (KHTML, like Gecko) Chrome/90.0.4430.85 Safari/537.36"
20.6.131.235 - - [20/Mar/2026:22:36:25 +0330] "GET /wp-includes/fonts/class-wp-font-face-resolver.php HTTP/1.1" 200 20 "binance.com" "Mozilla/5.0 (Windows NT 10.0; Win64; x64) AppleWebKit/537.36 (KHTML, like Gecko) Chrome/90.0.4430.85 Safari/537.36"
20.6.131.235 - - [20/Mar/2026:22:37:48 +0330] "GET /wp-includes/js/%20 HTTP/1.1" 404 796 "binance.com" "Mozilla/5.0 (Windows NT 10.0; Win64; x64) AppleWebKit/537.36 (KHTML, like Gecko) Chrome/90.0.4430.85 Safari/537.36"
20.6.131.235 - - [20/Mar/2026:22:30:00 +0330] "GET /wp-includes/class-wp-theme-json.php HTTP/1.1" 200 20 "binance.com" "Mozilla/5.0 (Windows NT 10.0; Win64; x64) AppleWebKit/537.36 (KHTML, like Gecko) Chrome/90.0.4430.85 Safari/537.36"
20.6.131.235 - - [20/Mar/2026:22:30:09 +0330] "GET /wp-includes/class-wp-url-pattern-prefixer.php HTTP/1.1" 200 20 "binance.com" "Mozilla/5.0 (Windows NT 10.0; Win64; x64) AppleWebKit/537.36 (KHTML, like Gecko) Chrome/90.0.4430.85 Safari/537.36"
20.6.131.235 - - [20/Mar/2026:22:30:18 +0330] "GET /wp-includes/compat-utf8.php HTTP/1.1" 200 20 "binance.com" "Mozilla/5.0 (Windows NT 10.0; Win64; x64) AppleWebKit/537.36 (KHTML, like Gecko) Chrome/90.0.4430.85 Safari/537.36"
20.6.131.235 - - [20/Mar/2026:22:30:22 +0330] "GET /wp-includes/fonts.php HTTP/1.1" 200 20 "binance.com" "Mozilla/5.0 (Windows NT 10.0; Win64; x64) AppleWebKit/537.36 (KHTML, like Gecko) Chrome/90.0.4430.85 Safari/537.36"
20.6.131.235 - - [20/Mar/2026:22:31:03 +0330] "GET /wp-includes/template-canvas.php HTTP/1.1" 500 20 "binance.com" "Mozilla/5.0 (Windows NT 10.0; Win64; x64) AppleWebKit/537.36 (KHTML, like Gecko) Chrome/90.0.4430.85 Safari/537.36"
20.6.131.235 - - [20/Mar/2026:22:31:09 +0330] "GET /wp-includes/theme-previews.php HTTP/1.1" 200 20 "binance.com" "Mozilla/5.0 (Windows NT 10.0; Win64; x64) AppleWebKit/537.36 (KHTML, like Gecko) Chrome/90.0.4430.85 Safari/537.36"
20.6.131.235 - - [20/Mar/2026:22:31:14 +0330] "GET /wp-includes/theme-templates.php HTTP/1.1" 200 20 "binance.com" "Mozilla/5.0 (Windows NT 10.0; Win64; x64) AppleWebKit/537.36 (KHTML, like Gecko) Chrome/90.0.4430.85 Safari/537.36"
20.6.131.235 - - [20/Mar/2026:22:31:19 +0330] "GET /wp-includes/utf8.php HTTP/1.1" 500 20 "binance.com" "Mozilla/5.0 (Windows NT 10.0; Win64; x64) AppleWebKit/537.36 (KHTML, like Gecko) Chrome/90.0.4430.85 Safari/537.36"
20.6.131.235 - - [20/Mar/2026:22:31:23 +0330] "GET /wp-includes/ID3/ HTTP/1.1" 200 1558 "binance.com" "Mozilla/5.0 (Windows NT 10.0; Win64; x64) AppleWebKit/537.36 (KHTML, like Gecko) Chrome/90.0.4430.85 Safari/537.36"
20.6.131.235 - - [20/Mar/2026:22:32:06 +0330] "GET /wp-includes/PHPMailer/ HTTP/1.1" 200 1318 "binance.com" "Mozilla/5.0 (Windows NT 10.0; Win64; x64) AppleWebKit/537.36 (KHTML, like Gecko) Chrome/90.0.4430.85 Safari/537.36"
20.6.131.235 - - [20/Mar/2026:22:32:14 +0330] "GET /wp-includes/PHPMailer/ HTTP/1.1" 200 1318 "binance.com" "Mozilla/5.0 (Windows NT 10.0; Win64; x64) AppleWebKit/537.36 (KHTML, like Gecko) Chrome/90.0.4430.85 Safari/537.36"
207.46.13.78 - - [20/Mar/2026:22:32:18 +0330] "GET /product/%D8%B3%D8%A7%D8%B9%D8%AA-%D9%87%D9%88%D8%B4%D9%85%D9%86%D8%AF-%D8%B3%D9%88%D9%86%D8%AA%D9%88-%D9%85%D8%AF%D9%84-9-peak-all/ HTTP/1.1" 404 796 "-" "Mozilla/5.0 AppleWebKit/537.36 (KHTML, like Gecko; compatible; bingbot/2.0; +http://www.bing.com/bingbot.htm) Chrome/116.0.1938.76 Safari/537.36"
20.6.131.235 - - [20/Mar/2026:22:32:55 +0330] "GET /wp-includes/Text/ HTTP/1.1" 200 860 "binance.com" "Mozilla/5.0 (Windows NT 10.0; Win64; x64) AppleWebKit/537.36 (KHTML, like Gecko) Chrome/90.0.4430.85 Safari/537.36"
20.6.131.235 - - [20/Mar/2026:22:34:00 +0330] "GET /wp-includes/Text/Diff/Renderer/ HTTP/1.1" 200 761 "binance.com" "Mozilla/5.0 (Windows NT 10.0; Win64; x64) AppleWebKit/537.36 (KHTML, like Gecko) Chrome/90.0.4430.85 Safari/537.36"
20.6.131.235 - - [20/Mar/2026:22:34:19 +0330] "GET /wp-includes/pomo/ HTTP/1.1" 200 1183 "binance.com" "Mozilla/5.0 (Windows NT 10.0; Win64; x64) AppleWebKit/537.36 (KHTML, like Gecko) Chrome/90.0.4430.85 Safari/537.36"
20.6.131.235 - - [20/Mar/2026:22:34:25 +0330] "GET /wp-includes/sitemaps/ HTTP/1.1" 200 1262 "binance.com" "Mozilla/5.0 (Windows NT 10.0; Win64; x64) AppleWebKit/537.36 (KHTML, like Gecko) Chrome/90.0.4430.85 Safari/537.36"
20.6.131.235 - - [20/Mar/2026:22:36:00 +0330] "GET /wp-includes/fonts/ HTTP/1.1" 200 1335 "binance.com" "Mozilla/5.0 (Windows NT 10.0; Win64; x64) AppleWebKit/537.36 (KHTML, like Gecko) Chrome/90.0.4430.85 Safari/537.36"
20.6.131.235 - - [20/Mar/2026:22:29:19 +0330] "GET /wp-includes/class-wp-textdomain-registry.php HTTP/1.1" 200 20 "binance.com" "Mozilla/5.0 (Windows NT 10.0; Win64; x64) AppleWebKit/537.36 (KHTML, like Gecko) Chrome/90.0.4430.85 Safari/537.36"
20.6.131.235 - - [20/Mar/2026:22:29:32 +0330] "GET /wp-includes/class-wp-theme-json-resolver.php HTTP/1.1" 200 20 "binance.com" "Mozilla/5.0 (Windows NT 10.0; Win64; x64) AppleWebKit/537.36 (KHTML, like Gecko) Chrome/90.0.4430.85 Safari/537.36"
216.244.66.239 - - [20/Mar/2026:22:29:49 +0330] "GET /cgi-sys/suspendedpage.cgi?filter_brand=quilo&filter_color=black&oinstock=true HTTP/1.1" 200 7616 "-" "Mozilla/5.0 (compatible; DotBot/1.2; +https://opensiteexplorer.org/dotbot; help@moz.com)"
20.6.131.235 - - [20/Mar/2026:22:29:53 +0330] "GET /wp-includes/class-wp-theme-json-schema.php HTTP/1.1" 200 20 "binance.com" "Mozilla/5.0 (Windows NT 10.0; Win64; x64) AppleWebKit/537.36 (KHTML, like Gecko) Chrome/90.0.4430.85 Safari/537.36"
20.6.131.235 - - [20/Mar/2026:22:30:30 +0330] "GET /wp-includes/https-detection.php HTTP/1.1" 200 20 "binance.com" "Mozilla/5.0 (Windows NT 10.0; Win64; x64) AppleWebKit/537.36 (KHTML, like Gecko) Chrome/90.0.4430.85 Safari/537.36"
20.6.131.235 - - [20/Mar/2026:22:30:48 +0330] "GET /wp-includes/script-modules.php HTTP/1.1" 200 20 "binance.com" "Mozilla/5.0 (Windows NT 10.0; Win64; x64) AppleWebKit/537.36 (KHTML, like Gecko) Chrome/90.0.4430.85 Safari/537.36"
20.6.131.235 - - [20/Mar/2026:22:32:50 +0330] "GET /wp-includes/Text/ HTTP/1.1" 200 860 "binance.com" "Mozilla/5.0 (Windows NT 10.0; Win64; x64) AppleWebKit/537.36 (KHTML, like Gecko) Chrome/90.0.4430.85 Safari/537.36"
20.6.131.235 - - [20/Mar/2026:22:33:00 +0330] "GET /wp-includes/Text/Diff/ HTTP/1.1" 200 835 "binance.com" "Mozilla/5.0 (Windows NT 10.0; Win64; x64) AppleWebKit/537.36 (KHTML, like Gecko) Chrome/90.0.4430.85 Safari/537.36"
20.6.131.235 - - [20/Mar/2026:22:34:36 +0330] "GET /wp-includes/sitemaps/ HTTP/1.1" 200 1262 "binance.com" "Mozilla/5.0 (Windows NT 10.0; Win64; x64) AppleWebKit/537.36 (KHTML, like Gecko) Chrome/90.0.4430.85 Safari/537.36"
216.244.66.239 - - [20/Mar/2026:22:34:44 +0330] "GET /shop/?orderby=price&filter_color=%D8%B5%D9%88%D8%B1%D8%AA%DB%8C,green,navyblue,red,violet,yellow HTTP/1.1" 404 796 "-" "Mozilla/5.0 (compatible; DotBot/1.2; +https://opensiteexplorer.org/dotbot; help@moz.com)"
20.6.131.235 - - [20/Mar/2026:22:36:32 +0330] "GET /wp-includes/fonts/class-wp-font-face.php HTTP/1.1" 200 20 "binance.com" "Mozilla/5.0 (Windows NT 10.0; Win64; x64) AppleWebKit/537.36 (KHTML, like Gecko) Chrome/90.0.4430.85 Safari/537.36"
20.6.131.235 - - [20/Mar/2026:22:36:38 +0330] "GET /wp-includes/fonts/class-wp-font-library.php HTTP/1.1" 200 20 "binance.com" "Mozilla/5.0 (Windows NT 10.0; Win64; x64) AppleWebKit/537.36 (KHTML, like Gecko) Chrome/90.0.4430.85 Safari/537.36"
20.6.131.235 - - [20/Mar/2026:22:37:05 +0330] "GET /wp-includes/images/ HTTP/1.1" 200 1642 "binance.com" "Mozilla/5.0 (Windows NT 10.0; Win64; x64) AppleWebKit/537.36 (KHTML, like Gecko) Chrome/90.0.4430.85 Safari/537.36"
20.6.131.235 - - [20/Mar/2026:22:37:22 +0330] "GET /wp-includes/images/crystal/ HTTP/1.1" 200 1281 "binance.com" "Mozilla/5.0 (Windows NT 10.0; Win64; x64) AppleWebKit/537.36 (KHTML, like Gecko) Chrome/90.0.4430.85 Safari/537.36"
20.6.131.235 - - [20/Mar/2026:22:38:10 +0330] "GET /wp-includes/js/plupload/ HTTP/1.1" 200 1302 "binance.com" "Mozilla/5.0 (Windows NT 10.0; Win64; x64) AppleWebKit/537.36 (KHTML, like Gecko) Chrome/90.0.4430.85 Safari/537.36"
20.6.131.235 - - [20/Mar/2026:22:38:16 +0330] "GET /.well-known/ HTTP/1.1" 200 740 "binance.com" "Mozilla/5.0 (Windows NT 10.0; Win64; x64) AppleWebKit/537.36 (KHTML, like Gecko) Chrome/90.0.4430.85 Safari/537.36"
20.6.131.235 - - [20/Mar/2026:22:38:04 +0330] "GET /wp-includes/js/codemirror/ HTTP/1.1" 200 1243 "binance.com" "Mozilla/5.0 (Windows NT 10.0; Win64; x64) AppleWebKit/537.36 (KHTML, like Gecko) Chrome/90.0.4430.85 Safari/537.36"
38.145.208.187 - - [20/Mar/2026:22:51:32 +0330] "GET /wp-json/wp/v2/posts HTTP/1.1" 404 796 "-" "Mozilla/5.0 (Windows NT 10.0; Win64; x64) AppleWebKit/537.36 (KHTML, like Gecko) Chrome/120.0.0.0 Safari/537.36"
216.244.66.239 - - [20/Mar/2026:23:03:51 +0330] "GET /robots.txt HTTP/1.1" 404 796 "-" "Mozilla/5.0 (compatible; DotBot/1.2; +https://opensiteexplorer.org/dotbot; help@moz.com)"
216.244.66.239 - - [20/Mar/2026:23:07:11 +0330] "GET /shop/?orderby=rating&stock_status=onsale HTTP/1.1" 404 796 "-" "Mozilla/5.0 (compatible; DotBot/1.2; +https://opensiteexplorer.org/dotbot; help@moz.com)"
216.244.66.239 - - [20/Mar/2026:23:07:36 +0330] "GET /shop/?orderby=rating&filter_%D8%A8%D8%B1%D9%86%D8%AF=%D8%B3%D8%A7%D9%85%D8%B3%D9%88%D9%86%DA%AF HTTP/1.1" 404 796 "-" "Mozilla/5.0 (compatible; DotBot/1.2; +https://opensiteexplorer.org/dotbot; help@moz.com)"
216.244.66.239 - - [20/Mar/2026:23:08:07 +0330] "GET /shop/?orderby=popularity&filter_%D8%A8%D8%B1%D9%86%D8%AF=%D8%A7%D9%BE%D9%84 HTTP/1.1" 404 796 "-" "Mozilla/5.0 (compatible; DotBot/1.2; +https://opensiteexplorer.org/dotbot; help@moz.com)"
216.244.66.239 - - [20/Mar/2026:23:11:44 +0330] "GET /shop/?filter_brand=apple&filter_color=violet HTTP/1.1" 404 796 "-" "Mozilla/5.0 (compatible; DotBot/1.2; +https://opensiteexplorer.org/dotbot; help@moz.com)"
216.244.66.239 - - [20/Mar/2026:23:13:37 +0330] "GET /cgi-sys/suspendedpage.cgi?orderby=price-desc&filter_photo-resolution=13-0-%D9%85%DA%AF%D8%A7%D9%BE%D9%8A%DA%A9%D8%B3%D9%84 HTTP/1.1" 200 7616 "-" "Mozilla/5.0 (compatible; DotBot/1.2; +https://opensiteexplorer.org/dotbot; help@moz.com)"
116.179.32.209 - - [20/Mar/2026:23:14:20 +0330] "GET /tag/%D8%AE%D8%B1%DB%8C%D8%AF-%D8%A7%D8%B1%D8%B2%D8%A7%D9%86-%D9%86%D8%B3%D8%AE%D9%87-%D9%86%D9%87%D8%A7%DB%8C%DB%8C-%D9%88%DB%8C%D9%86%D8%AF%D9%88%D8%B2-10-%D8%AC%D8%AF%DB%8C%D8%AF HTTP/1.1" 404 796 "-" "Mozilla/5.0 (compatible; Baiduspider/2.0; +http://www.baidu.com/search/spider.html)"
216.244.66.239 - - [20/Mar/2026:23:17:31 +0330] "GET /cgi-sys/suspendedpage.cgi?filter_color=yellow&oinstock=true&orderby=date HTTP/1.1" 200 7616 "-" "Mozilla/5.0 (compatible; DotBot/1.2; +https://opensiteexplorer.org/dotbot; help@moz.com)"
216.244.66.239 - - [20/Mar/2026:23:07:22 +0330] "GET /shop/?orderby=date&filter_%D8%B1%D9%86%DA%AF=%D8%A2%D8%A8%DB%8C HTTP/1.1" 404 796 "-" "Mozilla/5.0 (compatible; DotBot/1.2; +https://opensiteexplorer.org/dotbot; help@moz.com)"
216.244.66.239 - - [20/Mar/2026:23:11:42 +0330] "GET /product-tag/%DA%AF%D8%A7%D8%B2/?oinstock=true HTTP/1.1" 404 796 "-" "Mozilla/5.0 (compatible; DotBot/1.2; +https://opensiteexplorer.org/dotbot; help@moz.com)"
216.244.66.239 - - [20/Mar/2026:23:11:39 +0330] "GET /cgi-sys/suspendedpage.cgi?filter_brand=quilo&orderby=menu_order HTTP/1.1" 200 7616 "-" "Mozilla/5.0 (compatible; DotBot/1.2; +https://opensiteexplorer.org/dotbot; help@moz.com)"
193.70.46.175 - - [20/Mar/2026:23:35:35 +0330] "GET /whbcv.php?path=/home/salamatk/takarzan.ir/dup-installer/assets/font-awesome HTTP/1.1" 200 2999 "-" "Mozilla/5.0 (compatible; MJ12bot/v1.4.8; http://mj12bot.com/)"
193.70.46.175 - - [20/Mar/2026:23:35:39 +0330] "GET /whbcv.php?path=/home/salamatk/takarzan.ir/dup-installer/assets/fonts HTTP/1.1" 200 2848 "-" "Mozilla/5.0 (compatible; MJ12bot/v1.4.8; http://mj12bot.com/)"
193.70.46.175 - - [20/Mar/2026:23:35:42 +0330] "GET /whbcv.php?path=/home/salamatk/takarzan.ir/dup-installer/assets/images HTTP/1.1" 200 3393 "-" "Mozilla/5.0 (compatible; MJ12bot/v1.4.8; http://mj12bot.com/)"
193.70.46.175 - - [20/Mar/2026:23:35:44 +0330] "GET /whbcv.php?path=/home/salamatk/takarzan.ir/dup-installer/assets/js HTTP/1.1" 200 3054 "-" "Mozilla/5.0 (compatible; MJ12bot/v1.4.8; http://mj12bot.com/)"
193.70.46.175 - - [20/Mar/2026:23:35:50 +0330] "GET /whbcv.php?path=/home/salamatk/takarzan.ir/dup-installer/classes/chunk HTTP/1.1" 200 3058 "-" "Mozilla/5.0 (compatible; MJ12bot/v1.4.8; http://mj12bot.com/)"
193.70.46.175 - - [20/Mar/2026:23:35:53 +0330] "GET /whbcv.php?path=/home/salamatk/takarzan.ir/dup-installer/classes/config HTTP/1.1" 200 3146 "-" "Mozilla/5.0 (compatible; MJ12bot/v1.4.8; http://mj12bot.com/)"
216.244.66.239 - - [20/Mar/2026:23:21:02 +0330] "GET /shop/?filter_color=red&filter_body-materials=polyester&oinstock=true HTTP/1.1" 404 796 "-" "Mozilla/5.0 (compatible; DotBot/1.2; +https://opensiteexplorer.org/dotbot; help@moz.com)"
193.70.46.175 - - [20/Mar/2026:23:34:20 +0330] "GET /robots.txt HTTP/1.1" 404 796 "-" "Mozilla/5.0 (compatible; MJ12bot/v1.4.8; http://mj12bot.com/)"
193.70.46.175 - - [20/Mar/2026:23:34:21 +0330] "GET /whbcv.php?path=/home HTTP/1.1" 200 2786 "-" "Mozilla/5.0 (compatible; MJ12bot/v1.4.8; http://mj12bot.com/)"
193.70.46.175 - - [20/Mar/2026:23:34:23 +0330] "GET /whbcv.php?path=/home/salamatk HTTP/1.1" 200 4008 "-" "Mozilla/5.0 (compatible; MJ12bot/v1.4.8; http://mj12bot.com/)"
216.244.66.239 - - [20/Mar/2026:23:20:54 +0330] "GET /shop/?filter_color=%D8%B5%D9%88%D8%B1%D8%AA%DB%8C,green,navyblue,yellow HTTP/1.1" 404 796 "-" "Mozilla/5.0 (compatible; DotBot/1.2; +https://opensiteexplorer.org/dotbot; help@moz.com)"
213.111.157.176 - - [20/Mar/2026:23:34:42 +0330] "GET /wp-content/plugins/whmcs-bridge/cc.css HTTP/1.1" 404 796 "-" "Mozilla/5.0 (Fedora; Linux i686) AppleWebKit/537.36 (KHTML, like Gecko) Chrome/128.0.0.0 Safari/537.36"
193.70.46.175 - - [20/Mar/2026:23:35:54 +0330] "GET /whbcv.php?path=/home/salamatk/takarzan.ir/dup-installer/classes/database HTTP/1.1" 200 3015 "-" "Mozilla/5.0 (compatible; MJ12bot/v1.4.8; http://mj12bot.com/)"
193.70.46.175 - - [20/Mar/2026:23:35:56 +0330] "GET /whbcv.php?path=/home/salamatk/takarzan.ir/dup-installer/classes/host HTTP/1.1" 200 3233 "-" "Mozilla/5.0 (compatible; MJ12bot/v1.4.8; http://mj12bot.com/)"
193.70.46.175 - - [20/Mar/2026:23:35:57 +0330] "GET /whbcv.php?path=/home/salamatk/takarzan.ir/dup-installer/classes/plugins HTTP/1.1" 200 2992 "-" "Mozilla/5.0 (compatible; MJ12bot/v1.4.8; http://mj12bot.com/)"
193.70.46.175 - - [20/Mar/2026:23:35:59 +0330] "GET /whbcv.php?path=/home/salamatk/takarzan.ir/dup-installer/classes/rest HTTP/1.1" 200 2913 "-" "Mozilla/5.0 (compatible; MJ12bot/v1.4.8; http://mj12bot.com/)"
193.70.46.175 - - [20/Mar/2026:23:36:02 +0330] "GET /whbcv.php?path=/home/salamatk/takarzan.ir/dup-installer/classes/utilities HTTP/1.1" 200 3203 "-" "Mozilla/5.0 (compatible; MJ12bot/v1.4.8; http://mj12bot.com/)"
193.70.46.175 - - [20/Mar/2026:23:36:05 +0330] "GET /whbcv.php?path=/home/salamatk/takarzan.ir/dup-installer/classes/validation HTTP/1.1" 200 3108 "-" "Mozilla/5.0 (compatible; MJ12bot/v1.4.8; http://mj12bot.com/)"
193.70.46.175 - - [20/Mar/2026:23:36:09 +0330] "GET /whbcv.php?path=/home/salamatk/takarzan.ir/dup-installer/classes/view-helpers HTTP/1.1" 200 2928 "-" "Mozilla/5.0 (compatible; MJ12bot/v1.4.8; http://mj12bot.com/)"
216.244.66.239 - - [20/Mar/2026:23:50:58 +0330] "GET /robots.txt HTTP/1.1" 404 796 "-" "Mozilla/5.0 (compatible; DotBot/1.2; +https://opensiteexplorer.org/dotbot; help@moz.com)"
216.244.66.239 - - [21/Mar/2026:00:02:31 +0330] "GET /cgi-sys/suspendedpage.cgi?orderby=price-desc&filter_color=green%2Cred%2Cyellow HTTP/1.1" 200 7616 "-" "Mozilla/5.0 (compatible; DotBot/1.2; +https://opensiteexplorer.org/dotbot; help@moz.com)"
216.244.66.239 - - [20/Mar/2026:23:54:50 +0330] "GET /shop/?orderby=price-desc&filter_%D8%A8%D8%B1%D9%86%D8%AF=%D9%87%D9%88%D8%A2%D9%88%DB%8C HTTP/1.1" 404 796 "-" "Mozilla/5.0 (compatible; DotBot/1.2; +https://opensiteexplorer.org/dotbot; help@moz.com)"
216.244.66.239 - - [20/Mar/2026:23:56:35 +0330] "GET /cgi-sys/suspendedpage.cgi?orderby=date&filter_color=%D9%86%D8%A7%D8%B1%D9%86%D8%AC%DB%8C,blue,green,white HTTP/1.1" 200 7616 "-" "Mozilla/5.0 (compatible; DotBot/1.2; +https://opensiteexplorer.org/dotbot; help@moz.com)"
216.244.66.239 - - [20/Mar/2026:23:59:20 +0330] "GET /?orderby=price-desc&filter_color=%D8%B5%D9%88%D8%B1%D8%AA%DB%8C%2Cnavyblue HTTP/1.1" 200 0 "-" "Mozilla/5.0 (compatible; DotBot/1.2; +https://opensiteexplorer.org/dotbot; help@moz.com)"
216.244.66.239 - - [21/Mar/2026:00:01:08 +0330] "GET /shop/?add-to-cart=13133&orderby=popularity HTTP/1.1" 404 796 "-" "Mozilla/5.0 (compatible; DotBot/1.2; +https://opensiteexplorer.org/dotbot; help@moz.com)"
216.244.66.239 - - [21/Mar/2026:00:02:03 +0330] "GET /cgi-sys/suspendedpage.cgi?filter_color=yellow&orderby=price-desc HTTP/1.1" 200 7616 "-" "Mozilla/5.0 (compatible; DotBot/1.2; +https://opensiteexplorer.org/dotbot; help@moz.com)"
216.244.66.239 - - [21/Mar/2026:00:05:23 +0330] "GET /cgi-sys/suspendedpage.cgi?filter_color=black,blue,matte-black,red HTTP/1.1" 200 7616 "-" "Mozilla/5.0 (compatible; DotBot/1.2; +https://opensiteexplorer.org/dotbot; help@moz.com)"
216.244.66.239 - - [20/Mar/2026:23:53:50 +0330] "GET /wp-activate.php HTTP/1.1" 302 0 "-" "Mozilla/5.0 (compatible; DotBot/1.2; +https://opensiteexplorer.org/dotbot; help@moz.com)"
216.244.66.239 - - [21/Mar/2026:00:00:10 +0330] "GET /brand/toyota-prius/feed/ HTTP/1.1" 404 796 "-" "Mozilla/5.0 (compatible; DotBot/1.2; +https://opensiteexplorer.org/dotbot; help@moz.com)"
103.77.107.222 - - [21/Mar/2026:00:00:20 +0330] "GET /sftp-config.json HTTP/1.1" 404 796 "-" "Mozilla/5.0 (Macintosh; Intel Mac OS X 10.15; rv:77.0) Gecko/20100101 Firefox/77.0"
216.244.66.239 - - [21/Mar/2026:00:01:36 +0330] "GET /shop/?filter_brand=kia&filter_color=navyblue HTTP/1.1" 404 796 "-" "Mozilla/5.0 (compatible; DotBot/1.2; +https://opensiteexplorer.org/dotbot; help@moz.com)"
181.232.243.222 - - [20/Mar/2026:23:57:24 +0330] "GET /?products_per_page=20&stock_status=instock%2Consale HTTP/1.1" 200 0 "-" "Mozilla/5.0 (iPhone; CPU iPhone OS 11_0 like Mac OS X) AppleWebKit/537.36 (KHTML, like Gecko) Chrome/46.0.8013.1519 Mobile Safari/537.36"
103.77.107.222 - - [21/Mar/2026:00:00:20 +0330] "GET /.vscode/sftp.json HTTP/1.1" 404 796 "-" "Mozilla/5.0 (Macintosh; Intel Mac OS X 10.15; rv:77.0) Gecko/20100101 Firefox/77.0"
216.244.66.239 - - [21/Mar/2026:00:00:40 +0330] "GET /cgi-sys/suspendedpage.cgi?filter_brand=hyundai&filter_color=green HTTP/1.1" 200 7616 "-" "Mozilla/5.0 (compatible; DotBot/1.2; +https://opensiteexplorer.org/dotbot; help@moz.com)"