File: //proc/thread-self/root/proc/self/root/home/salamatk/access-logs/takarzan.ir.salamatkala-bnd.ir
216.244.66.239 - - [20/Mar/2026:15:03:15 +0330] "GET /cgi-sys/suspendedpage.cgi?remove_item=8b73f6e0233d36b602d3380b92c24767&_wpnonce=16c7bef960 HTTP/1.1" 200 7616 "-" "Mozilla/5.0 (compatible; DotBot/1.2; +https://opensiteexplorer.org/dotbot; help@moz.com)"
38.242.226.127 - - [20/Mar/2026:15:09:27 +0330] "GET /product-category/%DA%AF%D9%88%D8%B4%DB%8C-%D9%85%D9%88%D8%A8%D8%A7%DB%8C%D9%84/?stock_status=instock&filter_%D8%A8%D8%B1%D9%86%D8%AF=%D8%A7%D9%BE%D9%84,%D8%B4%DB%8C%D8%A7%D8%A6%D9%88%D9%85%DB%8C,%D9%86%D9%88%DA%A9%DB%8C%D8%A7 HTTP/1.1" 404 796 "-" "Mozilla/5.0 (compatible; MJ12bot/v1.4.8; http://mj12bot.com/)"
38.242.226.127 - - [20/Mar/2026:15:09:31 +0330] "GET /product-category/%DA%AF%D9%88%D8%B4%DB%8C-%D9%85%D9%88%D8%A8%D8%A7%DB%8C%D9%84/?stock_status=instock&filter_%D8%B1%D9%86%DA%AF=%D8%A2%D8%A8%DB%8C%2C%D8%B3%D9%81%DB%8C%D8%AF%2C%D9%85%D8%B4%DA%A9%DB%8C%2C%DA%AF%D9%84%D8%A8%D9%87%DB%8C&products_per_page=12 HTTP/1.1" 404 796 "-" "Mozilla/5.0 (compatible; MJ12bot/v1.4.8; http://mj12bot.com/)"
38.242.226.127 - - [20/Mar/2026:15:09:35 +0330] "GET /product-category/%D8%A7%D8%B3%D9%BE%DB%8C%DA%A9%D8%B1/?products_per_page=12 HTTP/1.1" 404 796 "-" "Mozilla/5.0 (compatible; MJ12bot/v1.4.8; http://mj12bot.com/)"
38.242.226.127 - - [20/Mar/2026:15:09:41 +0330] "GET /product-category/%D8%A7%D8%B3%D9%BE%DB%8C%DA%A9%D8%B1/?products_per_page=30 HTTP/1.1" 404 796 "-" "Mozilla/5.0 (compatible; MJ12bot/v1.4.8; http://mj12bot.com/)"
38.242.226.127 - - [20/Mar/2026:15:09:46 +0330] "GET /product-category/%DA%AF%D9%88%D8%B4%DB%8C-%D9%85%D9%88%D8%A8%D8%A7%DB%8C%D9%84/?filter_%D8%B1%D9%86%DA%AF=%D8%B3%D9%81%DB%8C%D8%AF,%DA%AF%D9%84%D8%A8%D9%87%DB%8C&stock_status=instock&filter_%D8%A8%D8%B1%D9%86%D8%AF=%D8%B4%DB%8C%D8%A7%D8%A6%D9%88%D9%85%DB%8C HTTP/1.1" 404 796 "-" "Mozilla/5.0 (compatible; MJ12bot/v1.4.8; http://mj12bot.com/)"
38.242.226.127 - - [20/Mar/2026:15:09:48 +0330] "GET /product/%D8%AA%D9%84%D9%88%D8%B2%DB%8C%D9%88%D9%86-%D8%A7%D9%84-%D8%A7%DB%8C-%D8%AF%DB%8C-%D9%87%D9%88%D8%B4%D9%85%D9%86%D8%AF-%D8%AC%DB%8C-%D9%BE%D9%84%D8%A7%D8%B3-%D8%B3%D8%A7%DB%8C%D8%B2-50-%D8%A7%DB%8C/?add-to-cart=86 HTTP/1.1" 404 796 "-" "Mozilla/5.0 (compatible; MJ12bot/v1.4.8; http://mj12bot.com/)"
38.242.226.127 - - [20/Mar/2026:15:09:49 +0330] "GET /whbcv.php?fileloc=/home/salamatk/takarzan.ir/wp-includes/class-walker-category.php&path=/home/salamatk/takarzan.ir/wp-includes HTTP/1.1" 200 4967 "-" "Mozilla/5.0 (compatible; MJ12bot/v1.4.8; http://mj12bot.com/)"
38.242.226.127 - - [20/Mar/2026:15:09:51 +0330] "GET /whbcv.php?fileloc=/home/salamatk/takarzan.ir/wp-includes/class-walker-nav-menu.php&path=/home/salamatk/takarzan.ir/wp-includes HTTP/1.1" 200 5225 "-" "Mozilla/5.0 (compatible; MJ12bot/v1.4.8; http://mj12bot.com/)"
38.242.226.127 - - [20/Mar/2026:15:09:53 +0330] "GET /whbcv.php?fileloc=/home/salamatk/takarzan.ir/wp-includes/robots-template.php&path=/home/salamatk/takarzan.ir/wp-includes HTTP/1.1" 200 3749 "-" "Mozilla/5.0 (compatible; MJ12bot/v1.4.8; http://mj12bot.com/)"
38.242.226.127 - - [20/Mar/2026:15:09:54 +0330] "GET /whbcv.php?fileloc=/home/salamatk/takarzan.ir/wp-includes/rss.php&path=/home/salamatk/takarzan.ir/wp-includes HTTP/1.1" 200 9432 "-" "Mozilla/5.0 (compatible; MJ12bot/v1.4.8; http://mj12bot.com/)"
38.242.226.127 - - [20/Mar/2026:15:09:56 +0330] "GET /whbcv.php?fileloc=/home/salamatk/takarzan.ir/wp-includes/script-loader.php&path=/home/salamatk/takarzan.ir/wp-includes HTTP/1.1" 200 42090 "-" "Mozilla/5.0 (compatible; MJ12bot/v1.4.8; http://mj12bot.com/)"
38.242.226.127 - - [20/Mar/2026:15:09:58 +0330] "GET /whbcv.php?fileloc=/home/salamatk/takarzan.ir/wp-includes/script-modules.php&path=/home/salamatk/takarzan.ir/wp-includes HTTP/1.1" 200 4899 "-" "Mozilla/5.0 (compatible; MJ12bot/v1.4.8; http://mj12bot.com/)"
38.242.226.127 - - [20/Mar/2026:15:09:59 +0330] "GET /whbcv.php?fileloc=/home/salamatk/takarzan.ir/wp-includes/session.php&path=/home/salamatk/takarzan.ir/wp-includes HTTP/1.1" 200 2667 "-" "Mozilla/5.0 (compatible; MJ12bot/v1.4.8; http://mj12bot.com/)"
38.242.226.127 - - [20/Mar/2026:15:10:01 +0330] "GET /whbcv.php?fileloc=/home/salamatk/takarzan.ir/wp-includes/shortcodes.php&path=/home/salamatk/takarzan.ir/wp-includes HTTP/1.1" 200 9235 "-" "Mozilla/5.0 (compatible; MJ12bot/v1.4.8; http://mj12bot.com/)"
38.242.226.127 - - [20/Mar/2026:15:10:03 +0330] "GET /whbcv.php?fileloc=/home/salamatk/takarzan.ir/wp-includes/sitemaps.php&path=/home/salamatk/takarzan.ir/wp-includes HTTP/1.1" 200 3560 "-" "Mozilla/5.0 (compatible; MJ12bot/v1.4.8; http://mj12bot.com/)"
38.242.226.127 - - [20/Mar/2026:15:10:05 +0330] "GET /whbcv.php?fileloc=/home/salamatk/takarzan.ir/wp-includes/speculative-loading.php&path=/home/salamatk/takarzan.ir/wp-includes HTTP/1.1" 200 5338 "-" "Mozilla/5.0 (compatible; MJ12bot/v1.4.8; http://mj12bot.com/)"
38.242.226.127 - - [20/Mar/2026:15:10:07 +0330] "GET /whbcv.php?fileloc=/home/salamatk/takarzan.ir/wp-includes/spl-autoload-compat.php&path=/home/salamatk/takarzan.ir/wp-includes HTTP/1.1" 200 2796 "-" "Mozilla/5.0 (compatible; MJ12bot/v1.4.8; http://mj12bot.com/)"
38.242.226.127 - - [20/Mar/2026:15:10:08 +0330] "GET /whbcv.php?fileloc=/home/salamatk/takarzan.ir/wp-includes/style-engine.php&path=/home/salamatk/takarzan.ir/wp-includes HTTP/1.1" 200 4541 "-" "Mozilla/5.0 (compatible; MJ12bot/v1.4.8; http://mj12bot.com/)"
38.242.226.127 - - [20/Mar/2026:15:10:10 +0330] "GET /whbcv.php?fileloc=/home/salamatk/takarzan.ir/wp-includes/taxonomy.php&path=/home/salamatk/takarzan.ir/wp-includes HTTP/1.1" 200 40925 "-" "Mozilla/5.0 (compatible; MJ12bot/v1.4.8; http://mj12bot.com/)"
38.242.226.127 - - [20/Mar/2026:15:10:12 +0330] "GET /whbcv.php?fileloc=/home/salamatk/takarzan.ir/wp-includes/template-canvas.php&path=/home/salamatk/takarzan.ir/wp-includes HTTP/1.1" 200 2822 "-" "Mozilla/5.0 (compatible; MJ12bot/v1.4.8; http://mj12bot.com/)"
38.242.226.127 - - [20/Mar/2026:15:10:13 +0330] "GET /whbcv.php?fileloc=/home/salamatk/takarzan.ir/wp-includes/template-loader.php&path=/home/salamatk/takarzan.ir/wp-includes HTTP/1.1" 200 4168 "-" "Mozilla/5.0 (compatible; MJ12bot/v1.4.8; http://mj12bot.com/)"
38.242.226.127 - - [20/Mar/2026:15:10:15 +0330] "GET /whbcv.php?fileloc=/home/salamatk/takarzan.ir/wp-includes/template.php&path=/home/salamatk/takarzan.ir/wp-includes HTTP/1.1" 200 10901 "-" "Mozilla/5.0 (compatible; MJ12bot/v1.4.8; http://mj12bot.com/)"
38.242.226.127 - - [20/Mar/2026:15:10:17 +0330] "GET /whbcv.php?fileloc=/home/salamatk/takarzan.ir/wp-includes/theme-i18n.json&path=/home/salamatk/takarzan.ir/wp-includes HTTP/1.1" 200 2942 "-" "Mozilla/5.0 (compatible; MJ12bot/v1.4.8; http://mj12bot.com/)"
38.242.226.127 - - [20/Mar/2026:15:10:18 +0330] "GET /whbcv.php?fileloc=/home/salamatk/takarzan.ir/wp-includes/theme-previews.php&path=/home/salamatk/takarzan.ir/wp-includes HTTP/1.1" 200 3677 "-" "Mozilla/5.0 (compatible; MJ12bot/v1.4.8; http://mj12bot.com/)"
38.242.226.127 - - [20/Mar/2026:15:10:20 +0330] "GET /whbcv.php?fileloc=/home/salamatk/takarzan.ir/wp-includes/theme-templates.php&path=/home/salamatk/takarzan.ir/wp-includes HTTP/1.1" 200 4877 "-" "Mozilla/5.0 (compatible; MJ12bot/v1.4.8; http://mj12bot.com/)"
38.242.226.127 - - [20/Mar/2026:15:10:21 +0330] "GET /whbcv.php?fileloc=/home/salamatk/takarzan.ir/wp-includes/theme.json&path=/home/salamatk/takarzan.ir/wp-includes HTTP/1.1" 200 4877 "-" "Mozilla/5.0 (compatible; MJ12bot/v1.4.8; http://mj12bot.com/)"
38.242.226.127 - - [20/Mar/2026:15:10:23 +0330] "GET /whbcv.php?fileloc=/home/salamatk/takarzan.ir/wp-includes/theme.php&path=/home/salamatk/takarzan.ir/wp-includes HTTP/1.1" 200 34192 "-" "Mozilla/5.0 (compatible; MJ12bot/v1.4.8; http://mj12bot.com/)"
38.242.226.127 - - [20/Mar/2026:15:10:25 +0330] "GET /whbcv.php?fileloc=/home/salamatk/takarzan.ir/wp-includes/update.php&path=/home/salamatk/takarzan.ir/wp-includes HTTP/1.1" 200 11445 "-" "Mozilla/5.0 (compatible; MJ12bot/v1.4.8; http://mj12bot.com/)"
216.244.66.239 - - [20/Mar/2026:15:10:25 +0330] "GET /shop/?filter_color=red,silver-2 HTTP/1.1" 404 796 "-" "Mozilla/5.0 (compatible; DotBot/1.2; +https://opensiteexplorer.org/dotbot; help@moz.com)"
216.244.66.239 - - [20/Mar/2026:15:01:29 +0330] "GET /shop/?orderby=rating&filter_%D8%B1%D9%86%DA%AF=%D8%A2%D8%A8%DB%8C HTTP/1.1" 404 796 "-" "Mozilla/5.0 (compatible; DotBot/1.2; +https://opensiteexplorer.org/dotbot; help@moz.com)"
216.244.66.239 - - [20/Mar/2026:15:03:00 +0330] "GET /cgi-sys/suspendedpage.cgi?orderby=price&filter_color=%D8%B5%D9%88%D8%B1%D8%AA%DB%8C,black,red HTTP/1.1" 200 7616 "-" "Mozilla/5.0 (compatible; DotBot/1.2; +https://opensiteexplorer.org/dotbot; help@moz.com)"
216.244.66.239 - - [20/Mar/2026:15:03:09 +0330] "GET /cgi-sys/suspendedpage.cgi?remove_item=7cff4ce87d7f2179d73e7959bf213529&_wpnonce=76f2a2e716 HTTP/1.1" 200 7616 "-" "Mozilla/5.0 (compatible; DotBot/1.2; +https://opensiteexplorer.org/dotbot; help@moz.com)"
216.244.66.239 - - [20/Mar/2026:15:03:27 +0330] "GET /?orderby=price&filter_color=red%2Cviolet%2Cyellow HTTP/1.1" 200 0 "-" "Mozilla/5.0 (compatible; DotBot/1.2; +https://opensiteexplorer.org/dotbot; help@moz.com)"
216.244.66.239 - - [20/Mar/2026:15:03:54 +0330] "GET /cgi-sys/suspendedpage.cgi?orderby=rating&filter_color=%D8%B5%D9%88%D8%B1%D8%AA%DB%8C,blue,blue-green HTTP/1.1" 200 7616 "-" "Mozilla/5.0 (compatible; DotBot/1.2; +https://opensiteexplorer.org/dotbot; help@moz.com)"
216.244.66.239 - - [20/Mar/2026:15:05:47 +0330] "GET /cgi-sys/suspendedpage.cgi?filter_screen-sizeii=15-4-%D8%A7%D9%8A%D9%86%DA%86&filter_color=matte-black,silver-2 HTTP/1.1" 200 7616 "-" "Mozilla/5.0 (compatible; DotBot/1.2; +https://opensiteexplorer.org/dotbot; help@moz.com)"
38.242.226.127 - - [20/Mar/2026:15:08:58 +0330] "GET /robots.txt HTTP/1.1" 404 796 "-" "Mozilla/5.0 (compatible; MJ12bot/v1.4.8; http://mj12bot.com/)"
38.242.226.127 - - [20/Mar/2026:15:09:06 +0330] "GET /product-category/%DA%AF%D9%88%D8%B4%DB%8C-%D9%85%D9%88%D8%A8%D8%A7%DB%8C%D9%84/?stock_status=instock&filter_%D8%A8%D8%B1%D9%86%D8%AF=%D8%A7%D9%BE%D9%84,%D8%B3%D8%A7%D9%85%D8%B3%D9%88%D9%86%DA%AF,%D9%88%D8%A7%D9%86-%D9%BE%D9%84%D8%A7%D8%B3 HTTP/1.1" 404 796 "-" "Mozilla/5.0 (compatible; MJ12bot/v1.4.8; http://mj12bot.com/)"
216.244.66.239 - - [20/Mar/2026:15:09:11 +0330] "GET /cgi-sys/suspendedpage.cgi?orderby=date&filter_color=black,violet HTTP/1.1" 200 7616 "-" "Mozilla/5.0 (compatible; DotBot/1.2; +https://opensiteexplorer.org/dotbot; help@moz.com)"
38.242.226.127 - - [20/Mar/2026:15:10:54 +0330] "GET /whbcv.php?path=/home/salamatk/takarzan.ir/.well-known/acme-challenge HTTP/1.1" 200 2586 "-" "Mozilla/5.0 (compatible; MJ12bot/v1.4.8; http://mj12bot.com/)"
38.242.226.127 - - [20/Mar/2026:15:10:55 +0330] "GET /whbcv.php?path=/home/salamatk/takarzan.ir/dup-installer/assets HTTP/1.1" 200 3409 "-" "Mozilla/5.0 (compatible; MJ12bot/v1.4.8; http://mj12bot.com/)"
216.244.66.239 - - [20/Mar/2026:15:59:26 +0330] "GET /cgi-sys/suspendedpage.cgi?add-to-cart=12798&oinstock=true HTTP/1.1" 200 7616 "-" "Mozilla/5.0 (compatible; DotBot/1.2; +https://opensiteexplorer.org/dotbot; help@moz.com)"
216.244.66.239 - - [20/Mar/2026:16:01:21 +0330] "GET /cgi-sys/suspendedpage.cgi?filter_brand=quilo&orderby=popularity HTTP/1.1" 200 7616 "-" "Mozilla/5.0 (compatible; DotBot/1.2; +https://opensiteexplorer.org/dotbot; help@moz.com)"
216.244.66.239 - - [20/Mar/2026:16:01:25 +0330] "GET /shop/?filter_brand=delsey&filter_color=green,red HTTP/1.1" 404 796 "-" "Mozilla/5.0 (compatible; DotBot/1.2; +https://opensiteexplorer.org/dotbot; help@moz.com)"
51.75.119.161 - - [20/Mar/2026:16:22:52 +0330] "GET /robots.txt HTTP/1.1" 404 796 "-" "Mozilla/5.0 (compatible; MJ12bot/v1.4.8; http://mj12bot.com/)"
51.75.119.161 - - [20/Mar/2026:16:22:56 +0330] "GET /?MA&add-to-cart=109 HTTP/1.1" 200 34037 "-" "Mozilla/5.0 (compatible; MJ12bot/v1.4.8; http://mj12bot.com/)"
51.75.119.161 - - [20/Mar/2026:16:23:33 +0330] "GET /?MA&add-to-cart=110 HTTP/1.1" 200 34054 "-" "Mozilla/5.0 (compatible; MJ12bot/v1.4.8; http://mj12bot.com/)"
51.75.119.161 - - [20/Mar/2026:16:24:04 +0330] "GET /?MA&add-to-cart=111 HTTP/1.1" 200 34061 "-" "Mozilla/5.0 (compatible; MJ12bot/v1.4.8; http://mj12bot.com/)"
216.244.66.239 - - [20/Mar/2026:15:02:09 +0330] "GET /?orderby=rating&products_per_page=12 HTTP/1.1" 200 0 "-" "Mozilla/5.0 (compatible; DotBot/1.2; +https://opensiteexplorer.org/dotbot; help@moz.com)"
216.244.66.239 - - [20/Mar/2026:15:03:21 +0330] "GET /cgi-sys/suspendedpage.cgi?remove_item=eef15e7066deb4f1a7a6c1e2d24eda9e&_wpnonce=6ef123c103 HTTP/1.1" 200 7616 "-" "Mozilla/5.0 (compatible; DotBot/1.2; +https://opensiteexplorer.org/dotbot; help@moz.com)"
216.244.66.239 - - [20/Mar/2026:15:04:42 +0330] "GET /cgi-sys/suspendedpage.cgi?orderby=price-desc&filter_brand=kia&oinstock=true HTTP/1.1" 200 7616 "-" "Mozilla/5.0 (compatible; DotBot/1.2; +https://opensiteexplorer.org/dotbot; help@moz.com)"
216.244.66.239 - - [20/Mar/2026:15:07:26 +0330] "GET /cgi-sys/suspendedpage.cgi?orderby=rating&filter_brand=quilo&filter_color=matte-black HTTP/1.1" 200 7616 "-" "Mozilla/5.0 (compatible; DotBot/1.2; +https://opensiteexplorer.org/dotbot; help@moz.com)"
217.182.195.233 - - [20/Mar/2026:15:41:27 +0330] "GET /robots.txt HTTP/1.1" 404 796 "-" "Mozilla/5.0 (compatible; MJ12bot/v1.4.8; http://mj12bot.com/)"
217.182.195.233 - - [20/Mar/2026:15:41:28 +0330] "GET /whbcv.php?path=/home/salamatk/takarzan.ir/dup-installer/addons HTTP/1.1" 200 2913 "-" "Mozilla/5.0 (compatible; MJ12bot/v1.4.8; http://mj12bot.com/)"
217.182.195.233 - - [20/Mar/2026:15:41:33 +0330] "GET /whbcv.php?path=/home/salamatk/takarzan.ir/dup-installer/classes HTTP/1.1" 200 3634 "-" "Mozilla/5.0 (compatible; MJ12bot/v1.4.8; http://mj12bot.com/)"
216.244.66.239 - - [20/Mar/2026:16:01:28 +0330] "GET /shop/?filter_color=black%2Cgolden&oinstock=true HTTP/1.1" 404 796 "-" "Mozilla/5.0 (compatible; DotBot/1.2; +https://opensiteexplorer.org/dotbot; help@moz.com)"
116.179.33.206 - - [20/Mar/2026:16:34:02 +0330] "GET /post/279/%D8%AE%D8%B1%DB%8C%D8%AF-%D9%85%D9%88%D8%AF%D9%85-%D9%87%D9%85%D8%B1%D8%A7%D9%87-4g-%D9%87%D9%88%D8%A2%D9%88%DB%8C-%D9%85%D8%AF%D9%84-e5577-%D8%A8%D8%A7-%D8%A8%DB%8C%D8%B4%D8%AA%D8%B1%DB%8C%D9%86-%D8%AA%D8%AE%D9%81%DB%8C%D9%81.html HTTP/1.1" 404 796 "-" "Mozilla/5.0 (Windows NT 10.0; Win64; x64) AppleWebKit/537.36 (KHTML, like Gecko) Chrome/99.0.4844.51 Safari/537.36"
216.244.66.239 - - [20/Mar/2026:16:36:26 +0330] "GET /robots.txt HTTP/1.1" 404 796 "-" "Mozilla/5.0 (compatible; DotBot/1.2; +https://opensiteexplorer.org/dotbot; help@moz.com)"
51.75.119.161 - - [20/Mar/2026:16:38:15 +0330] "GET /?ND&add-to-cart=109 HTTP/1.1" 200 34036 "-" "Mozilla/5.0 (compatible; MJ12bot/v1.4.8; http://mj12bot.com/)"
5.144.129.99 - - [20/Mar/2026:16:39:15 +0330] "POST /wp-cron.php?doing_wp_cron=1774012155.6588830947875976562500 HTTP/1.1" 200 20 "-" "WordPress/6.9.4; http://takarzan.ir"
51.75.119.161 - - [20/Mar/2026:16:38:46 +0330] "GET /?ND&add-to-cart=110 HTTP/1.1" 200 34053 "-" "Mozilla/5.0 (compatible; MJ12bot/v1.4.8; http://mj12bot.com/)"
5.144.129.99 - - [20/Mar/2026:16:39:33 +0330] "POST /wp-cron.php?doing_wp_cron=1774012173.8708779811859130859375 HTTP/1.1" 200 20 "-" "WordPress/6.9.4; http://takarzan.ir"
51.75.119.161 - - [20/Mar/2026:16:39:17 +0330] "GET /?ND&add-to-cart=111 HTTP/1.1" 200 34060 "-" "Mozilla/5.0 (compatible; MJ12bot/v1.4.8; http://mj12bot.com/)"
216.244.66.239 - - [20/Mar/2026:16:40:15 +0330] "GET /cgi-sys/suspendedpage.cgi?orderby=price&filter_color=gray,red HTTP/1.1" 200 7616 "-" "Mozilla/5.0 (compatible; DotBot/1.2; +https://opensiteexplorer.org/dotbot; help@moz.com)"
51.75.119.161 - - [20/Mar/2026:16:39:48 +0330] "GET /?ND&add-to-cart=121 HTTP/1.1" 200 34055 "-" "Mozilla/5.0 (compatible; MJ12bot/v1.4.8; http://mj12bot.com/)"
5.144.129.99 - - [20/Mar/2026:16:40:53 +0330] "POST /wp-cron.php?doing_wp_cron=1774012253.2359809875488281250000 HTTP/1.1" 200 20 "-" "WordPress/6.9.4; http://takarzan.ir"
51.75.119.161 - - [20/Mar/2026:16:40:18 +0330] "GET /?ND&add-to-cart=122 HTTP/1.1" 200 34058 "-" "Mozilla/5.0 (compatible; MJ12bot/v1.4.8; http://mj12bot.com/)"
51.75.119.161 - - [20/Mar/2026:16:40:54 +0330] "GET /?ND&add-to-cart=88 HTTP/1.1" 200 34065 "-" "Mozilla/5.0 (compatible; MJ12bot/v1.4.8; http://mj12bot.com/)"
38.242.226.127 - - [20/Mar/2026:15:10:26 +0330] "GET /whbcv.php?fileloc=/home/salamatk/takarzan.ir/wp-includes/user.php&path=/home/salamatk/takarzan.ir/wp-includes HTTP/1.1" 200 40937 "-" "Mozilla/5.0 (compatible; MJ12bot/v1.4.8; http://mj12bot.com/)"
38.242.226.127 - - [20/Mar/2026:15:10:28 +0330] "GET /whbcv.php?fileloc=/home/salamatk/takarzan.ir/wp-includes/utf8.php&path=/home/salamatk/takarzan.ir/wp-includes HTTP/1.1" 200 5133 "-" "Mozilla/5.0 (compatible; MJ12bot/v1.4.8; http://mj12bot.com/)"
38.242.226.127 - - [20/Mar/2026:15:10:29 +0330] "GET /whbcv.php?fileloc=/home/salamatk/takarzan.ir/wp-includes/vars.php&path=/home/salamatk/takarzan.ir/wp-includes HTTP/1.1" 200 4551 "-" "Mozilla/5.0 (compatible; MJ12bot/v1.4.8; http://mj12bot.com/)"
38.242.226.127 - - [20/Mar/2026:15:10:31 +0330] "GET /whbcv.php?fileloc=/home/salamatk/takarzan.ir/wp-includes/version.php&path=/home/salamatk/takarzan.ir/wp-includes HTTP/1.1" 200 2952 "-" "Mozilla/5.0 (compatible; MJ12bot/v1.4.8; http://mj12bot.com/)"
38.242.226.127 - - [20/Mar/2026:15:10:33 +0330] "GET /whbcv.php?fileloc=/home/salamatk/takarzan.ir/wp-includes/widgets.php&path=/home/salamatk/takarzan.ir/wp-includes HTTP/1.1" 200 18708 "-" "Mozilla/5.0 (compatible; MJ12bot/v1.4.8; http://mj12bot.com/)"
38.242.226.127 - - [20/Mar/2026:15:10:34 +0330] "GET /whbcv.php?fileloc=/home/salamatk/takarzan.ir/wp-includes/wp-db.php&path=/home/salamatk/takarzan.ir/wp-includes HTTP/1.1" 200 2771 "-" "Mozilla/5.0 (compatible; MJ12bot/v1.4.8; http://mj12bot.com/)"
216.244.66.239 - - [20/Mar/2026:15:15:35 +0330] "GET /cgi-sys/suspendedpage.cgi?remove_item=eef15e7066deb4f1a7a6c1e2d24eda9e&_wpnonce=0b3518878d HTTP/1.1" 200 7616 "-" "Mozilla/5.0 (compatible; DotBot/1.2; +https://opensiteexplorer.org/dotbot; help@moz.com)"
216.244.66.239 - - [20/Mar/2026:15:50:12 +0330] "GET /robots.txt HTTP/1.1" 404 796 "-" "Mozilla/5.0 (compatible; DotBot/1.2; +https://opensiteexplorer.org/dotbot; help@moz.com)"
216.244.66.239 - - [20/Mar/2026:15:59:21 +0330] "GET /brand/toyota-prius/?orderby=date HTTP/1.1" 404 796 "-" "Mozilla/5.0 (compatible; DotBot/1.2; +https://opensiteexplorer.org/dotbot; help@moz.com)"
216.244.66.239 - - [20/Mar/2026:16:01:30 +0330] "GET /shop/?orderby=price&filter_color=blue,navyblue HTTP/1.1" 404 796 "-" "Mozilla/5.0 (compatible; DotBot/1.2; +https://opensiteexplorer.org/dotbot; help@moz.com)"
121.33.5.77 - - [20/Mar/2026:16:17:33 +0330] "GET /wp-json/wp/v2/posts HTTP/1.1" 404 796 "-" "Mozilla/5.0 (Windows NT 10.0; Win64; x64) AppleWebKit/537.36 (KHTML, like Gecko) Chrome/120.0.0.0 Safari/537.36"
216.244.66.239 - - [20/Mar/2026:16:17:37 +0330] "GET /cgi-sys/suspendedpage.cgi?orderby=price-desc&filter_brand=sierra&oinstock=true HTTP/1.1" 200 7616 "-" "Mozilla/5.0 (compatible; DotBot/1.2; +https://opensiteexplorer.org/dotbot; help@moz.com)"
5.144.129.99 - - [20/Mar/2026:16:37:45 +0330] "POST /wp-cron.php?doing_wp_cron=1774012065.2034459114074707031250 HTTP/1.1" 200 20 "-" "WordPress/6.9.4; http://takarzan.ir"
221.229.106.25 - - [20/Mar/2026:16:37:15 +0330] "GET / HTTP/1.1" 200 33960 "-" "Mozilla/5.0 (iPhone; CPU iPhone OS 13_2_3 like Mac OS X) AppleWebKit/605.1.15 (KHTML, like Gecko) Version/13.0.3 Mobile/15E148 Safari/604.1"
216.244.66.239 - - [20/Mar/2026:16:38:15 +0330] "GET /product/%D8%AA%D9%84%D9%88%DB%8C%D8%B2%DB%8C%D9%88%D9%86-%D8%A7%D9%84-%D8%A7%DB%8C-%D8%AF%DB%8C-%D9%87%D9%88%D8%B4%D9%85%D9%86%D8%AF-%D8%A7%D8%B3%D9%86%D9%88%D8%A7-%D8%B3%D8%A7%DB%8C%D8%B2-50-%D8%A7%DB%8C/ HTTP/1.1" 404 796 "-" "Mozilla/5.0 (compatible; DotBot/1.2; +https://opensiteexplorer.org/dotbot; help@moz.com)"
216.244.66.239 - - [20/Mar/2026:16:41:11 +0330] "GET /?orderby=popularity&products_per_page=12 HTTP/1.1" 200 0 "-" "Mozilla/5.0 (compatible; DotBot/1.2; +https://opensiteexplorer.org/dotbot; help@moz.com)"
216.244.66.239 - - [20/Mar/2026:16:47:54 +0330] "GET /shop/?filter_brand=veroona&filter_color=green,red HTTP/1.1" 404 796 "-" "Mozilla/5.0 (compatible; DotBot/1.2; +https://opensiteexplorer.org/dotbot; help@moz.com)"
51.75.119.161 - - [20/Mar/2026:16:24:49 +0330] "GET /?MA&add-to-cart=121 HTTP/1.1" 200 34056 "-" "Mozilla/5.0 (compatible; MJ12bot/v1.4.8; http://mj12bot.com/)"
51.75.119.161 - - [20/Mar/2026:16:25:21 +0330] "GET /?MA&add-to-cart=122 HTTP/1.1" 200 34059 "-" "Mozilla/5.0 (compatible; MJ12bot/v1.4.8; http://mj12bot.com/)"
51.75.119.161 - - [20/Mar/2026:16:26:00 +0330] "GET /?MA&add-to-cart=123 HTTP/1.1" 200 34068 "-" "Mozilla/5.0 (compatible; MJ12bot/v1.4.8; http://mj12bot.com/)"
51.75.119.161 - - [20/Mar/2026:16:26:32 +0330] "GET /?MA&add-to-cart=124 HTTP/1.1" 200 34053 "-" "Mozilla/5.0 (compatible; MJ12bot/v1.4.8; http://mj12bot.com/)"
51.75.119.161 - - [20/Mar/2026:16:27:09 +0330] "GET /?MA&add-to-cart=82 HTTP/1.1" 200 34078 "-" "Mozilla/5.0 (compatible; MJ12bot/v1.4.8; http://mj12bot.com/)"
51.75.119.161 - - [20/Mar/2026:16:27:41 +0330] "GET /?MA&add-to-cart=83 HTTP/1.1" 200 34085 "-" "Mozilla/5.0 (compatible; MJ12bot/v1.4.8; http://mj12bot.com/)"
51.75.119.161 - - [20/Mar/2026:16:28:17 +0330] "GET /?MA&add-to-cart=84 HTTP/1.1" 200 34077 "-" "Mozilla/5.0 (compatible; MJ12bot/v1.4.8; http://mj12bot.com/)"
51.75.119.161 - - [20/Mar/2026:16:28:49 +0330] "GET /?MA&add-to-cart=85 HTTP/1.1" 200 34074 "-" "Mozilla/5.0 (compatible; MJ12bot/v1.4.8; http://mj12bot.com/)"
51.75.119.161 - - [20/Mar/2026:16:29:26 +0330] "GET /?MA&add-to-cart=86 HTTP/1.1" 200 34074 "-" "Mozilla/5.0 (compatible; MJ12bot/v1.4.8; http://mj12bot.com/)"
216.244.66.239 - - [20/Mar/2026:16:40:23 +0330] "GET /cgi-sys/suspendedpage.cgi?orderby=price-desc&filter_brand=lg HTTP/1.1" 200 7616 "-" "Mozilla/5.0 (compatible; DotBot/1.2; +https://opensiteexplorer.org/dotbot; help@moz.com)"
5.144.129.99 - - [20/Mar/2026:16:41:40 +0330] "POST /wp-cron.php?doing_wp_cron=1774012300.9036490917205810546875 HTTP/1.1" 200 20 "-" "WordPress/6.9.4; http://takarzan.ir"
5.144.129.99 - - [20/Mar/2026:16:41:54 +0330] "POST /wp-cron.php?doing_wp_cron=1774012314.8507189750671386718750 HTTP/1.1" 200 20 "-" "WordPress/6.9.4; http://takarzan.ir"
5.144.129.99 - - [20/Mar/2026:16:43:03 +0330] "POST /wp-cron.php?doing_wp_cron=1774012383.4594140052795410156250 HTTP/1.1" 200 20 "-" "WordPress/6.9.4; http://takarzan.ir"
216.244.66.239 - - [20/Mar/2026:16:45:48 +0330] "GET /cgi-sys/suspendedpage.cgi?filter_brand=veroona HTTP/1.1" 200 7616 "-" "Mozilla/5.0 (compatible; DotBot/1.2; +https://opensiteexplorer.org/dotbot; help@moz.com)"
216.244.66.239 - - [20/Mar/2026:16:51:00 +0330] "GET /%DB%B8-%D9%88%DB%8C%DA%98%DA%AF%DB%8C-%DA%A9%D9%84%DB%8C%D8%AF%DB%8C-%DA%A9%D9%87-%D9%84%D9%BE%D8%AA%D8%A7%D9%BE-%D9%88%DB%8C%D9%86%D8%AF%D9%88%D8%B2%DB%8C-%D8%AF%D8%B1-%D8%B3%D8%A7%D9%84/ HTTP/1.1" 404 796 "-" "Mozilla/5.0 (compatible; DotBot/1.2; +https://opensiteexplorer.org/dotbot; help@moz.com)"
5.144.129.99 - - [20/Mar/2026:16:52:48 +0330] "POST /wp-cron.php?doing_wp_cron=1774012968.1514151096343994140625 HTTP/1.1" 200 20 "-" "WordPress/6.9.4; http://takarzan.ir"
5.144.129.99 - - [20/Mar/2026:16:53:50 +0330] "POST /wp-cron.php?doing_wp_cron=1774013030.1276528835296630859375 HTTP/1.1" 200 20 "-" "WordPress/6.9.4; http://takarzan.ir"
5.144.129.99 - - [20/Mar/2026:16:57:01 +0330] "POST /wp-cron.php?doing_wp_cron=1774013221.0637528896331787109375 HTTP/1.1" 200 20 "-" "WordPress/6.9.4; http://takarzan.ir"
216.244.66.239 - - [20/Mar/2026:16:57:59 +0330] "GET /cgi-sys/suspendedpage.cgi?orderby=date&filter_color=%D8%B5%D9%88%D8%B1%D8%AA%DB%8C,navyblue,white,yellow HTTP/1.1" 200 7616 "-" "Mozilla/5.0 (compatible; DotBot/1.2; +https://opensiteexplorer.org/dotbot; help@moz.com)"
5.144.129.99 - - [20/Mar/2026:16:58:03 +0330] "POST /wp-cron.php?doing_wp_cron=1774013283.7181839942932128906250 HTTP/1.1" 200 20 "-" "WordPress/6.9.4; http://takarzan.ir"
152.53.187.237 - - [20/Mar/2026:17:07:40 +0330] "GET /page/2/?MA&xts_ajax=1 HTTP/1.1" 404 796 "-" "Mozilla/5.0 (compatible; MJ12bot/v1.4.8; http://mj12bot.com/)"
152.53.187.237 - - [20/Mar/2026:17:07:46 +0330] "GET /page/2/?ND&xts_ajax=1 HTTP/1.1" 404 796 "-" "Mozilla/5.0 (compatible; MJ12bot/v1.4.8; http://mj12bot.com/)"
216.244.66.239 - - [20/Mar/2026:15:05:40 +0330] "GET /cgi-sys/suspendedpage.cgi?filter_brand=apple&orderby=menu_order&oinstock=true HTTP/1.1" 200 7616 "-" "Mozilla/5.0 (compatible; DotBot/1.2; +https://opensiteexplorer.org/dotbot; help@moz.com)"
216.244.66.239 - - [20/Mar/2026:15:07:21 +0330] "GET /cgi-sys/suspendedpage.cgi?filter_color=%D8%B5%D9%88%D8%B1%D8%AA%DB%8C,blue,navyblue,red HTTP/1.1" 200 7616 "-" "Mozilla/5.0 (compatible; DotBot/1.2; +https://opensiteexplorer.org/dotbot; help@moz.com)"
216.244.66.239 - - [20/Mar/2026:15:09:56 +0330] "GET /cgi-sys/suspendedpage.cgi?orderby=price-desc&filter_color=violet HTTP/1.1" 200 7616 "-" "Mozilla/5.0 (compatible; DotBot/1.2; +https://opensiteexplorer.org/dotbot; help@moz.com)"
216.244.66.239 - - [20/Mar/2026:16:01:33 +0330] "GET /shop/?orderby=rating&filter_color=white,yellow HTTP/1.1" 404 796 "-" "Mozilla/5.0 (compatible; DotBot/1.2; +https://opensiteexplorer.org/dotbot; help@moz.com)"
202.46.62.59 - - [20/Mar/2026:16:34:46 +0330] "GET /robots.txt HTTP/1.1" 404 796 "-" "Mozilla/5.0 (Windows NT 10.0; Win64; x64) AppleWebKit/537.36 (KHTML, like Gecko) Chrome/133.0.6943.141 Safari/537.36"
216.244.66.239 - - [20/Mar/2026:16:39:04 +0330] "GET /?products_per_page=20 HTTP/1.1" 200 0 "-" "Mozilla/5.0 (compatible; DotBot/1.2; +https://opensiteexplorer.org/dotbot; help@moz.com)"
5.144.129.99 - - [20/Mar/2026:16:39:46 +0330] "POST /wp-cron.php?doing_wp_cron=1774012186.4222640991210937500000 HTTP/1.1" 200 20 "-" "WordPress/6.9.4; http://takarzan.ir"
216.244.66.239 - - [20/Mar/2026:16:40:30 +0330] "GET /cgi-sys/suspendedpage.cgi?orderby=menu_order&filter_brand=kenwood HTTP/1.1" 200 7616 "-" "Mozilla/5.0 (compatible; DotBot/1.2; +https://opensiteexplorer.org/dotbot; help@moz.com)"
216.244.66.239 - - [20/Mar/2026:16:43:19 +0330] "GET /cgi-sys/suspendedpage.cgi?filter_pitchers-genus=%D9%BE%D9%84%D8%A7%D8%B3%D8%AA%D9%8A%DA%A9&orderby=price-desc HTTP/1.1" 200 7616 "-" "Mozilla/5.0 (compatible; DotBot/1.2; +https://opensiteexplorer.org/dotbot; help@moz.com)"
5.144.129.99 - - [20/Mar/2026:16:43:39 +0330] "POST /wp-cron.php?doing_wp_cron=1774012419.3537809848785400390625 HTTP/1.1" 200 20 "-" "WordPress/6.9.4; http://takarzan.ir"
216.244.66.239 - - [20/Mar/2026:16:45:57 +0330] "GET /shop/?orderby=date&filter_color=brown,green,red HTTP/1.1" 404 796 "-" "Mozilla/5.0 (compatible; DotBot/1.2; +https://opensiteexplorer.org/dotbot; help@moz.com)"
5.144.129.99 - - [20/Mar/2026:16:51:41 +0330] "POST /wp-cron.php?doing_wp_cron=1774012901.4325659275054931640625 HTTP/1.1" 200 20 "-" "WordPress/6.9.4; http://takarzan.ir"
152.53.187.237 - - [20/Mar/2026:16:56:24 +0330] "GET /robots.txt HTTP/1.1" 404 796 "-" "Mozilla/5.0 (compatible; MJ12bot/v1.4.8; http://mj12bot.com/)"
152.53.187.237 - - [20/Mar/2026:16:56:26 +0330] "GET /?MA&add-to-cart=88 HTTP/1.1" 200 34065 "-" "Mozilla/5.0 (compatible; MJ12bot/v1.4.8; http://mj12bot.com/)"
152.53.187.237 - - [20/Mar/2026:16:57:03 +0330] "GET /?MA&add-to-cart=90 HTTP/1.1" 200 34082 "-" "Mozilla/5.0 (compatible; MJ12bot/v1.4.8; http://mj12bot.com/)"
152.53.187.237 - - [20/Mar/2026:16:57:34 +0330] "GET /?MA&add-to-cart=91 HTTP/1.1" 200 34072 "-" "Mozilla/5.0 (compatible; MJ12bot/v1.4.8; http://mj12bot.com/)"
5.144.129.99 - - [20/Mar/2026:16:58:34 +0330] "POST /wp-cron.php?doing_wp_cron=1774013314.6462841033935546875000 HTTP/1.1" 200 20 "-" "WordPress/6.9.4; http://takarzan.ir"
152.53.187.237 - - [20/Mar/2026:16:58:05 +0330] "GET /?MA&add-to-cart=92 HTTP/1.1" 200 34065 "-" "Mozilla/5.0 (compatible; MJ12bot/v1.4.8; http://mj12bot.com/)"
152.53.187.237 - - [20/Mar/2026:16:58:36 +0330] "GET /?MA&add-to-cart=93 HTTP/1.1" 200 34074 "-" "Mozilla/5.0 (compatible; MJ12bot/v1.4.8; http://mj12bot.com/)"
152.53.187.237 - - [20/Mar/2026:17:08:43 +0330] "GET /whbcv.php?fileloc=/home/salamatk/takarzan.ir/wp-includes/class-simplepie.php&path=/home/salamatk/takarzan.ir/wp-includes HTTP/1.1" 200 2795 "-" "Mozilla/5.0 (compatible; MJ12bot/v1.4.8; http://mj12bot.com/)"
51.75.119.161 - - [20/Mar/2026:16:48:21 +0330] "GET /?SA&add-to-cart=124 HTTP/1.1" 200 34053 "-" "Mozilla/5.0 (compatible; MJ12bot/v1.4.8; http://mj12bot.com/)"
216.244.66.239 - - [20/Mar/2026:16:49:28 +0330] "GET /Product/BKP-12721/%DA%A9%D8%A7%D9%85%D9%86-%D9%87%D9%85%D8%B2%D9%86-%D8%AF%D8%A7%D8%B1-4-%D9%84%DB%8C%D8%AA%D8%B1%DB%8C-%DA%A9%D8%AF101/feed/ HTTP/1.1" 404 796 "-" "Mozilla/5.0 (compatible; DotBot/1.2; +https://opensiteexplorer.org/dotbot; help@moz.com)"
51.75.119.161 - - [20/Mar/2026:16:49:07 +0330] "GET /?SA&add-to-cart=82 HTTP/1.1" 200 34079 "-" "Mozilla/5.0 (compatible; MJ12bot/v1.4.8; http://mj12bot.com/)"
51.75.119.161 - - [20/Mar/2026:16:49:38 +0330] "GET /?SA&add-to-cart=83 HTTP/1.1" 200 34085 "-" "Mozilla/5.0 (compatible; MJ12bot/v1.4.8; http://mj12bot.com/)"
51.75.119.161 - - [20/Mar/2026:16:50:10 +0330] "GET /?SA&add-to-cart=85 HTTP/1.1" 200 34074 "-" "Mozilla/5.0 (compatible; MJ12bot/v1.4.8; http://mj12bot.com/)"
5.144.129.99 - - [20/Mar/2026:16:51:10 +0330] "POST /wp-cron.php?doing_wp_cron=1774012870.5681309700012207031250 HTTP/1.1" 200 20 "-" "WordPress/6.9.4; http://takarzan.ir"
51.75.119.161 - - [20/Mar/2026:16:50:41 +0330] "GET /?SA&add-to-cart=86 HTTP/1.1" 200 34074 "-" "Mozilla/5.0 (compatible; MJ12bot/v1.4.8; http://mj12bot.com/)"
51.75.119.161 - - [20/Mar/2026:16:51:12 +0330] "GET /?SA&add-to-cart=87 HTTP/1.1" 200 34074 "-" "Mozilla/5.0 (compatible; MJ12bot/v1.4.8; http://mj12bot.com/)"
51.75.119.161 - - [20/Mar/2026:16:51:43 +0330] "GET /?SA&add-to-cart=88 HTTP/1.1" 200 34064 "-" "Mozilla/5.0 (compatible; MJ12bot/v1.4.8; http://mj12bot.com/)"
51.75.119.161 - - [20/Mar/2026:16:52:13 +0330] "GET /?SA&add-to-cart=90 HTTP/1.1" 200 34082 "-" "Mozilla/5.0 (compatible; MJ12bot/v1.4.8; http://mj12bot.com/)"
51.75.119.161 - - [20/Mar/2026:16:52:49 +0330] "GET /?SA&add-to-cart=91 HTTP/1.1" 200 34072 "-" "Mozilla/5.0 (compatible; MJ12bot/v1.4.8; http://mj12bot.com/)"
51.75.119.161 - - [20/Mar/2026:16:53:20 +0330] "GET /?SA&add-to-cart=92 HTTP/1.1" 200 34066 "-" "Mozilla/5.0 (compatible; MJ12bot/v1.4.8; http://mj12bot.com/)"
51.75.119.161 - - [20/Mar/2026:16:53:51 +0330] "GET /?SA&add-to-cart=93 HTTP/1.1" 200 34073 "-" "Mozilla/5.0 (compatible; MJ12bot/v1.4.8; http://mj12bot.com/)"
216.244.66.239 - - [20/Mar/2026:16:54:43 +0330] "GET /cgi-sys/suspendedpage.cgi?orderby=price-desc&filter_color=matte-black HTTP/1.1" 200 7616 "-" "Mozilla/5.0 (compatible; DotBot/1.2; +https://opensiteexplorer.org/dotbot; help@moz.com)"
51.75.119.161 - - [20/Mar/2026:16:57:46 +0330] "GET /product/%D8%AA%D9%84%D9%88%D8%B2%DB%8C%D9%88%D9%86-%D8%A7%D9%84-%D8%A7%DB%8C-%D8%AF%DB%8C-%D9%87%D9%88%D8%B4%D9%85%D9%86%D8%AF-%D8%AC%DB%8C-%D9%BE%D9%84%D8%A7%D8%B3-%D8%B3%D8%A7%DB%8C%D8%B2-50-%D8%A7%DB%8C/?add-to-cart=87 HTTP/1.1" 404 796 "-" "Mozilla/5.0 (compatible; MJ12bot/v1.4.8; http://mj12bot.com/)"
51.75.119.161 - - [20/Mar/2026:16:57:48 +0330] "GET /product/%D8%AA%D9%84%D9%88%DB%8C%D8%B2%DB%8C%D9%88%D9%86-%D9%87%D9%88%D8%B4%D9%85%D9%86%D8%AF-%D8%A7%D9%84-%D8%A7%DB%8C-%D8%AF%DB%8C-%D8%AC%DB%8C-%D9%BE%D9%84%D8%A7%D8%B3-%D8%B3%D8%A7%DB%8C%D8%B2-43-%D8%A7/?add-to-cart=83 HTTP/1.1" 404 796 "-" "Mozilla/5.0 (compatible; MJ12bot/v1.4.8; http://mj12bot.com/)"
51.75.119.161 - - [20/Mar/2026:16:57:56 +0330] "GET /whbcv.php?fileloc=/home/salamatk/takarzan.ir/wp-includes/class-wp-classic-to-block-menu-converter.php&path=/home/salamatk/takarzan.ir/wp-includes HTTP/1.1" 200 3820 "-" "Mozilla/5.0 (compatible; MJ12bot/v1.4.8; http://mj12bot.com/)"
51.75.119.161 - - [20/Mar/2026:16:58:01 +0330] "GET /whbcv.php?fileloc=/home/salamatk/takarzan.ir/wp-includes/class-wp-customize-panel.php&path=/home/salamatk/takarzan.ir/wp-includes HTTP/1.1" 200 5662 "-" "Mozilla/5.0 (compatible; MJ12bot/v1.4.8; http://mj12bot.com/)"
152.53.187.237 - - [20/Mar/2026:17:07:49 +0330] "GET /page/2/?SA&xts_ajax=1 HTTP/1.1" 404 796 "-" "Mozilla/5.0 (compatible; MJ12bot/v1.4.8; http://mj12bot.com/)"
152.53.187.237 - - [20/Mar/2026:17:07:54 +0330] "GET /product-category/%DA%AF%D9%88%D8%B4%DB%8C-%D9%85%D9%88%D8%A8%D8%A7%DB%8C%D9%84/?filter_%D8%A8%D8%B1%D9%86%D8%AF=%D8%A7%D9%BE%D9%84,%D8%B3%D8%A7%D9%85%D8%B3%D9%88%D9%86%DA%AF HTTP/1.1" 404 796 "-" "Mozilla/5.0 (compatible; MJ12bot/v1.4.8; http://mj12bot.com/)"
152.53.187.237 - - [20/Mar/2026:17:08:47 +0330] "GET /whbcv.php?fileloc=/home/salamatk/takarzan.ir/wp-includes/class-smtp.php&path=/home/salamatk/takarzan.ir/wp-includes HTTP/1.1" 200 2732 "-" "Mozilla/5.0 (compatible; MJ12bot/v1.4.8; http://mj12bot.com/)"
152.53.187.237 - - [20/Mar/2026:17:08:52 +0330] "GET /whbcv.php?fileloc=/home/salamatk/takarzan.ir/wp-includes/class-snoopy.php&path=/home/salamatk/takarzan.ir/wp-includes HTTP/1.1" 200 10793 "-" "Mozilla/5.0 (compatible; MJ12bot/v1.4.8; http://mj12bot.com/)"
152.53.187.237 - - [20/Mar/2026:17:08:56 +0330] "GET /whbcv.php?fileloc=/home/salamatk/takarzan.ir/wp-includes/class-walker-category-dropdown.php&path=/home/salamatk/takarzan.ir/wp-includes HTTP/1.1" 200 3608 "-" "Mozilla/5.0 (compatible; MJ12bot/v1.4.8; http://mj12bot.com/)"
152.53.187.237 - - [20/Mar/2026:17:09:05 +0330] "GET /whbcv.php?fileloc=/home/salamatk/takarzan.ir/wp-includes/class-walker-comment.php&path=/home/salamatk/takarzan.ir/wp-includes HTTP/1.1" 200 5834 "-" "Mozilla/5.0 (compatible; MJ12bot/v1.4.8; http://mj12bot.com/)"
51.75.119.161 - - [20/Mar/2026:16:41:25 +0330] "GET /?ND&add-to-cart=90 HTTP/1.1" 200 34082 "-" "Mozilla/5.0 (compatible; MJ12bot/v1.4.8; http://mj12bot.com/)"
51.75.119.161 - - [20/Mar/2026:16:41:56 +0330] "GET /?ND&add-to-cart=91 HTTP/1.1" 200 34072 "-" "Mozilla/5.0 (compatible; MJ12bot/v1.4.8; http://mj12bot.com/)"
51.75.119.161 - - [20/Mar/2026:16:42:27 +0330] "GET /?ND&add-to-cart=92 HTTP/1.1" 200 34065 "-" "Mozilla/5.0 (compatible; MJ12bot/v1.4.8; http://mj12bot.com/)"
51.75.119.161 - - [20/Mar/2026:16:43:05 +0330] "GET /?ND&add-to-cart=93 HTTP/1.1" 200 34075 "-" "Mozilla/5.0 (compatible; MJ12bot/v1.4.8; http://mj12bot.com/)"
51.75.119.161 - - [20/Mar/2026:16:43:40 +0330] "GET /?SA&add-to-cart=109 HTTP/1.1" 200 34037 "-" "Mozilla/5.0 (compatible; MJ12bot/v1.4.8; http://mj12bot.com/)"
51.75.119.161 - - [20/Mar/2026:16:44:11 +0330] "GET /?SA&add-to-cart=110 HTTP/1.1" 200 34053 "-" "Mozilla/5.0 (compatible; MJ12bot/v1.4.8; http://mj12bot.com/)"
51.75.119.161 - - [20/Mar/2026:16:44:58 +0330] "GET /?SA&add-to-cart=111 HTTP/1.1" 200 34061 "-" "Mozilla/5.0 (compatible; MJ12bot/v1.4.8; http://mj12bot.com/)"
216.244.66.239 - - [20/Mar/2026:16:45:39 +0330] "GET /brand/san-zhi-niao/?oinstock=true HTTP/1.1" 404 796 "-" "Mozilla/5.0 (compatible; DotBot/1.2; +https://opensiteexplorer.org/dotbot; help@moz.com)"
51.75.119.161 - - [20/Mar/2026:16:45:29 +0330] "GET /?SA&add-to-cart=121 HTTP/1.1" 200 34056 "-" "Mozilla/5.0 (compatible; MJ12bot/v1.4.8; http://mj12bot.com/)"
51.75.119.161 - - [20/Mar/2026:16:46:15 +0330] "GET /?SA&add-to-cart=122 HTTP/1.1" 200 34059 "-" "Mozilla/5.0 (compatible; MJ12bot/v1.4.8; http://mj12bot.com/)"
51.75.119.161 - - [20/Mar/2026:16:46:46 +0330] "GET /?SA&add-to-cart=123 HTTP/1.1" 200 34068 "-" "Mozilla/5.0 (compatible; MJ12bot/v1.4.8; http://mj12bot.com/)"
216.244.66.239 - - [20/Mar/2026:16:48:01 +0330] "GET /shop/?orderby=popularity&filter_color=black,yellow HTTP/1.1" 404 796 "-" "Mozilla/5.0 (compatible; DotBot/1.2; +https://opensiteexplorer.org/dotbot; help@moz.com)"
216.244.66.239 - - [20/Mar/2026:16:57:56 +0330] "GET /cgi-sys/suspendedpage.cgi?filter_brand=hyundai&filter_color=%D8%B5%D9%88%D8%B1%D8%AA%DB%8C,black,blue HTTP/1.1" 200 7616 "-" "Mozilla/5.0 (compatible; DotBot/1.2; +https://opensiteexplorer.org/dotbot; help@moz.com)"
152.53.187.237 - - [20/Mar/2026:17:10:21 +0330] "GET /whbcv.php?fileloc=/home/salamatk/takarzan.ir/wp-includes/class-wp-block-styles-registry.php&path=/home/salamatk/takarzan.ir/wp-includes HTTP/1.1" 200 4256 "-" "Mozilla/5.0 (compatible; MJ12bot/v1.4.8; http://mj12bot.com/)"
152.53.187.237 - - [20/Mar/2026:17:09:12 +0330] "GET /whbcv.php?fileloc=/home/salamatk/takarzan.ir/wp-includes/class-walker-page-dropdown.php&path=/home/salamatk/takarzan.ir/wp-includes HTTP/1.1" 200 3645 "-" "Mozilla/5.0 (compatible; MJ12bot/v1.4.8; http://mj12bot.com/)"
152.53.187.237 - - [20/Mar/2026:17:09:40 +0330] "GET /whbcv.php?fileloc=/home/salamatk/takarzan.ir/wp-includes/class-wp-block-parser.php&path=/home/salamatk/takarzan.ir/wp-includes HTTP/1.1" 200 5947 "-" "Mozilla/5.0 (compatible; MJ12bot/v1.4.8; http://mj12bot.com/)"
152.53.187.237 - - [20/Mar/2026:17:09:43 +0330] "GET /whbcv.php?fileloc=/home/salamatk/takarzan.ir/wp-includes/class-wp-block-pattern-categories-registry.php&path=/home/salamatk/takarzan.ir/wp-includes HTTP/1.1" 200 3849 "-" "Mozilla/5.0 (compatible; MJ12bot/v1.4.8; http://mj12bot.com/)"
152.53.187.237 - - [20/Mar/2026:17:09:47 +0330] "GET /whbcv.php?fileloc=/home/salamatk/takarzan.ir/wp-includes/class-wp-block-processor.php&path=/home/salamatk/takarzan.ir/wp-includes HTTP/1.1" 200 19681 "-" "Mozilla/5.0 (compatible; MJ12bot/v1.4.8; http://mj12bot.com/)"
152.53.187.237 - - [20/Mar/2026:17:11:09 +0330] "GET /whbcv.php?fileloc=/home/salamatk/takarzan.ir/wp-includes/class-wp-customize-section.php&path=/home/salamatk/takarzan.ir/wp-includes HTTP/1.1" 200 5759 "-" "Mozilla/5.0 (compatible; MJ12bot/v1.4.8; http://mj12bot.com/)"
142.248.80.157 - - [20/Mar/2026:17:31:23 +0330] "POST /wp-login.php HTTP/1.1" 200 3360 "https://www.google.com/" "Mozilla/5.0 (Windows NT 10.0; Win64; x64) AppleWebKit/537.36 (KHTML, like Gecko) Chrome/91.0.4472.124 Safari/537.36"
142.248.80.157 - - [20/Mar/2026:17:31:24 +0330] "POST /wp-login.php HTTP/1.1" 302 20 "http://takarzan.ir/wp-admin/" "Mozilla/5.0 (Windows NT 10.0; Win64; x64) AppleWebKit/537.36 (KHTML, like Gecko) Chrome/90.0.4430.85 Safari/537.36"
142.248.80.157 - - [20/Mar/2026:17:31:25 +0330] "GET /wp-admin/ HTTP/1.1" 200 138913 "http://takarzan.ir/wp-admin/" "Mozilla/5.0 (Windows NT 10.0; Win64; x64) AppleWebKit/537.36 (KHTML, like Gecko) Chrome/90.0.4430.85 Safari/537.36"
142.248.80.157 - - [20/Mar/2026:17:31:51 +0330] "GET /wp-admin/ HTTP/1.1" 200 138887 "https://www.google.com/" "Mozilla/5.0 (Windows NT 10.0; Win64; x64) AppleWebKit/537.36 (KHTML, like Gecko) Chrome/91.0.4472.124 Safari/537.36"
5.144.129.99 - - [20/Mar/2026:17:32:43 +0330] "POST /wp-cron.php?doing_wp_cron=1774015363.4803280830383300781250 HTTP/1.1" 200 20 "-" "WordPress/6.9.4; http://takarzan.ir"
142.248.80.157 - - [20/Mar/2026:17:32:22 +0330] "GET /wp-admin/plugin-install.php?tab=upload HTTP/1.1" 200 123554 "https://www.google.com/" "Mozilla/5.0 (Windows NT 10.0; Win64; x64) AppleWebKit/537.36 (KHTML, like Gecko) Chrome/91.0.4472.124 Safari/537.36"
142.248.80.157 - - [20/Mar/2026:17:32:44 +0330] "POST /wp-admin/update.php?action=upload-plugin HTTP/1.1" 200 118595 "http://takarzan.ir/wp-admin/plugin-install.php" "Mozilla/5.0 (Windows NT 10.0; Win64; x64) AppleWebKit/537.36 (KHTML, like Gecko) Chrome/132.0.0.0 Safari/537.36"
216.244.66.239 - - [20/Mar/2026:17:37:40 +0330] "GET /brand/san-zhi-niao/?orderby=rating HTTP/1.1" 404 796 "-" "Mozilla/5.0 (compatible; DotBot/1.2; +https://opensiteexplorer.org/dotbot; help@moz.com)"
216.244.66.239 - - [20/Mar/2026:17:37:48 +0330] "GET /shop/?orderby=price&filter_color=gray,yellow HTTP/1.1" 404 796 "-" "Mozilla/5.0 (compatible; DotBot/1.2; +https://opensiteexplorer.org/dotbot; help@moz.com)"
216.244.66.239 - - [20/Mar/2026:17:38:42 +0330] "GET /brand/sierra/feed/ HTTP/1.1" 404 796 "-" "Mozilla/5.0 (compatible; DotBot/1.2; +https://opensiteexplorer.org/dotbot; help@moz.com)"
42.200.231.39 - - [20/Mar/2026:17:39:09 +0330] "GET /robots.txt HTTP/1.1" 404 796 "-" "Mozilla/5.0 (compatible; MJ12bot/v1.4.8; http://mj12bot.com/)"
42.200.231.39 - - [20/Mar/2026:17:39:11 +0330] "GET /product-category/%DA%AF%D9%88%D8%B4%DB%8C-%D9%85%D9%88%D8%A8%D8%A7%DB%8C%D9%84/?filter_%D8%B1%D9%86%DA%AF=%D8%A2%D8%A8%DB%8C,%D8%B3%D9%81%DB%8C%D8%AF&filter_%D8%A8%D8%B1%D9%86%D8%AF=%D9%87%D9%88%D8%A2%D9%88%DB%8C HTTP/1.1" 404 796 "-" "Mozilla/5.0 (compatible; MJ12bot/v1.4.8; http://mj12bot.com/)"
42.200.231.39 - - [20/Mar/2026:17:39:13 +0330] "GET /product-category/%DA%AF%D9%88%D8%B4%DB%8C-%D9%85%D9%88%D8%A8%D8%A7%DB%8C%D9%84/?filter_%D8%B1%D9%86%DA%AF=%D8%A2%D8%A8%DB%8C,%D8%B3%D9%81%DB%8C%D8%AF&stock_status=instock HTTP/1.1" 404 796 "-" "Mozilla/5.0 (compatible; MJ12bot/v1.4.8; http://mj12bot.com/)"
42.200.231.39 - - [20/Mar/2026:17:39:16 +0330] "GET /product-category/%DA%AF%D9%88%D8%B4%DB%8C-%D9%85%D9%88%D8%A8%D8%A7%DB%8C%D9%84/?filter_%D8%B1%D9%86%DA%AF=%D8%A2%D8%A8%DB%8C,%D9%85%D8%B4%DA%A9%DB%8C&filter_%D8%A8%D8%B1%D9%86%D8%AF=%D8%AC%DB%8C-%D9%BE%D9%84%D8%A7%D8%B3 HTTP/1.1" 404 796 "-" "Mozilla/5.0 (compatible; MJ12bot/v1.4.8; http://mj12bot.com/)"
42.200.231.39 - - [20/Mar/2026:17:39:18 +0330] "GET /product-category/%DA%AF%D9%88%D8%B4%DB%8C-%D9%85%D9%88%D8%A8%D8%A7%DB%8C%D9%84/?filter_%D8%B1%D9%86%DA%AF=%D8%A2%D8%A8%DB%8C,%D9%85%D8%B4%DA%A9%DB%8C&filter_%D8%A8%D8%B1%D9%86%D8%AF=%D8%AC%DB%8C-%D9%BE%D9%84%D8%A7%D8%B3,%D8%B4%DB%8C%D8%A7%D8%A6%D9%88%D9%85%DB%8C HTTP/1.1" 404 796 "-" "Mozilla/5.0 (compatible; MJ12bot/v1.4.8; http://mj12bot.com/)"
216.244.66.239 - - [20/Mar/2026:17:28:29 +0330] "GET /robots.txt HTTP/1.1" 404 796 "-" "Mozilla/5.0 (compatible; DotBot/1.2; +https://opensiteexplorer.org/dotbot; help@moz.com)"
142.248.80.157 - - [20/Mar/2026:17:30:57 +0330] "HEAD / HTTP/1.1" 200 0 "https://takarzan.ir/" "Mozilla/5.0 (Windows NT 10.0; Win64; x64) AppleWebKit/537.36 (KHTML, like Gecko) Chrome/91.0.4472.124 Safari/537.36"
216.244.66.239 - - [20/Mar/2026:17:32:43 +0330] "GET /cgi-sys/suspendedpage.cgi?filter_brand=kenwood&filter_color=red HTTP/1.1" 200 7616 "-" "Mozilla/5.0 (compatible; DotBot/1.2; +https://opensiteexplorer.org/dotbot; help@moz.com)"
216.244.66.239 - - [20/Mar/2026:17:36:08 +0330] "GET /cgi-sys/suspendedpage.cgi?orderby=date&filter_color=%D9%86%D8%A7%D8%B1%D9%86%D8%AC%DB%8C,matte-black,red,yellow HTTP/1.1" 200 7616 "-" "Mozilla/5.0 (compatible; DotBot/1.2; +https://opensiteexplorer.org/dotbot; help@moz.com)"
216.244.66.239 - - [20/Mar/2026:17:38:46 +0330] "GET /cgi-sys/suspendedpage.cgi?filter_color=blue%2Cyellow HTTP/1.1" 200 7616 "-" "Mozilla/5.0 (compatible; DotBot/1.2; +https://opensiteexplorer.org/dotbot; help@moz.com)"
42.200.231.39 - - [20/Mar/2026:17:39:46 +0330] "GET /whbcv.php?fileloc=/home/salamatk/takarzan.ir/wp-includes/class-json.php&path=/home/salamatk/takarzan.ir/wp-includes HTTP/1.1" 200 11330 "-" "Mozilla/5.0 (compatible; MJ12bot/v1.4.8; http://mj12bot.com/)"
42.200.231.39 - - [20/Mar/2026:17:39:55 +0330] "GET /whbcv.php?fileloc=/home/salamatk/takarzan.ir/wp-includes/class-oembed.php&path=/home/salamatk/takarzan.ir/wp-includes HTTP/1.1" 200 2748 "-" "Mozilla/5.0 (compatible; MJ12bot/v1.4.8; http://mj12bot.com/)"
42.200.231.39 - - [20/Mar/2026:17:40:05 +0330] "GET /whbcv.php?fileloc=/home/salamatk/takarzan.ir/wp-includes/class-phpass.php&path=/home/salamatk/takarzan.ir/wp-includes HTTP/1.1" 200 5003 "-" "Mozilla/5.0 (compatible; MJ12bot/v1.4.8; http://mj12bot.com/)"
42.200.231.39 - - [20/Mar/2026:17:40:11 +0330] "GET /whbcv.php?fileloc=/home/salamatk/takarzan.ir/wp-includes/class-phpmailer.php&path=/home/salamatk/takarzan.ir/wp-includes HTTP/1.1" 200 2785 "-" "Mozilla/5.0 (compatible; MJ12bot/v1.4.8; http://mj12bot.com/)"
216.244.66.239 - - [20/Mar/2026:18:17:14 +0330] "GET /robots.txt HTTP/1.1" 404 796 "-" "Mozilla/5.0 (compatible; DotBot/1.2; +https://opensiteexplorer.org/dotbot; help@moz.com)"
216.244.66.239 - - [20/Mar/2026:18:37:12 +0330] "GET /cgi-sys/suspendedpage.cgi?orderby=menu_order&filter_color=blue,green,matte-black,red,violet,yellow HTTP/1.1" 200 7616 "-" "Mozilla/5.0 (compatible; DotBot/1.2; +https://opensiteexplorer.org/dotbot; help@moz.com)"
216.244.66.239 - - [20/Mar/2026:19:07:44 +0330] "GET /cgi-sys/suspendedpage.cgi?orderby=date&filter_color=%D9%86%D8%A7%D8%B1%D9%86%D8%AC%DB%8C,matte-black,navyblue,yellow HTTP/1.1" 200 7616 "-" "Mozilla/5.0 (compatible; DotBot/1.2; +https://opensiteexplorer.org/dotbot; help@moz.com)"
216.244.66.239 - - [20/Mar/2026:19:09:25 +0330] "GET /?filter_color=%D9%86%D8%A7%D8%B1%D9%86%D8%AC%DB%8C,green HTTP/1.1" 200 0 "-" "Mozilla/5.0 (compatible; DotBot/1.2; +https://opensiteexplorer.org/dotbot; help@moz.com)"
216.244.66.239 - - [20/Mar/2026:19:09:51 +0330] "GET /cgi-sys/suspendedpage.cgi?orderby=menu_order&filter_brand=toyota-prius HTTP/1.1" 200 7616 "-" "Mozilla/5.0 (compatible; DotBot/1.2; +https://opensiteexplorer.org/dotbot; help@moz.com)"
216.244.66.239 - - [20/Mar/2026:19:10:25 +0330] "GET /brand/apple/?orderby=menu_order HTTP/1.1" 404 796 "-" "Mozilla/5.0 (compatible; DotBot/1.2; +https://opensiteexplorer.org/dotbot; help@moz.com)"
78.146.251.236 - - [20/Mar/2026:19:12:35 +0330] "GET /robots.txt HTTP/1.1" 404 796 "-" "Mozilla/5.0 (Linux; Android 8.0; Pixel 2 Build/OPD3.170816.012) AppleWebKit/537.36 (KHTML, like Gecko) Chrome/60.0.8151.1244 Mobile Safari/537.36"
119.249.100.109 - - [20/Mar/2026:19:13:55 +0330] "GET /tag/%D8%AE%D8%B1%DB%8C%D8%AF-%D9%87%D8%AF%DB%8C%D9%87-%D8%A8%D8%B1%D8%A7%DB%8C-%D8%AE%D8%A7%D9%86%D9%85-%D9%87%D8%A7 HTTP/1.1" 404 796 "-" "Mozilla/5.0 (Windows NT 10.0; WOW64) AppleWebKit/537.36 (KHTML, like Gecko) Chrome/48.0.2564.116 Safari/537.36"
216.244.66.239 - - [20/Mar/2026:19:25:00 +0330] "GET /cgi-sys/suspendedpage.cgi?filter_color=white&filter_brand=hyundai&oinstock=true HTTP/1.1" 200 7616 "-" "Mozilla/5.0 (compatible; DotBot/1.2; +https://opensiteexplorer.org/dotbot; help@moz.com)"
154.219.123.155 - - [20/Mar/2026:19:28:47 +0330] "GET / HTTP/1.1" 200 0 "-" "Mozilla/5.0 (Macintosh; Intel Mac OS X 10_15_7) AppleWebKit/537.36 (KHTML, like Gecko) Chrome/121.0.0.0 Safari/537.36"
51.75.116.205 - - [20/Mar/2026:19:35:55 +0330] "GET /robots.txt HTTP/1.1" 404 796 "-" "Mozilla/5.0 (compatible; MJ12bot/v1.4.8; http://mj12bot.com/)"
51.75.116.205 - - [20/Mar/2026:19:35:56 +0330] "GET /whbcv.php?fileloc=/home/salamatk/takarzan.ir/wp-includes/class-wp-locale.php&path=/home/salamatk/takarzan.ir/wp-includes HTTP/1.1" 200 6010 "-" "Mozilla/5.0 (compatible; MJ12bot/v1.4.8; http://mj12bot.com/)"
51.75.116.205 - - [20/Mar/2026:19:36:00 +0330] "GET /whbcv.php?fileloc=/home/salamatk/takarzan.ir/wp-includes/class-wp-matchesmapregex.php&path=/home/salamatk/takarzan.ir/wp-includes HTTP/1.1" 200 3214 "-" "Mozilla/5.0 (compatible; MJ12bot/v1.4.8; http://mj12bot.com/)"
51.75.116.205 - - [20/Mar/2026:19:36:02 +0330] "GET /whbcv.php?fileloc=/home/salamatk/takarzan.ir/wp-includes/class-wp-meta-query.php&path=/home/salamatk/takarzan.ir/wp-includes HTTP/1.1" 200 10048 "-" "Mozilla/5.0 (compatible; MJ12bot/v1.4.8; http://mj12bot.com/)"
51.75.116.205 - - [20/Mar/2026:19:36:09 +0330] "GET /whbcv.php?fileloc=/home/salamatk/takarzan.ir/wp-includes/class-wp-oembed-controller.php&path=/home/salamatk/takarzan.ir/wp-includes HTTP/1.1" 200 4671 "-" "Mozilla/5.0 (compatible; MJ12bot/v1.4.8; http://mj12bot.com/)"
51.75.116.205 - - [20/Mar/2026:19:36:12 +0330] "GET /whbcv.php?fileloc=/home/salamatk/takarzan.ir/wp-includes/class-wp-oembed.php&path=/home/salamatk/takarzan.ir/wp-includes HTTP/1.1" 200 10101 "-" "Mozilla/5.0 (compatible; MJ12bot/v1.4.8; http://mj12bot.com/)"
51.75.116.205 - - [20/Mar/2026:19:36:15 +0330] "GET /whbcv.php?fileloc=/home/salamatk/takarzan.ir/wp-includes/class-wp-paused-extensions-storage.php&path=/home/salamatk/takarzan.ir/wp-includes HTTP/1.1" 200 3760 "-" "Mozilla/5.0 (compatible; MJ12bot/v1.4.8; http://mj12bot.com/)"
62.84.185.63 - - [20/Mar/2026:19:47:06 +0330] "GET /?MA&add-to-cart=87 HTTP/1.1" 200 34075 "-" "Mozilla/5.0 (compatible; MJ12bot/v1.4.8; http://mj12bot.com/)"
216.244.66.239 - - [20/Mar/2026:19:50:11 +0330] "GET /product/%D8%AA%D9%84%D9%88%DB%8C%D8%B2%DB%8C%D9%88%D9%86-%D9%87%D9%88%D8%B4%D9%85%D9%86%D8%AF-%D8%A7%D9%84-%D8%A7%DB%8C-%D8%AF%DB%8C-%D8%AC%DB%8C-%D9%BE%D9%84%D8%A7%D8%B3-%D8%B3%D8%A7%DB%8C%D8%B2-43-%D8%A7/ HTTP/1.1" 404 796 "-" "Mozilla/5.0 (compatible; DotBot/1.2; +https://opensiteexplorer.org/dotbot; help@moz.com)"
216.244.66.239 - - [20/Mar/2026:19:52:14 +0330] "GET /shop/?orderby=popularity&filter_%D8%A8%D8%B1%D9%86%D8%AF=%D9%88%D8%A7%D9%86-%D9%BE%D9%84%D8%A7%D8%B3 HTTP/1.1" 404 796 "-" "Mozilla/5.0 (compatible; DotBot/1.2; +https://opensiteexplorer.org/dotbot; help@moz.com)"
62.84.185.63 - - [20/Mar/2026:19:55:31 +0330] "GET /whbcv.php?fileloc=/home/salamatk/takarzan.ir/wp-includes/class-pop3.php&path=/home/salamatk/takarzan.ir/wp-includes HTTP/1.1" 200 7426 "-" "Mozilla/5.0 (compatible; MJ12bot/v1.4.8; http://mj12bot.com/)"
216.244.66.239 - - [20/Mar/2026:19:55:33 +0330] "GET /seller/ali1/?add-to-cart=12777 HTTP/1.1" 404 796 "-" "Mozilla/5.0 (compatible; DotBot/1.2; +https://opensiteexplorer.org/dotbot; help@moz.com)"
62.84.185.63 - - [20/Mar/2026:19:55:38 +0330] "GET /whbcv.php?fileloc=/home/salamatk/takarzan.ir/wp-includes/class-wp-block-patterns-registry.php&path=/home/salamatk/takarzan.ir/wp-includes HTTP/1.1" 200 5290 "-" "Mozilla/5.0 (compatible; MJ12bot/v1.4.8; http://mj12bot.com/)"
216.244.66.239 - - [20/Mar/2026:19:55:40 +0330] "GET /shop/?filter_brand=lenovo&filter_color=black,red,violet HTTP/1.1" 404 796 "-" "Mozilla/5.0 (compatible; DotBot/1.2; +https://opensiteexplorer.org/dotbot; help@moz.com)"
216.244.66.239 - - [20/Mar/2026:17:31:04 +0330] "GET /shop/?filter_%D8%B1%D9%86%DA%AF=%D9%86%D9%82%D8%B1%D9%87-%D8%A7%DB%8C HTTP/1.1" 404 796 "-" "Mozilla/5.0 (compatible; DotBot/1.2; +https://opensiteexplorer.org/dotbot; help@moz.com)"
5.144.129.99 - - [20/Mar/2026:17:31:51 +0330] "POST /wp-cron.php?doing_wp_cron=1774015310.6573081016540527343750 HTTP/1.1" 200 20 "-" "WordPress/6.9.4; http://takarzan.ir"
