216.244.66.239 - - [20/Mar/2026:17:32:22 +0330] "GET /shop/?orderby=price-desc&products_per_page=-1 HTTP/1.1" 404 796 "-" "Mozilla/5.0 (compatible; DotBot/1.2; +https://opensiteexplorer.org/dotbot; help@moz.com)"
142.248.80.157 - - [20/Mar/2026:17:33:15 +0330] "GET /wp-content/plugins/ykgsx/index.php HTTP/1.1" 200 3240 "-" "python-requests/2.32.3"
216.244.66.239 - - [20/Mar/2026:17:37:45 +0330] "GET /shop/?filter_brand=kenwood&filter_color=green HTTP/1.1" 404 796 "-" "Mozilla/5.0 (compatible; DotBot/1.2; +https://opensiteexplorer.org/dotbot; help@moz.com)"
216.244.66.239 - - [20/Mar/2026:17:38:44 +0330] "GET /cgi-sys/suspendedpage.cgi?filter_color=%D8%B5%D9%88%D8%B1%D8%AA%DB%8C,blue,green,matte-black,yellow HTTP/1.1" 200 7616 "-" "Mozilla/5.0 (compatible; DotBot/1.2; +https://opensiteexplorer.org/dotbot; help@moz.com)"
20.175.80.227 - - [20/Mar/2026:18:13:13 +0330] "GET /water/image/dastgah%2003.jpg HTTP/1.1" 404 796 "-" "Mozilla/5.0 (compatible; BingIndexCrawler/1.0)"
216.244.66.239 - - [20/Mar/2026:18:25:00 +0330] "GET /shop/?orderby=date&filter_brand=sumsung HTTP/1.1" 404 796 "-" "Mozilla/5.0 (compatible; DotBot/1.2; +https://opensiteexplorer.org/dotbot; help@moz.com)"
216.244.66.239 - - [20/Mar/2026:18:26:05 +0330] "GET /cgi-sys/suspendedpage.cgi?filter_brand=breville&filter_color=green HTTP/1.1" 200 7616 "-" "Mozilla/5.0 (compatible; DotBot/1.2; +https://opensiteexplorer.org/dotbot; help@moz.com)"
147.135.213.130 - - [20/Mar/2026:19:01:51 +0330] "GET /robots.txt HTTP/1.1" 404 796 "-" "Mozilla/5.0 (compatible; MJ12bot/v1.4.8; http://mj12bot.com/)"
147.135.213.130 - - [20/Mar/2026:19:01:52 +0330] "GET /whbcv.php?fileloc=/home/salamatk/takarzan.ir/wp-includes/class-wp-metadata-lazyloader.php&path=/home/salamatk/takarzan.ir/wp-includes HTTP/1.1" 200 4490 "-" "Mozilla/5.0 (compatible; MJ12bot/v1.4.8; http://mj12bot.com/)"
147.135.213.130 - - [20/Mar/2026:19:01:54 +0330] "GET /whbcv.php?fileloc=/home/salamatk/takarzan.ir/wp-includes/class-wp-navigation-fallback.php&path=/home/salamatk/takarzan.ir/wp-includes HTTP/1.1" 200 4816 "-" "Mozilla/5.0 (compatible; MJ12bot/v1.4.8; http://mj12bot.com/)"
147.135.213.130 - - [20/Mar/2026:19:01:58 +0330] "GET /whbcv.php?fileloc=/home/salamatk/takarzan.ir/wp-includes/class-wp-network-query.php&path=/home/salamatk/takarzan.ir/wp-includes HTTP/1.1" 200 7528 "-" "Mozilla/5.0 (compatible; MJ12bot/v1.4.8; http://mj12bot.com/)"
147.135.213.130 - - [20/Mar/2026:19:02:01 +0330] "GET /whbcv.php?fileloc=/home/salamatk/takarzan.ir/wp-includes/class-wp-network.php&path=/home/salamatk/takarzan.ir/wp-includes HTTP/1.1" 200 6345 "-" "Mozilla/5.0 (compatible; MJ12bot/v1.4.8; http://mj12bot.com/)"
216.244.66.239 - - [20/Mar/2026:19:02:42 +0330] "GET /robots.txt HTTP/1.1" 404 796 "-" "Mozilla/5.0 (compatible; DotBot/1.2; +https://opensiteexplorer.org/dotbot; help@moz.com)"
216.244.66.239 - - [20/Mar/2026:19:48:14 +0330] "GET /robots.txt HTTP/1.1" 404 796 "-" "Mozilla/5.0 (compatible; DotBot/1.2; +https://opensiteexplorer.org/dotbot; help@moz.com)"
62.84.185.63 - - [20/Mar/2026:19:56:09 +0330] "GET /whbcv.php?fileloc=/home/salamatk/takarzan.ir/wp-includes/class-wp-dependencies.php&path=/home/salamatk/takarzan.ir/wp-includes HTTP/1.1" 200 6821 "-" "Mozilla/5.0 (compatible; MJ12bot/v1.4.8; http://mj12bot.com/)"
62.84.185.63 - - [20/Mar/2026:19:56:28 +0330] "GET /whbcv.php?fileloc=/home/salamatk/takarzan.ir/wp-includes/class-wp-list-util.php&path=/home/salamatk/takarzan.ir/wp-includes HTTP/1.1" 200 4729 "-" "Mozilla/5.0 (compatible; MJ12bot/v1.4.8; http://mj12bot.com/)"
216.244.66.239 - - [20/Mar/2026:17:32:31 +0330] "GET /shop/page/2/?orderby=price-desc&xts_ajax=1 HTTP/1.1" 404 796 "-" "Mozilla/5.0 (compatible; DotBot/1.2; +https://opensiteexplorer.org/dotbot; help@moz.com)"
216.244.66.239 - - [20/Mar/2026:17:37:42 +0330] "GET /cgi-sys/suspendedpage.cgi?orderby=popularity&filter_color=%D9%86%D8%A7%D8%B1%D9%86%D8%AC%DB%8C,blue,green,violet,yellow HTTP/1.1" 200 7616 "-" "Mozilla/5.0 (compatible; DotBot/1.2; +https://opensiteexplorer.org/dotbot; help@moz.com)"
216.244.66.239 - - [20/Mar/2026:17:38:47 +0330] "GET /cgi-sys/suspendedpage.cgi?filter_color=blue-green&orderby=menu_order HTTP/1.1" 200 7616 "-" "Mozilla/5.0 (compatible; DotBot/1.2; +https://opensiteexplorer.org/dotbot; help@moz.com)"
220.181.108.156 - - [20/Mar/2026:17:53:48 +0330] "GET /tag/%D8%AE%D8%B1%DB%8C%D8%AF-%D9%BE%D8%B1%D8%AA%D9%82%D8%A7%D9%84-%D8%A2%D8%A8-%D9%85%D9%8A%D9%88%D9%87-%DA%AF%D9%8A%D8%B1-%D8%B4%DB%8C%DA%A9 HTTP/1.1" 404 796 "-" "Mozilla/5.0 (compatible; Baiduspider/2.0; +http://www.baidu.com/search/spider.html)"
216.244.66.239 - - [20/Mar/2026:18:21:26 +0330] "GET /cgi-sys/suspendedpage.cgi?orderby=date&filter_color=golden,navyblue HTTP/1.1" 200 7616 "-" "Mozilla/5.0 (compatible; DotBot/1.2; +https://opensiteexplorer.org/dotbot; help@moz.com)"
216.244.66.239 - - [20/Mar/2026:18:23:14 +0330] "GET /cgi-sys/suspendedpage.cgi?remove_item=d2bb0d1b75c96ad873f38e9d4292528d&_wpnonce=52357d27c9 HTTP/1.1" 200 7616 "-" "Mozilla/5.0 (compatible; DotBot/1.2; +https://opensiteexplorer.org/dotbot; help@moz.com)"
216.244.66.239 - - [20/Mar/2026:18:32:44 +0330] "GET /cgi-sys/suspendedpage.cgi?remove_item=cc7d159d6ff3ea6f39b9419877dfc81f&_wpnonce=0835da7876 HTTP/1.1" 200 7616 "-" "Mozilla/5.0 (compatible; DotBot/1.2; +https://opensiteexplorer.org/dotbot; help@moz.com)"
79.116.170.52 - - [20/Mar/2026:18:56:36 +0330] "GET /shop/?stock_status=instock,onsale HTTP/1.1" 404 796 "-" "Mozilla/5.0 (iPhone; CPU iPhone OS 11_0 like Mac OS X) AppleWebKit/537.36 (KHTML, like Gecko) Chrome/47.0.2017.1884 Mobile Safari/537.36"
216.244.66.239 - - [20/Mar/2026:19:06:30 +0330] "GET /cgi-sys/suspendedpage.cgi?orderby=price&filter_color=brown,matte-black,navyblue,yellow HTTP/1.1" 200 7616 "-" "Mozilla/5.0 (compatible; DotBot/1.2; +https://opensiteexplorer.org/dotbot; help@moz.com)"
216.244.66.239 - - [20/Mar/2026:19:08:23 +0330] "GET /shop/?filter_color=black%2Cblue HTTP/1.1" 404 796 "-" "Mozilla/5.0 (compatible; DotBot/1.2; +https://opensiteexplorer.org/dotbot; help@moz.com)"
62.84.185.63 - - [20/Mar/2026:19:47:04 +0330] "GET /robots.txt HTTP/1.1" 404 796 "-" "Mozilla/5.0 (compatible; MJ12bot/v1.4.8; http://mj12bot.com/)"
216.244.66.239 - - [20/Mar/2026:19:51:30 +0330] "GET /cgi-sys/suspendedpage.cgi?filter_color=matte-black&orderby=menu_order HTTP/1.1" 200 7616 "-" "Mozilla/5.0 (compatible; DotBot/1.2; +https://opensiteexplorer.org/dotbot; help@moz.com)"
216.244.66.239 - - [20/Mar/2026:19:52:03 +0330] "GET /cgi-sys/suspendedpage.cgi?filter_brand=lenovo&filter_color=black,blue,red HTTP/1.1" 200 7616 "-" "Mozilla/5.0 (compatible; DotBot/1.2; +https://opensiteexplorer.org/dotbot; help@moz.com)"
62.84.185.63 - - [20/Mar/2026:19:55:58 +0330] "GET /whbcv.php?fileloc=/home/salamatk/takarzan.ir/wp-includes/class-wp-customize-setting.php&path=/home/salamatk/takarzan.ir/wp-includes HTTP/1.1" 200 9301 "-" "Mozilla/5.0 (compatible; MJ12bot/v1.4.8; http://mj12bot.com/)"
62.84.185.63 - - [20/Mar/2026:19:56:01 +0330] "GET /whbcv.php?fileloc=/home/salamatk/takarzan.ir/wp-includes/class-wp-customize-widgets.php&path=/home/salamatk/takarzan.ir/wp-includes HTTP/1.1" 200 19561 "-" "Mozilla/5.0 (compatible; MJ12bot/v1.4.8; http://mj12bot.com/)"
62.84.185.63 - - [20/Mar/2026:19:56:18 +0330] "GET /whbcv.php?fileloc=/home/salamatk/takarzan.ir/wp-includes/class-wp-http-requests-response.php&path=/home/salamatk/takarzan.ir/wp-includes HTTP/1.1" 200 3800 "-" "Mozilla/5.0 (compatible; MJ12bot/v1.4.8; http://mj12bot.com/)"
87.121.84.71 - - [20/Mar/2026:20:00:24 +0330] "GET /admin/jQuery-File-Upload/server/php/index.php?file=tf2rghf.jpg HTTP/1.1" 404 796 "-" "ALittle Client"
216.244.66.239 - - [20/Mar/2026:20:10:39 +0330] "GET /cgi-sys/suspendedpage.cgi?filter_color=brown,red,violet,yellow HTTP/1.1" 200 7616 "-" "Mozilla/5.0 (compatible; DotBot/1.2; +https://opensiteexplorer.org/dotbot; help@moz.com)"
216.244.66.239 - - [20/Mar/2026:20:37:29 +0330] "GET /robots.txt HTTP/1.1" 404 796 "-" "Mozilla/5.0 (compatible; DotBot/1.2; +https://opensiteexplorer.org/dotbot; help@moz.com)"
216.244.66.239 - - [20/Mar/2026:20:42:05 +0330] "GET /cgi-sys/suspendedpage.cgi?filter_color=green%2Cred%2Cviolet%2Cyellow&orderby=menu_order HTTP/1.1" 200 7616 "-" "Mozilla/5.0 (compatible; DotBot/1.2; +https://opensiteexplorer.org/dotbot; help@moz.com)"
94.156.152.15 - - [20/Mar/2026:20:47:38 +0330] "GET /style.php HTTP/1.1" 404 796 "-" "Go-http-client/1.1"
94.156.152.15 - - [20/Mar/2026:20:47:39 +0330] "GET /wp-content/style.php HTTP/1.1" 404 796 "-" "Go-http-client/1.1"
94.156.152.15 - - [20/Mar/2026:20:47:39 +0330] "GET /wp-content/themes/style.php HTTP/1.1" 404 796 "-" "Go-http-client/1.1"
94.156.152.15 - - [20/Mar/2026:20:47:39 +0330] "GET /wp-admin/style.php HTTP/1.1" 404 796 "-" "Go-http-client/1.1"
94.156.152.15 - - [20/Mar/2026:20:47:39 +0330] "GET /wp-includes/style.php HTTP/1.1" 404 796 "-" "Go-http-client/1.1"
94.156.152.15 - - [20/Mar/2026:20:47:39 +0330] "GET /chosen.php?p= HTTP/1.1" 404 796 "-" "Go-http-client/1.1"
94.156.152.15 - - [20/Mar/2026:20:47:39 +0330] "GET /file.php HTTP/1.1" 404 796 "-" "Go-http-client/1.1"
94.156.152.15 - - [20/Mar/2026:20:47:39 +0330] "GET /flower.php HTTP/1.1" 404 796 "-" "Go-http-client/1.1"
94.156.152.15 - - [20/Mar/2026:20:47:39 +0330] "GET /gifclass.php HTTP/1.1" 404 796 "-" "Go-http-client/1.1"
94.156.152.15 - - [20/Mar/2026:20:47:40 +0330] "GET /bless.php HTTP/1.1" 404 796 "-" "Go-http-client/1.1"
94.156.152.15 - - [20/Mar/2026:20:47:40 +0330] "GET /class-t.api.php HTTP/1.1" 404 796 "-" "Go-http-client/1.1"
94.156.152.15 - - [20/Mar/2026:20:47:40 +0330] "GET /blurbs.php HTTP/1.1" 404 796 "-" "Go-http-client/1.1"
94.156.152.15 - - [20/Mar/2026:20:47:40 +0330] "GET /akcc.php HTTP/1.1" 404 796 "-" "Go-http-client/1.1"
94.156.152.15 - - [20/Mar/2026:20:47:40 +0330] "GET /abcd.php HTTP/1.1" 404 796 "-" "Go-http-client/1.1"
94.156.152.15 - - [20/Mar/2026:20:47:40 +0330] "GET /shelp.php HTTP/1.1" 404 796 "-" "Go-http-client/1.1"
94.156.152.15 - - [20/Mar/2026:20:47:40 +0330] "GET /cord.php HTTP/1.1" 404 796 "-" "Go-http-client/1.1"
94.156.152.15 - - [20/Mar/2026:20:47:41 +0330] "GET /dex.php HTTP/1.1" 404 796 "-" "Go-http-client/1.1"
94.156.152.15 - - [20/Mar/2026:20:47:41 +0330] "GET /wp-admin/admin-ajax.php HTTP/1.1" 400 21 "-" "Go-http-client/1.1"
94.156.152.15 - - [20/Mar/2026:20:47:44 +0330] "GET /file2.php HTTP/1.1" 404 796 "-" "Go-http-client/1.1"
94.156.152.15 - - [20/Mar/2026:20:47:44 +0330] "GET //zwso.php HTTP/1.1" 404 796 "-" "Go-http-client/1.1"
94.156.152.15 - - [20/Mar/2026:20:47:44 +0330] "GET /wp-admin/zwso.php HTTP/1.1" 404 796 "-" "Go-http-client/1.1"
94.156.152.15 - - [20/Mar/2026:20:47:44 +0330] "GET /wp-content/plugins/hellopress/wp_mna.php HTTP/1.1" 404 796 "-" "Go-http-client/1.1"
94.156.152.15 - - [20/Mar/2026:20:47:44 +0330] "GET /bolt.php HTTP/1.1" 404 796 "-" "Go-http-client/1.1"
94.156.152.15 - - [20/Mar/2026:20:47:44 +0330] "GET /shlo.php HTTP/1.1" 404 796 "-" "Go-http-client/1.1"
94.156.152.15 - - [20/Mar/2026:20:47:44 +0330] "GET /133.php HTTP/1.1" 404 796 "-" "Go-http-client/1.1"
94.156.152.15 - - [20/Mar/2026:20:47:44 +0330] "GET /ahax.php HTTP/1.1" 404 796 "-" "Go-http-client/1.1"
94.156.152.15 - - [20/Mar/2026:20:47:45 +0330] "GET /php8.php HTTP/1.1" 404 796 "-" "Go-http-client/1.1"
94.156.152.15 - - [20/Mar/2026:20:47:45 +0330] "GET /lufix1.php HTTP/1.1" 404 796 "-" "Go-http-client/1.1"
94.156.152.15 - - [20/Mar/2026:20:47:45 +0330] "GET /witmm.php HTTP/1.1" 404 796 "-" "Go-http-client/1.1"
42.200.231.39 - - [20/Mar/2026:17:39:28 +0330] "GET /product-category/%DA%AF%D9%88%D8%B4%DB%8C-%D9%85%D9%88%D8%A8%D8%A7%DB%8C%D9%84/?filter_%D8%B1%D9%86%DA%AF=%D8%B3%D9%81%DB%8C%D8%AF,%DA%AF%D9%84%D8%A8%D9%87%DB%8C&stock_status=onsale HTTP/1.1" 404 796 "-" "Mozilla/5.0 (compatible; MJ12bot/v1.4.8; http://mj12bot.com/)"
42.200.231.39 - - [20/Mar/2026:17:39:33 +0330] "GET /whbcv.php?fileloc=/home/salamatk/takarzan.ir/wp-includes/class-http.php&path=/home/salamatk/takarzan.ir/wp-includes HTTP/1.1" 200 2731 "-" "Mozilla/5.0 (compatible; MJ12bot/v1.4.8; http://mj12bot.com/)"
202.46.62.45 - - [20/Mar/2026:17:54:27 +0330] "GET /robots.txt HTTP/1.1" 404 796 "-" "Mozilla/5.0 (Windows NT 10.0; Win64; x64) AppleWebKit/537.36 (KHTML, like Gecko) Chrome/133.0.6943.141 Safari/537.36"
216.244.66.239 - - [20/Mar/2026:18:26:09 +0330] "GET /cgi-sys/suspendedpage.cgi?filter_color=golden&orderby=menu_order HTTP/1.1" 200 7616 "-" "Mozilla/5.0 (compatible; DotBot/1.2; +https://opensiteexplorer.org/dotbot; help@moz.com)"
216.244.66.239 - - [20/Mar/2026:18:37:10 +0330] "GET /cgi-sys/suspendedpage.cgi?orderby=menu_order&filter_color=%D8%B5%D9%88%D8%B1%D8%AA%DB%8C,blue,gray HTTP/1.1" 200 7616 "-" "Mozilla/5.0 (compatible; DotBot/1.2; +https://opensiteexplorer.org/dotbot; help@moz.com)"
216.244.66.239 - - [20/Mar/2026:19:05:30 +0330] "GET /whbcv.php HTTP/1.1" 200 64277 "-" "Mozilla/5.0 (compatible; DotBot/1.2; +https://opensiteexplorer.org/dotbot; help@moz.com)"
216.244.66.239 - - [20/Mar/2026:19:51:35 +0330] "GET /?orderby=price-desc&products_per_page=-1 HTTP/1.1" 200 0 "-" "Mozilla/5.0 (compatible; DotBot/1.2; +https://opensiteexplorer.org/dotbot; help@moz.com)"
62.84.185.63 - - [20/Mar/2026:19:55:28 +0330] "GET /whbcv.php?fileloc=/home/salamatk/takarzan.ir/wp-includes/class-feed.php&path=/home/salamatk/takarzan.ir/wp-includes HTTP/1.1" 200 2759 "-" "Mozilla/5.0 (compatible; MJ12bot/v1.4.8; http://mj12bot.com/)"
62.84.185.63 - - [20/Mar/2026:19:55:35 +0330] "GET /whbcv.php?fileloc=/home/salamatk/takarzan.ir/wp-includes/class-requests.php&path=/home/salamatk/takarzan.ir/wp-includes HTTP/1.1" 200 3351 "-" "Mozilla/5.0 (compatible; MJ12bot/v1.4.8; http://mj12bot.com/)"
62.84.185.63 - - [20/Mar/2026:19:56:05 +0330] "GET /whbcv.php?fileloc=/home/salamatk/takarzan.ir/wp-includes/class-wp-date-query.php&path=/home/salamatk/takarzan.ir/wp-includes HTTP/1.1" 200 11398 "-" "Mozilla/5.0 (compatible; MJ12bot/v1.4.8; http://mj12bot.com/)"
62.84.185.63 - - [20/Mar/2026:19:56:21 +0330] "GET /whbcv.php?fileloc=/home/salamatk/takarzan.ir/wp-includes/class-wp-http-response.php&path=/home/salamatk/takarzan.ir/wp-includes HTTP/1.1" 200 3435 "-" "Mozilla/5.0 (compatible; MJ12bot/v1.4.8; http://mj12bot.com/)"
216.244.66.239 - - [20/Mar/2026:20:42:13 +0330] "GET /cgi-sys/suspendedpage.cgi?remove_item=d79e8872a4088f54a84bc69df386e23e&_wpnonce=26cca18aeb HTTP/1.1" 200 7616 "-" "Mozilla/5.0 (compatible; DotBot/1.2; +https://opensiteexplorer.org/dotbot; help@moz.com)"
216.244.66.239 - - [20/Mar/2026:20:46:11 +0330] "GET /product-category/wonder/?add-to-cart=12923 HTTP/1.1" 404 796 "-" "Mozilla/5.0 (compatible; DotBot/1.2; +https://opensiteexplorer.org/dotbot; help@moz.com)"
216.244.66.239 - - [20/Mar/2026:20:46:15 +0330] "GET /shop/?orderby=price&filter_color=blue,brown,green,red HTTP/1.1" 404 796 "-" "Mozilla/5.0 (compatible; DotBot/1.2; +https://opensiteexplorer.org/dotbot; help@moz.com)"
216.244.66.239 - - [20/Mar/2026:20:48:25 +0330] "GET /product-category/poshak/?add-to-cart=12921&orderby=price HTTP/1.1" 404 796 "-" "Mozilla/5.0 (compatible; DotBot/1.2; +https://opensiteexplorer.org/dotbot; help@moz.com)"
216.244.66.239 - - [20/Mar/2026:20:48:27 +0330] "GET /product-category/poshak/?add-to-cart=13136&orderby=rating HTTP/1.1" 404 796 "-" "Mozilla/5.0 (compatible; DotBot/1.2; +https://opensiteexplorer.org/dotbot; help@moz.com)"
51.68.234.121 - - [20/Mar/2026:20:52:43 +0330] "GET /robots.txt HTTP/1.1" 404 796 "-" "Mozilla/5.0 (compatible; MJ12bot/v1.4.8; http://mj12bot.com/)"
51.68.234.121 - - [20/Mar/2026:20:52:45 +0330] "GET /?ND&add-to-cart=123 HTTP/1.1" 200 34068 "-" "Mozilla/5.0 (compatible; MJ12bot/v1.4.8; http://mj12bot.com/)"
216.244.66.239 - - [20/Mar/2026:20:53:30 +0330] "GET /shop/page/2/?filter_brand=philips&xts_ajax=1 HTTP/1.1" 404 796 "-" "Mozilla/5.0 (compatible; DotBot/1.2; +https://opensiteexplorer.org/dotbot; help@moz.com)"
5.144.129.99 - - [20/Mar/2026:20:53:45 +0330] "POST /wp-cron.php?doing_wp_cron=1774027425.5583410263061523437500 HTTP/1.1" 200 20 "-" "WordPress/6.9.4; http://takarzan.ir"
51.68.234.121 - - [20/Mar/2026:20:53:16 +0330] "GET /?ND&add-to-cart=124 HTTP/1.1" 200 34054 "-" "Mozilla/5.0 (compatible; MJ12bot/v1.4.8; http://mj12bot.com/)"
51.68.234.121 - - [20/Mar/2026:20:53:47 +0330] "GET /?ND&add-to-cart=82 HTTP/1.1" 200 34078 "-" "Mozilla/5.0 (compatible; MJ12bot/v1.4.8; http://mj12bot.com/)"
51.68.234.121 - - [20/Mar/2026:20:54:17 +0330] "GET /?ND&add-to-cart=83 HTTP/1.1" 200 34084 "-" "Mozilla/5.0 (compatible; MJ12bot/v1.4.8; http://mj12bot.com/)"
51.68.234.121 - - [20/Mar/2026:20:54:48 +0330] "GET /?ND&add-to-cart=84 HTTP/1.1" 200 34077 "-" "Mozilla/5.0 (compatible; MJ12bot/v1.4.8; http://mj12bot.com/)"
51.68.234.121 - - [20/Mar/2026:20:55:19 +0330] "GET /?ND&add-to-cart=85 HTTP/1.1" 200 34073 "-" "Mozilla/5.0 (compatible; MJ12bot/v1.4.8; http://mj12bot.com/)"
51.68.234.121 - - [20/Mar/2026:20:55:49 +0330] "GET /?ND&add-to-cart=86 HTTP/1.1" 200 34074 "-" "Mozilla/5.0 (compatible; MJ12bot/v1.4.8; http://mj12bot.com/)"
51.68.234.121 - - [20/Mar/2026:20:56:21 +0330] "GET /?ND&add-to-cart=87 HTTP/1.1" 200 34075 "-" "Mozilla/5.0 (compatible; MJ12bot/v1.4.8; http://mj12bot.com/)"
51.68.234.121 - - [20/Mar/2026:20:56:54 +0330] "GET /?SA&add-to-cart=84 HTTP/1.1" 200 34077 "-" "Mozilla/5.0 (compatible; MJ12bot/v1.4.8; http://mj12bot.com/)"
51.68.234.121 - - [20/Mar/2026:20:57:35 +0330] "GET /whbcv.php?fileloc=/home/salamatk/takarzan.ir/.litespeed_flag&path=/home/salamatk/takarzan.ir HTTP/1.1" 200 2679 "-" "Mozilla/5.0 (compatible; MJ12bot/v1.4.8; http://mj12bot.com/)"
51.68.234.121 - - [20/Mar/2026:20:57:36 +0330] "GET /whbcv.php?fileloc=/home/salamatk/takarzan.ir/dup-installer/.user.ini&path=/home/salamatk/takarzan.ir/dup-installer HTTP/1.1" 200 2637 "-" "Mozilla/5.0 (compatible; MJ12bot/v1.4.8; http://mj12bot.com/)"
51.68.234.121 - - [20/Mar/2026:20:57:39 +0330] "GET /whbcv.php?fileloc=/home/salamatk/takarzan.ir/dup-installer/addons/.htaccess&path=/home/salamatk/takarzan.ir/dup-installer/addons HTTP/1.1" 200 2602 "-" "Mozilla/5.0 (compatible; MJ12bot/v1.4.8; http://mj12bot.com/)"
51.68.234.121 - - [20/Mar/2026:20:57:42 +0330] "GET /whbcv.php?fileloc=/home/salamatk/takarzan.ir/dup-installer/addons/index.php&path=/home/salamatk/takarzan.ir/dup-installer/addons HTTP/1.1" 200 2550 "-" "Mozilla/5.0 (compatible; MJ12bot/v1.4.8; http://mj12bot.com/)"
51.68.234.121 - - [20/Mar/2026:20:57:45 +0330] "GET /whbcv.php?fileloc=/home/salamatk/takarzan.ir/dup-installer/assets/inc.css.php&path=/home/salamatk/takarzan.ir/dup-installer/assets HTTP/1.1" 200 13675 "-" "Mozilla/5.0 (compatible; MJ12bot/v1.4.8; http://mj12bot.com/)"
51.68.234.121 - - [20/Mar/2026:20:57:47 +0330] "GET /whbcv.php?fileloc=/home/salamatk/takarzan.ir/dup-installer/assets/inc.css.validation.php&path=/home/salamatk/takarzan.ir/dup-installer/assets HTTP/1.1" 200 3218 "-" "Mozilla/5.0 (compatible; MJ12bot/v1.4.8; http://mj12bot.com/)"
51.68.234.121 - - [20/Mar/2026:20:57:49 +0330] "GET /whbcv.php?fileloc=/home/salamatk/takarzan.ir/dup-installer/assets/inc.js.php&path=/home/salamatk/takarzan.ir/dup-installer/assets HTTP/1.1" 200 7279 "-" "Mozilla/5.0 (compatible; MJ12bot/v1.4.8; http://mj12bot.com/)"
51.68.234.121 - - [20/Mar/2026:20:57:50 +0330] "GET /whbcv.php?fileloc=/home/salamatk/takarzan.ir/dup-installer/assets/inc.libs.css.php&path=/home/salamatk/takarzan.ir/dup-installer/assets HTTP/1.1" 200 10473 "-" "Mozilla/5.0 (compatible; MJ12bot/v1.4.8; http://mj12bot.com/)"
51.68.234.121 - - [20/Mar/2026:20:57:52 +0330] "GET /whbcv.php?fileloc=/home/salamatk/takarzan.ir/dup-installer/assets/inc.libs.js&path=/home/salamatk/takarzan.ir/dup-installer/assets HTTP/1.1" 200 116185 "-" "Mozilla/5.0 (compatible; MJ12bot/v1.4.8; http://mj12bot.com/)"
51.68.234.121 - - [20/Mar/2026:20:57:53 +0330] "GET /whbcv.php?fileloc=/home/salamatk/takarzan.ir/dup-installer/assets/index.php&path=/home/salamatk/takarzan.ir/dup-installer/assets HTTP/1.1" 200 2552 "-" "Mozilla/5.0 (compatible; MJ12bot/v1.4.8; http://mj12bot.com/)"
51.68.234.121 - - [20/Mar/2026:20:57:57 +0330] "GET /whbcv.php?fileloc=/home/salamatk/takarzan.ir/dup-installer/assets/maintenance.html&path=/home/salamatk/takarzan.ir/dup-installer/assets HTTP/1.1" 200 2933 "-" "Mozilla/5.0 (compatible; MJ12bot/v1.4.8; http://mj12bot.com/)"
51.68.234.121 - - [20/Mar/2026:20:58:00 +0330] "GET /whbcv.php?fileloc=/home/salamatk/takarzan.ir/wp-includes/class-wp-http-streams.php&path=/home/salamatk/takarzan.ir/wp-includes HTTP/1.1" 200 7341 "-" "Mozilla/5.0 (compatible; MJ12bot/v1.4.8; http://mj12bot.com/)"
51.68.234.121 - - [20/Mar/2026:20:58:01 +0330] "GET /whbcv.php?fileloc=/home/salamatk/takarzan.ir/wp-includes/class-wp-image-editor-gd.php&path=/home/salamatk/takarzan.ir/wp-includes HTTP/1.1" 200 7672 "-" "Mozilla/5.0 (compatible; MJ12bot/v1.4.8; http://mj12bot.com/)"
51.68.234.121 - - [20/Mar/2026:20:58:04 +0330] "GET /whbcv.php?fileloc=/home/salamatk/takarzan.ir/wp-includes/class-wp-image-editor-imagick.php&path=/home/salamatk/takarzan.ir/wp-includes HTTP/1.1" 200 12872 "-" "Mozilla/5.0 (compatible; MJ12bot/v1.4.8; http://mj12bot.com/)"
51.68.234.121 - - [20/Mar/2026:20:58:08 +0330] "GET /whbcv.php?fileloc=/home/salamatk/takarzan.ir/wp-includes/class-wp-object-cache.php&path=/home/salamatk/takarzan.ir/wp-includes HTTP/1.1" 200 6308 "-" "Mozilla/5.0 (compatible; MJ12bot/v1.4.8; http://mj12bot.com/)"
51.68.234.121 - - [20/Mar/2026:20:58:11 +0330] "GET /whbcv.php?fileloc=/home/salamatk/takarzan.ir/wp-includes/class-wp-phpmailer.php&path=/home/salamatk/takarzan.ir/wp-includes HTTP/1.1" 200 3904 "-" "Mozilla/5.0 (compatible; MJ12bot/v1.4.8; http://mj12bot.com/)"
51.68.234.121 - - [20/Mar/2026:20:58:14 +0330] "GET /whbcv.php?fileloc=/home/salamatk/takarzan.ir/wp-includes/class-wp-plugin-dependencies.php&path=/home/salamatk/takarzan.ir/wp-includes HTTP/1.1" 200 7710 "-" "Mozilla/5.0 (compatible; MJ12bot/v1.4.8; http://mj12bot.com/)"
51.68.234.121 - - [20/Mar/2026:20:58:17 +0330] "GET /whbcv.php?fileloc=/home/salamatk/takarzan.ir/wp-includes/class-wp-post-type.php&path=/home/salamatk/takarzan.ir/wp-includes HTTP/1.1" 200 9398 "-" "Mozilla/5.0 (compatible; MJ12bot/v1.4.8; http://mj12bot.com/)"
51.68.234.121 - - [20/Mar/2026:20:58:20 +0330] "GET /whbcv.php?fileloc=/home/salamatk/takarzan.ir/wp-includes/class-wp-recovery-mode-key-service.php&path=/home/salamatk/takarzan.ir/wp-includes HTTP/1.1" 200 3911 "-" "Mozilla/5.0 (compatible; MJ12bot/v1.4.8; http://mj12bot.com/)"
51.68.234.121 - - [20/Mar/2026:20:58:23 +0330] "GET /whbcv.php?fileloc=/home/salamatk/takarzan.ir/wp-includes/class-wp-recovery-mode-link-service.php&path=/home/salamatk/takarzan.ir/wp-includes HTTP/1.1" 200 3659 "-" "Mozilla/5.0 (compatible; MJ12bot/v1.4.8; http://mj12bot.com/)"
51.68.234.121 - - [20/Mar/2026:20:58:26 +0330] "GET /whbcv.php?fileloc=/home/salamatk/takarzan.ir/wp-includes/class-wp-recovery-mode.php&path=/home/salamatk/takarzan.ir/wp-includes HTTP/1.1" 200 5716 "-" "Mozilla/5.0 (compatible; MJ12bot/v1.4.8; http://mj12bot.com/)"
51.68.234.121 - - [20/Mar/2026:20:58:29 +0330] "GET /whbcv.php?fileloc=/home/salamatk/takarzan.ir/wp-includes/class-wp-rewrite.php&path=/home/salamatk/takarzan.ir/wp-includes HTTP/1.1" 200 17779 "-" "Mozilla/5.0 (compatible; MJ12bot/v1.4.8; http://mj12bot.com/)"
51.68.234.121 - - [20/Mar/2026:20:58:32 +0330] "GET /whbcv.php?fileloc=/home/salamatk/takarzan.ir/wp-includes/class-wp-role.php&path=/home/salamatk/takarzan.ir/wp-includes HTTP/1.1" 200 3263 "-" "Mozilla/5.0 (compatible; MJ12bot/v1.4.8; http://mj12bot.com/)"
216.244.66.239 - - [20/Mar/2026:20:03:50 +0330] "GET /cgi-sys/suspendedpage.cgi?remove_item=553c3741e8d893fe9789a3eb8a162821&_wpnonce=1a6ca32ebe HTTP/1.1" 200 7616 "-" "Mozilla/5.0 (compatible; DotBot/1.2; +https://opensiteexplorer.org/dotbot; help@moz.com)"
81.167.26.57 - - [20/Mar/2026:20:15:02 +0330] "GET /robots.txt HTTP/1.1" 404 796 "-" "Mozilla/5.0 (compatible; MJ12bot/v1.4.8; http://mj12bot.com/)"
81.167.26.57 - - [20/Mar/2026:20:15:04 +0330] "GET /whbcv.php?fileloc=/home/salamatk/takarzan.ir/wp-includes/class-wp-post.php&path=/home/salamatk/takarzan.ir/wp-includes HTTP/1.1" 200 4241 "-" "Mozilla/5.0 (compatible; MJ12bot/v1.4.8; http://mj12bot.com/)"
81.167.26.57 - - [20/Mar/2026:20:15:06 +0330] "GET /whbcv.php?fileloc=/home/salamatk/takarzan.ir/wp-includes/class-wp-query.php&path=/home/salamatk/takarzan.ir/wp-includes HTTP/1.1" 200 35789 "-" "Mozilla/5.0 (compatible; MJ12bot/v1.4.8; http://mj12bot.com/)"
81.167.26.57 - - [20/Mar/2026:20:15:10 +0330] "GET /whbcv.php?fileloc=/home/salamatk/takarzan.ir/wp-includes/class-wp-recovery-mode-cookie-service.php&path=/home/salamatk/takarzan.ir/wp-includes HTTP/1.1" 200 4659 "-" "Mozilla/5.0 (compatible; MJ12bot/v1.4.8; http://mj12bot.com/)"
81.167.26.57 - - [20/Mar/2026:20:15:12 +0330] "GET /whbcv.php?fileloc=/home/salamatk/takarzan.ir/wp-includes/class-wp-recovery-mode-email-service.php&path=/home/salamatk/takarzan.ir/wp-includes HTTP/1.1" 200 6075 "-" "Mozilla/5.0 (compatible; MJ12bot/v1.4.8; http://mj12bot.com/)"
81.167.26.57 - - [20/Mar/2026:20:15:15 +0330] "GET /whbcv.php?fileloc=/home/salamatk/takarzan.ir/wp-includes/feed-rdf.php&path=/home/salamatk/takarzan.ir/wp-includes HTTP/1.1" 200 3544 "-" "Mozilla/5.0 (compatible; MJ12bot/v1.4.8; http://mj12bot.com/)"
216.244.66.239 - - [20/Mar/2026:20:46:07 +0330] "GET /cgi-sys/suspendedpage.cgi?filter_brand=sumsung&filter_color=matte-black HTTP/1.1" 200 7616 "-" "Mozilla/5.0 (compatible; DotBot/1.2; +https://opensiteexplorer.org/dotbot; help@moz.com)"
119.249.100.239 - - [20/Mar/2026:20:46:36 +0330] "GET /robots.txt HTTP/1.1" 404 796 "-" "Mozilla/5.0 (Windows NT 10.0; WOW64) AppleWebKit/537.36 (KHTML, like Gecko) Chrome/48.0.2564.116 Safari/537.36"
216.244.66.239 - - [20/Mar/2026:20:48:20 +0330] "GET /cgi-sys/suspendedpage.cgi?filter_body-materials=polyester&filter_color=black HTTP/1.1" 200 7616 "-" "Mozilla/5.0 (compatible; DotBot/1.2; +https://opensiteexplorer.org/dotbot; help@moz.com)"
216.244.66.239 - - [20/Mar/2026:20:48:24 +0330] "GET /color/matte-black/?orderby=rating&oinstock=true HTTP/1.1" 404 796 "-" "Mozilla/5.0 (compatible; DotBot/1.2; +https://opensiteexplorer.org/dotbot; help@moz.com)"
5.144.129.99 - - [20/Mar/2026:20:55:48 +0330] "POST /wp-cron.php?doing_wp_cron=1774027548.3926370143890380859375 HTTP/1.1" 200 20 "-" "WordPress/6.9.4; http://takarzan.ir"
5.144.129.99 - - [20/Mar/2026:20:56:53 +0330] "POST /wp-cron.php?doing_wp_cron=1774027613.1289360523223876953125 HTTP/1.1" 200 20 "-" "WordPress/6.9.4; http://takarzan.ir"
116.179.32.110 - - [20/Mar/2026:21:04:44 +0330] "GET /tag/%D8%AE%D8%B1%DB%8C%D8%AF-%DA%86%D8%A7%DB%8C-%D8%B3%D8%A7%D8%B2 HTTP/1.1" 404 796 "-" "Mozilla/5.0 (compatible; Baiduspider/2.0; +http://www.baidu.com/search/spider.html)"
216.244.66.239 - - [20/Mar/2026:21:27:33 +0330] "GET /robots.txt HTTP/1.1" 404 796 "-" "Mozilla/5.0 (compatible; DotBot/1.2; +https://opensiteexplorer.org/dotbot; help@moz.com)"
216.244.66.239 - - [20/Mar/2026:21:31:56 +0330] "GET /shop/?orderby=price&filter_%D8%A8%D8%B1%D9%86%D8%AF=%D8%AC%DB%8C-%D9%BE%D9%84%D8%A7%D8%B3 HTTP/1.1" 404 796 "-" "Mozilla/5.0 (compatible; DotBot/1.2; +https://opensiteexplorer.org/dotbot; help@moz.com)"
216.244.66.239 - - [20/Mar/2026:21:49:00 +0330] "GET /product-category/poshak/?orderby=popularity&filter_color=green,matte-black,navyblue HTTP/1.1" 404 796 "-" "Mozilla/5.0 (compatible; DotBot/1.2; +https://opensiteexplorer.org/dotbot; help@moz.com)"
62.84.185.63 - - [20/Mar/2026:19:55:40 +0330] "GET /whbcv.php?fileloc=/home/salamatk/takarzan.ir/wp-includes/class-wp-comment.php&path=/home/salamatk/takarzan.ir/wp-includes HTTP/1.1" 200 5165 "-" "Mozilla/5.0 (compatible; MJ12bot/v1.4.8; http://mj12bot.com/)"
62.84.185.63 - - [20/Mar/2026:19:55:43 +0330] "GET /whbcv.php?fileloc=/home/salamatk/takarzan.ir/wp-includes/class-wp-customize-control.php&path=/home/salamatk/takarzan.ir/wp-includes HTTP/1.1" 200 8431 "-" "Mozilla/5.0 (compatible; MJ12bot/v1.4.8; http://mj12bot.com/)"
62.84.185.63 - - [20/Mar/2026:19:55:47 +0330] "GET /whbcv.php?fileloc=/home/salamatk/takarzan.ir/wp-includes/class-wp-customize-manager.php&path=/home/salamatk/takarzan.ir/wp-includes HTTP/1.1" 200 49794 "-" "Mozilla/5.0 (compatible; MJ12bot/v1.4.8; http://mj12bot.com/)"
62.84.185.63 - - [20/Mar/2026:19:55:51 +0330] "GET /whbcv.php?fileloc=/home/salamatk/takarzan.ir/wp-includes/class-wp-customize-nav-menus.php&path=/home/salamatk/takarzan.ir/wp-includes HTTP/1.1" 200 17298 "-" "Mozilla/5.0 (compatible; MJ12bot/v1.4.8; http://mj12bot.com/)"
62.84.185.63 - - [20/Mar/2026:19:56:16 +0330] "GET /whbcv.php?fileloc=/home/salamatk/takarzan.ir/wp-includes/class-wp-http-curl.php&path=/home/salamatk/takarzan.ir/wp-includes HTTP/1.1" 200 6316 "-" "Mozilla/5.0 (compatible; MJ12bot/v1.4.8; http://mj12bot.com/)"
62.84.185.63 - - [20/Mar/2026:19:56:26 +0330] "GET /whbcv.php?fileloc=/home/salamatk/takarzan.ir/wp-includes/class-wp-image-editor.php&path=/home/salamatk/takarzan.ir/wp-includes HTTP/1.1" 200 7354 "-" "Mozilla/5.0 (compatible; MJ12bot/v1.4.8; http://mj12bot.com/)"
62.84.185.63 - - [20/Mar/2026:19:56:32 +0330] "GET /whbcv.php?fileloc=/home/salamatk/takarzan.ir/wp-includes/class-wp-locale-switcher.php&path=/home/salamatk/takarzan.ir/wp-includes HTTP/1.1" 200 4370 "-" "Mozilla/5.0 (compatible; MJ12bot/v1.4.8; http://mj12bot.com/)"
216.244.66.239 - - [20/Mar/2026:20:48:16 +0330] "GET /brand/breville/?orderby=price-desc&oinstock=true HTTP/1.1" 404 796 "-" "Mozilla/5.0 (compatible; DotBot/1.2; +https://opensiteexplorer.org/dotbot; help@moz.com)"
216.244.66.239 - - [20/Mar/2026:20:48:19 +0330] "GET /brand/delsey/?filter_color=violet HTTP/1.1" 404 796 "-" "Mozilla/5.0 (compatible; DotBot/1.2; +https://opensiteexplorer.org/dotbot; help@moz.com)"
216.244.66.239 - - [20/Mar/2026:21:29:44 +0330] "GET /product/%D9%85%D8%A7%D8%B4%DB%8C%D9%86-%D8%B8%D8%B1%D9%81%D8%B4%D9%88%DB%8C%DB%8C-%D8%A8%D9%88%D8%B4-%D9%85%D8%AF%D9%84-sms6eci03e/ HTTP/1.1" 404 796 "-" "Mozilla/5.0 (compatible; DotBot/1.2; +https://opensiteexplorer.org/dotbot; help@moz.com)"
216.244.66.239 - - [20/Mar/2026:21:31:30 +0330] "GET /?orderby=menu_order&products_per_page=-1 HTTP/1.1" 200 0 "-" "Mozilla/5.0 (compatible; DotBot/1.2; +https://opensiteexplorer.org/dotbot; help@moz.com)"
216.244.66.239 - - [20/Mar/2026:21:33:44 +0330] "GET /cgi-sys/suspendedpage.cgi?orderby=price-desc&filter_operation-system=ios&filter_color=green HTTP/1.1" 200 7616 "-" "Mozilla/5.0 (compatible; DotBot/1.2; +https://opensiteexplorer.org/dotbot; help@moz.com)"
135.181.180.59 - - [20/Mar/2026:21:46:23 +0330] "GET /robots.txt HTTP/1.1" 404 796 "-" "Mozilla/5.0 (compatible; MJ12bot/v1.4.8; http://mj12bot.com/)"
51.68.234.121 - - [20/Mar/2026:20:58:35 +0330] "GET /whbcv.php?fileloc=/home/salamatk/takarzan.ir/wp-includes/class-wp-roles.php&path=/home/salamatk/takarzan.ir/wp-includes HTTP/1.1" 200 5094 "-" "Mozilla/5.0 (compatible; MJ12bot/v1.4.8; http://mj12bot.com/)"
51.68.234.121 - - [20/Mar/2026:20:58:38 +0330] "GET /whbcv.php?fileloc=/home/salamatk/takarzan.ir/wp-includes/class-wp-script-modules.php&path=/home/salamatk/takarzan.ir/wp-includes HTTP/1.1" 200 10360 "-" "Mozilla/5.0 (compatible; MJ12bot/v1.4.8; http://mj12bot.com/)"
51.68.234.121 - - [20/Mar/2026:20:58:41 +0330] "GET /whbcv.php?fileloc=/home/salamatk/takarzan.ir/wp-includes/class-wp-scripts.php&path=/home/salamatk/takarzan.ir/wp-includes HTTP/1.1" 200 10639 "-" "Mozilla/5.0 (compatible; MJ12bot/v1.4.8; http://mj12bot.com/)"
51.68.234.121 - - [20/Mar/2026:20:58:43 +0330] "GET /whbcv.php?fileloc=/home/salamatk/takarzan.ir/wp-includes/class-wp-session-tokens.php&path=/home/salamatk/takarzan.ir/wp-includes HTTP/1.1" 200 4393 "-" "Mozilla/5.0 (compatible; MJ12bot/v1.4.8; http://mj12bot.com/)"
216.244.66.239 - - [20/Mar/2026:21:29:24 +0330] "GET /product/%D8%A7%D8%B3%D9%BE%DB%8C%DA%A9%D8%B1-%D8%A8%D9%84%D9%88%D8%AA%D9%88%D8%AB%DB%8C-%D9%82%D8%A7%D8%A8%D9%84-%D8%AD%D9%85%D9%84-%D9%85%D8%AF%D9%84-gz-p44/ HTTP/1.1" 404 796 "-" "Mozilla/5.0 (compatible; DotBot/1.2; +https://opensiteexplorer.org/dotbot; help@moz.com)"
216.244.66.239 - - [20/Mar/2026:21:31:08 +0330] "GET /shop/?orderby=date&filter_%D8%A8%D8%B1%D9%86%D8%AF=%D8%AC%DB%8C-%D9%BE%D9%84%D8%A7%D8%B3 HTTP/1.1" 404 796 "-" "Mozilla/5.0 (compatible; DotBot/1.2; +https://opensiteexplorer.org/dotbot; help@moz.com)"
216.244.66.239 - - [20/Mar/2026:21:31:16 +0330] "GET /shop/?orderby=rating&filter_%D8%A8%D8%B1%D9%86%D8%AF=%D8%B4%DB%8C%D8%A7%D8%A6%D9%88%D9%85%DB%8C HTTP/1.1" 404 796 "-" "Mozilla/5.0 (compatible; DotBot/1.2; +https://opensiteexplorer.org/dotbot; help@moz.com)"
135.181.180.59 - - [20/Mar/2026:21:46:28 +0330] "GET /whbcv.php?fileloc=/home/salamatk/takarzan.ir/wp-links-opml.php&path=/home/salamatk/takarzan.ir HTTP/1.1" 200 3657 "-" "Mozilla/5.0 (compatible; MJ12bot/v1.4.8; http://mj12bot.com/)"
94.156.152.15 - - [20/Mar/2026:20:47:45 +0330] "GET /wp-admin/css/index.php HTTP/1.1" 404 796 "-" "Go-http-client/1.1"
94.156.152.15 - - [20/Mar/2026:20:47:45 +0330] "GET /wp-content/plugins/index.php HTTP/1.1" 200 20 "-" "Go-http-client/1.1"
94.156.152.15 - - [20/Mar/2026:20:47:45 +0330] "GET /wp-content/index.php HTTP/1.1" 200 20 "-" "Go-http-client/1.1"
94.156.152.15 - - [20/Mar/2026:20:47:45 +0330] "GET /ioxi-o.php HTTP/1.1" 404 796 "-" "Go-http-client/1.1"
94.156.152.15 - - [20/Mar/2026:20:47:46 +0330] "GET /222.php HTTP/1.1" 404 796 "-" "Go-http-client/1.1"
94.156.152.15 - - [20/Mar/2026:20:47:46 +0330] "GET /files.php HTTP/1.1" 404 796 "-" "Go-http-client/1.1"
94.156.152.15 - - [20/Mar/2026:20:47:46 +0330] "GET /wp-editor.php HTTP/1.1" 404 796 "-" "Go-http-client/1.1"
94.156.152.15 - - [20/Mar/2026:20:47:46 +0330] "GET /txets.php HTTP/1.1" 404 796 "-" "Go-http-client/1.1"
94.156.152.15 - - [20/Mar/2026:20:47:46 +0330] "GET /wp-content/txets.php HTTP/1.1" 404 796 "-" "Go-http-client/1.1"
94.156.152.15 - - [20/Mar/2026:20:47:46 +0330] "GET /wp-admin/txets.php HTTP/1.1" 404 796 "-" "Go-http-client/1.1"
94.156.152.15 - - [20/Mar/2026:20:47:46 +0330] "GET /postnews.php HTTP/1.1" 404 796 "-" "Go-http-client/1.1"
94.156.152.15 - - [20/Mar/2026:20:47:46 +0330] "GET /wp-content/postnews.php HTTP/1.1" 404 796 "-" "Go-http-client/1.1"
94.156.152.15 - - [20/Mar/2026:20:47:47 +0330] "GET /wp-admin/postnews.php HTTP/1.1" 404 796 "-" "Go-http-client/1.1"
216.244.66.239 - - [20/Mar/2026:20:48:22 +0330] "GET /color/green/?filter_color=red&oinstock=true HTTP/1.1" 404 796 "-" "Mozilla/5.0 (compatible; DotBot/1.2; +https://opensiteexplorer.org/dotbot; help@moz.com)"
216.244.66.239 - - [20/Mar/2026:20:50:49 +0330] "GET /cgi-sys/suspendedpage.cgi?orderby=price&filter_color=green%2Cviolet HTTP/1.1" 200 7616 "-" "Mozilla/5.0 (compatible; DotBot/1.2; +https://opensiteexplorer.org/dotbot; help@moz.com)"
5.144.129.99 - - [20/Mar/2026:20:54:46 +0330] "POST /wp-cron.php?doing_wp_cron=1774027486.9749960899353027343750 HTTP/1.1" 200 20 "-" "WordPress/6.9.4; http://takarzan.ir"
216.244.66.239 - - [20/Mar/2026:21:33:39 +0330] "GET /cgi-sys/suspendedpage.cgi?filter_color=blue%2Cviolet&oinstock=true HTTP/1.1" 200 7616 "-" "Mozilla/5.0 (compatible; DotBot/1.2; +https://opensiteexplorer.org/dotbot; help@moz.com)"
135.181.180.59 - - [20/Mar/2026:21:46:24 +0330] "GET /whbcv.php?fileloc=/home/salamatk/takarzan.ir/wp-includes/wp-diff.php&path=/home/salamatk/takarzan.ir/wp-includes HTTP/1.1" 200 2840 "-" "Mozilla/5.0 (compatible; MJ12bot/v1.4.8; http://mj12bot.com/)"
216.244.66.239 - - [20/Mar/2026:21:49:03 +0330] "GET /shop/?orderby=date&filter_color=%D9%86%D8%A7%D8%B1%D9%86%D8%AC%DB%8C,green,matte-black,navyblue,yellow HTTP/1.1" 404 796 "-" "Mozilla/5.0 (compatible; DotBot/1.2; +https://opensiteexplorer.org/dotbot; help@moz.com)"
94.26.106.172 - - [20/Mar/2026:21:56:40 +0330] "HEAD / HTTP/1.1" 200 0 "https://takarzan.ir/" "Mozilla/5.0 (Windows NT 10.0; Win64; x64) AppleWebKit/537.36 (KHTML, like Gecko) Chrome/91.0.4472.124 Safari/537.36"
149.224.91.214 - - [20/Mar/2026:22:05:53 +0330] "GET /robots.txt HTTP/1.1" 404 796 "-" "Mozilla/5.0 (compatible; MJ12bot/v1.4.8; http://mj12bot.com/)"
149.224.91.214 - - [20/Mar/2026:22:05:55 +0330] "GET /whbcv.php?fileloc=/home/salamatk/takarzan.ir/wp-includes/https-migration.php&path=/home/salamatk/takarzan.ir/wp-includes HTTP/1.1" 200 4115 "-" "Mozilla/5.0 (compatible; MJ12bot/v1.4.8; http://mj12bot.com/)"
149.224.91.214 - - [20/Mar/2026:22:08:34 +0330] "GET /whbcv.php?fileloc=/home/salamatk/takarzan.ir/wp-mail.php&path=/home/salamatk/takarzan.ir HTTP/1.1" 200 5619 "-" "Mozilla/5.0 (compatible; MJ12bot/v1.4.8; http://mj12bot.com/)"
149.224.91.214 - - [20/Mar/2026:22:08:36 +0330] "GET /whbcv.php?fileloc=/home/salamatk/takarzan.ir/wp-settings.php&path=/home/salamatk/takarzan.ir HTTP/1.1" 200 8876 "-" "Mozilla/5.0 (compatible; MJ12bot/v1.4.8; http://mj12bot.com/)"
149.224.91.214 - - [20/Mar/2026:22:08:38 +0330] "GET /whbcv.php?fileloc=/home/salamatk/takarzan.ir/wp-signup.php&path=/home/salamatk/takarzan.ir HTTP/1.1" 200 10755 "-" "Mozilla/5.0 (compatible; MJ12bot/v1.4.8; http://mj12bot.com/)"
149.224.91.214 - - [20/Mar/2026:22:08:40 +0330] "GET /whbcv.php?fileloc=/home/salamatk/takarzan.ir/wp-trackback.php&path=/home/salamatk/takarzan.ir HTTP/1.1" 200 4431 "-" "Mozilla/5.0 (compatible; MJ12bot/v1.4.8; http://mj12bot.com/)"
149.224.91.214 - - [20/Mar/2026:22:08:41 +0330] "GET /whbcv.php?path=/ HTTP/1.1" 200 3346 "-" "Mozilla/5.0 (compatible; MJ12bot/v1.4.8; http://mj12bot.com/)"
149.224.91.214 - - [20/Mar/2026:22:06:21 +0330] "GET /whbcv.php?fileloc=/home/salamatk/takarzan.ir/wp-includes/ms-network.php&path=/home/salamatk/takarzan.ir/wp-includes HTTP/1.1" 200 3916 "-" "Mozilla/5.0 (compatible; MJ12bot/v1.4.8; http://mj12bot.com/)"
149.224.91.214 - - [20/Mar/2026:22:06:26 +0330] "GET /whbcv.php?fileloc=/home/salamatk/takarzan.ir/wp-includes/ms-site.php&path=/home/salamatk/takarzan.ir/wp-includes HTTP/1.1" 200 12613 "-" "Mozilla/5.0 (compatible; MJ12bot/v1.4.8; http://mj12bot.com/)"
149.224.91.214 - - [20/Mar/2026:22:06:30 +0330] "GET /whbcv.php?fileloc=/home/salamatk/takarzan.ir/wp-includes/nav-menu-template.php&path=/home/salamatk/takarzan.ir/wp-includes HTTP/1.1" 200 8935 "-" "Mozilla/5.0 (compatible; MJ12bot/v1.4.8; http://mj12bot.com/)"
149.224.91.214 - - [20/Mar/2026:22:06:39 +0330] "GET /whbcv.php?fileloc=/home/salamatk/takarzan.ir/wp-includes/pluggable.php&path=/home/salamatk/takarzan.ir/wp-includes HTTP/1.1" 200 31916 "-" "Mozilla/5.0 (compatible; MJ12bot/v1.4.8; http://mj12bot.com/)"
149.224.91.214 - - [20/Mar/2026:22:06:42 +0330] "GET /whbcv.php?fileloc=/home/salamatk/takarzan.ir/wp-includes/plugin.php&path=/home/salamatk/takarzan.ir/wp-includes HTTP/1.1" 200 10204 "-" "Mozilla/5.0 (compatible; MJ12bot/v1.4.8; http://mj12bot.com/)"
149.224.91.214 - - [20/Mar/2026:22:06:48 +0330] "GET /whbcv.php?fileloc=/home/salamatk/takarzan.ir/wp-includes/post-template.php&path=/home/salamatk/takarzan.ir/wp-includes HTTP/1.1" 200 19414 "-" "Mozilla/5.0 (compatible; MJ12bot/v1.4.8; http://mj12bot.com/)"
149.224.91.214 - - [20/Mar/2026:22:06:53 +0330] "GET /whbcv.php?fileloc=/home/salamatk/takarzan.ir/wp-includes/post.php&path=/home/salamatk/takarzan.ir/wp-includes HTTP/1.1" 200 66652 "-" "Mozilla/5.0 (compatible; MJ12bot/v1.4.8; http://mj12bot.com/)"
149.224.91.214 - - [20/Mar/2026:22:07:01 +0330] "GET /whbcv.php?fileloc=/home/salamatk/takarzan.ir/wp-includes/registration.php&path=/home/salamatk/takarzan.ir/wp-includes HTTP/1.1" 200 2658 "-" "Mozilla/5.0 (compatible; MJ12bot/v1.4.8; http://mj12bot.com/)"
149.224.91.214 - - [20/Mar/2026:22:07:12 +0330] "GET /whbcv.php?fileloc=/home/salamatk/takarzan.ir/wp-includes/rest-api.php&path=/home/salamatk/takarzan.ir/wp-includes HTTP/1.1" 200 24252 "-" "Mozilla/5.0 (compatible; MJ12bot/v1.4.8; http://mj12bot.com/)"
149.224.91.214 - - [20/Mar/2026:22:07:16 +0330] "GET /whbcv.php?fileloc=/home/salamatk/takarzan.ir/wp-includes/revision.php&path=/home/salamatk/takarzan.ir/wp-includes HTTP/1.1" 200 10524 "-" "Mozilla/5.0 (compatible; MJ12bot/v1.4.8; http://mj12bot.com/)"
149.224.91.214 - - [20/Mar/2026:22:07:20 +0330] "GET /whbcv.php?fileloc=/home/salamatk/takarzan.ir/wp-includes/rewrite.php&path=/home/salamatk/takarzan.ir/wp-includes HTTP/1.1" 200 8509 "-" "Mozilla/5.0 (compatible; MJ12bot/v1.4.8; http://mj12bot.com/)"
216.244.66.239 - - [20/Mar/2026:22:15:19 +0330] "GET /robots.txt HTTP/1.1" 404 796 "-" "Mozilla/5.0 (compatible; DotBot/1.2; +https://opensiteexplorer.org/dotbot; help@moz.com)"
216.244.66.239 - - [20/Mar/2026:22:20:53 +0330] "GET /cgi-sys/suspendedpage.cgi?filter_brand=kia&orderby=popularity HTTP/1.1" 200 7616 "-" "Mozilla/5.0 (compatible; DotBot/1.2; +https://opensiteexplorer.org/dotbot; help@moz.com)"
20.6.131.235 - - [20/Mar/2026:22:21:28 +0330] "GET /wp-content/languages/admin-fa_IR.l10n.php HTTP/1.1" 200 20 "binance.com" "Mozilla/5.0 (Windows NT 10.0; Win64; x64) AppleWebKit/537.36 (KHTML, like Gecko) Chrome/90.0.4430.85 Safari/537.36"
20.6.131.235 - - [20/Mar/2026:22:21:43 +0330] "GET /wp-content/languages/continents-cities-fa_IR.l10n.php HTTP/1.1" 200 20 "binance.com" "Mozilla/5.0 (Windows NT 10.0; Win64; x64) AppleWebKit/537.36 (KHTML, like Gecko) Chrome/90.0.4430.85 Safari/537.36"
20.6.131.235 - - [20/Mar/2026:22:22:34 +0330] "GET /wp-admin/maint/ HTTP/1.1" 200 748 "binance.com" "Mozilla/5.0 (Windows NT 10.0; Win64; x64) AppleWebKit/537.36 (KHTML, like Gecko) Chrome/90.0.4430.85 Safari/537.36"
20.6.131.235 - - [20/Mar/2026:22:23:11 +0330] "GET /wp-admin/css/colors/ HTTP/1.1" 200 1287 "binance.com" "Mozilla/5.0 (Windows NT 10.0; Win64; x64) AppleWebKit/537.36 (KHTML, like Gecko) Chrome/90.0.4430.85 Safari/537.36"
20.6.131.235 - - [20/Mar/2026:22:23:15 +0330] "GET /wp-admin/css/colors/blue/ HTTP/1.1" 200 858 "binance.com" "Mozilla/5.0 (Windows NT 10.0; Win64; x64) AppleWebKit/537.36 (KHTML, like Gecko) Chrome/90.0.4430.85 Safari/537.36"
20.6.131.235 - - [20/Mar/2026:22:23:20 +0330] "GET /wp-admin/css/colors/coffee/ HTTP/1.1" 200 857 "binance.com" "Mozilla/5.0 (Windows NT 10.0; Win64; x64) AppleWebKit/537.36 (KHTML, like Gecko) Chrome/90.0.4430.85 Safari/537.36"
20.6.131.235 - - [20/Mar/2026:22:23:30 +0330] "GET /wp-admin/css/colors/ectoplasm/ HTTP/1.1" 200 859 "binance.com" "Mozilla/5.0 (Windows NT 10.0; Win64; x64) AppleWebKit/537.36 (KHTML, like Gecko) Chrome/90.0.4430.85 Safari/537.36"
20.6.131.235 - - [20/Mar/2026:22:23:39 +0330] "GET /wp-admin/css/colors/light/ HTTP/1.1" 200 858 "binance.com" "Mozilla/5.0 (Windows NT 10.0; Win64; x64) AppleWebKit/537.36 (KHTML, like Gecko) Chrome/90.0.4430.85 Safari/537.36"
20.6.131.235 - - [20/Mar/2026:22:24:01 +0330] "GET /wp-admin/css/colors/ocean/ HTTP/1.1" 200 858 "binance.com" "Mozilla/5.0 (Windows NT 10.0; Win64; x64) AppleWebKit/537.36 (KHTML, like Gecko) Chrome/90.0.4430.85 Safari/537.36"
216.244.66.239 - - [20/Mar/2026:22:24:25 +0330] "GET /cgi-sys/suspendedpage.cgi?filter_color=black,navyblue HTTP/1.1" 200 7616 "-" "Mozilla/5.0 (compatible; DotBot/1.2; +https://opensiteexplorer.org/dotbot; help@moz.com)"
216.244.66.239 - - [20/Mar/2026:22:24:33 +0330] "GET /color/%D9%86%D8%A7%D8%B1%D9%86%D8%AC%DB%8C/?filter_color=red HTTP/1.1" 404 796 "-" "Mozilla/5.0 (compatible; DotBot/1.2; +https://opensiteexplorer.org/dotbot; help@moz.com)"
20.6.131.235 - - [20/Mar/2026:22:24:37 +0330] "GET /wp-admin/js/widgets/ HTTP/1.1" 200 1351 "binance.com" "Mozilla/5.0 (Windows NT 10.0; Win64; x64) AppleWebKit/537.36 (KHTML, like Gecko) Chrome/90.0.4430.85 Safari/537.36"
20.6.131.235 - - [20/Mar/2026:22:24:45 +0330] "GET /wp-includes/ HTTP/1.1" 200 7521 "binance.com" "Mozilla/5.0 (Windows NT 10.0; Win64; x64) AppleWebKit/537.36 (KHTML, like Gecko) Chrome/90.0.4430.85 Safari/537.36"
20.6.131.235 - - [20/Mar/2026:22:24:50 +0330] "GET /wp-includes/ HTTP/1.1" 200 7521 "binance.com" "Mozilla/5.0 (Windows NT 10.0; Win64; x64) AppleWebKit/537.36 (KHTML, like Gecko) Chrome/90.0.4430.85 Safari/537.36"
20.6.131.235 - - [20/Mar/2026:22:25:18 +0330] "GET /wp-includes/abilities.php HTTP/1.1" 200 20 "binance.com" "Mozilla/5.0 (Windows NT 10.0; Win64; x64) AppleWebKit/537.36 (KHTML, like Gecko) Chrome/90.0.4430.85 Safari/537.36"
20.6.131.235 - - [20/Mar/2026:22:25:33 +0330] "GET /wp-includes/block-editor.php HTTP/1.1" 200 20 "binance.com" "Mozilla/5.0 (Windows NT 10.0; Win64; x64) AppleWebKit/537.36 (KHTML, like Gecko) Chrome/90.0.4430.85 Safari/537.36"
216.244.66.239 - - [20/Mar/2026:22:17:34 +0330] "GET /product/huawei8gig/ HTTP/1.1" 404 796 "-" "Mozilla/5.0 (compatible; DotBot/1.2; +https://opensiteexplorer.org/dotbot; help@moz.com)"
216.244.66.239 - - [20/Mar/2026:22:19:08 +0330] "GET /shop/?orderby=price&filter_%D8%A8%D8%B1%D9%86%D8%AF=%D8%B4%DB%8C%D8%A7%D8%A6%D9%88%D9%85%DB%8C HTTP/1.1" 404 796 "-" "Mozilla/5.0 (compatible; DotBot/1.2; +https://opensiteexplorer.org/dotbot; help@moz.com)"
20.6.131.235 - - [20/Mar/2026:22:20:17 +0330] "GET /wp-admin/css/ HTTP/1.1" 200 2967 "binance.com" "Mozilla/5.0 (Windows NT 10.0; Win64; x64) AppleWebKit/537.36 (KHTML, like Gecko) Chrome/90.0.4430.85 Safari/537.36"
20.6.131.235 - - [20/Mar/2026:22:20:24 +0330] "GET /wp-content/uploads/2026/03/ HTTP/1.1" 200 9858 "binance.com" "Mozilla/5.0 (Windows NT 10.0; Win64; x64) AppleWebKit/537.36 (KHTML, like Gecko) Chrome/90.0.4430.85 Safari/537.36"
20.6.131.235 - - [20/Mar/2026:22:20:41 +0330] "GET /wp-content/uploads/2026/02/ HTTP/1.1" 404 796 "binance.com" "Mozilla/5.0 (Windows NT 10.0; Win64; x64) AppleWebKit/537.36 (KHTML, like Gecko) Chrome/90.0.4430.85 Safari/537.36"
216.244.66.239 - - [20/Mar/2026:22:20:50 +0330] "GET /cgi-sys/suspendedpage.cgi?filter_brand=%D9%87%D8%B3%D8%AA%D9%87-%D8%B7%D8%B1%D8%A7%D8%AD%DB%8C&filter_color=matte-black HTTP/1.1" 200 7616 "-" "Mozilla/5.0 (compatible; DotBot/1.2; +https://opensiteexplorer.org/dotbot; help@moz.com)"
216.244.66.239 - - [20/Mar/2026:22:21:41 +0330] "GET /shop/?orderby=popularity&filter_color=black,navyblue HTTP/1.1" 404 796 "-" "Mozilla/5.0 (compatible; DotBot/1.2; +https://opensiteexplorer.org/dotbot; help@moz.com)"
20.6.131.235 - - [20/Mar/2026:22:21:56 +0330] "GET /wp-admin/includes/ HTTP/1.1" 200 3722 "binance.com" "Mozilla/5.0 (Windows NT 10.0; Win64; x64) AppleWebKit/537.36 (KHTML, like Gecko) Chrome/90.0.4430.85 Safari/537.36"
20.6.131.235 - - [20/Mar/2026:22:22:19 +0330] "GET /wp-admin/maint/ HTTP/1.1" 200 748 "binance.com" "Mozilla/5.0 (Windows NT 10.0; Win64; x64) AppleWebKit/537.36 (KHTML, like Gecko) Chrome/90.0.4430.85 Safari/537.36"
5.144.129.99 - - [20/Mar/2026:22:22:42 +0330] "POST /wp-cron.php?doing_wp_cron=1774032761.7337501049041748046875 HTTP/1.1" 200 20 "-" "WordPress/6.9.4; http://takarzan.ir"
20.6.131.235 - - [20/Mar/2026:22:23:00 +0330] "GET /wp-admin/user/ HTTP/1.1" 302 20 "binance.com" "Mozilla/5.0 (Windows NT 10.0; Win64; x64) AppleWebKit/537.36 (KHTML, like Gecko) Chrome/90.0.4430.85 Safari/537.36"
20.6.131.235 - - [20/Mar/2026:22:23:01 +0330] "GET /wp-login.php?redirect_to=http%3A%2F%2Ftakarzan.ir%2Fwp-admin%2Fuser%2F&reauth=1 HTTP/1.1" 200 3368 "binance.com" "Mozilla/5.0 (Windows NT 10.0; Win64; x64) AppleWebKit/537.36 (KHTML, like Gecko) Chrome/90.0.4430.85 Safari/537.36"
20.6.131.235 - - [20/Mar/2026:22:23:52 +0330] "GET /wp-admin/css/colors/modern/ HTTP/1.1" 200 860 "binance.com" "Mozilla/5.0 (Windows NT 10.0; Win64; x64) AppleWebKit/537.36 (KHTML, like Gecko) Chrome/90.0.4430.85 Safari/537.36"
20.6.131.235 - - [20/Mar/2026:22:25:41 +0330] "GET /wp-includes/block-template-utils.php HTTP/1.1" 200 20 "binance.com" "Mozilla/5.0 (Windows NT 10.0; Win64; x64) AppleWebKit/537.36 (KHTML, like Gecko) Chrome/90.0.4430.85 Safari/537.36"
20.6.131.235 - - [20/Mar/2026:22:25:56 +0330] "GET /wp-includes/class-avif-info.php HTTP/1.1" 200 20 "binance.com" "Mozilla/5.0 (Windows NT 10.0; Win64; x64) AppleWebKit/537.36 (KHTML, like Gecko) Chrome/90.0.4430.85 Safari/537.36"
20.6.131.235 - - [20/Mar/2026:22:26:24 +0330] "GET /wp-includes/class-wp-block-bindings-registry.php HTTP/1.1" 200 20 "binance.com" "Mozilla/5.0 (Windows NT 10.0; Win64; x64) AppleWebKit/537.36 (KHTML, like Gecko) Chrome/90.0.4430.85 Safari/537.36"
20.6.131.235 - - [20/Mar/2026:22:27:14 +0330] "GET /wp-includes/class-wp-block-parser-block.php HTTP/1.1" 200 20 "binance.com" "Mozilla/5.0 (Windows NT 10.0; Win64; x64) AppleWebKit/537.36 (KHTML, like Gecko) Chrome/90.0.4430.85 Safari/537.36"
20.6.131.235 - - [20/Mar/2026:22:20:50 +0330] "GET /wp-content/uploads/ HTTP/1.1" 200 1520 "binance.com" "Mozilla/5.0 (Windows NT 10.0; Win64; x64) AppleWebKit/537.36 (KHTML, like Gecko) Chrome/90.0.4430.85 Safari/537.36"
20.6.131.235 - - [20/Mar/2026:22:20:55 +0330] "GET /wp-content/upgrade/ HTTP/1.1" 200 660 "binance.com" "Mozilla/5.0 (Windows NT 10.0; Win64; x64) AppleWebKit/537.36 (KHTML, like Gecko) Chrome/90.0.4430.85 Safari/537.36"
20.6.131.235 - - [20/Mar/2026:22:21:35 +0330] "GET /wp-content/languages/admin-network-fa_IR.l10n.php HTTP/1.1" 200 20 "binance.com" "Mozilla/5.0 (Windows NT 10.0; Win64; x64) AppleWebKit/537.36 (KHTML, like Gecko) Chrome/90.0.4430.85 Safari/537.36"
20.6.131.235 - - [20/Mar/2026:22:21:52 +0330] "GET /wp-content/languages/fa_IR.l10n.php HTTP/1.1" 200 20 "binance.com" "Mozilla/5.0 (Windows NT 10.0; Win64; x64) AppleWebKit/537.36 (KHTML, like Gecko) Chrome/90.0.4430.85 Safari/537.36"
20.6.131.235 - - [20/Mar/2026:22:22:02 +0330] "GET /wp-admin/includes/ HTTP/1.1" 200 3722 "binance.com" "Mozilla/5.0 (Windows NT 10.0; Win64; x64) AppleWebKit/537.36 (KHTML, like Gecko) Chrome/90.0.4430.85 Safari/537.36"
20.6.131.235 - - [20/Mar/2026:22:23:44 +0330] "GET /wp-admin/css/colors/midnight/ HTTP/1.1" 200 860 "binance.com" "Mozilla/5.0 (Windows NT 10.0; Win64; x64) AppleWebKit/537.36 (KHTML, like Gecko) Chrome/90.0.4430.85 Safari/537.36"
216.244.66.239 - - [20/Mar/2026:22:23:56 +0330] "GET /?orderby=price-desc&filter_color=blue&oinstock=true HTTP/1.1" 200 0 "-" "Mozilla/5.0 (compatible; DotBot/1.2; +https://opensiteexplorer.org/dotbot; help@moz.com)"
20.6.131.235 - - [20/Mar/2026:22:24:18 +0330] "GET /wp-admin/css/colors/sunrise/%20 HTTP/1.1" 404 796 "binance.com" "Mozilla/5.0 (Windows NT 10.0; Win64; x64) AppleWebKit/537.36 (KHTML, like Gecko) Chrome/90.0.4430.85 Safari/537.36"
